(194,'Slinex SL‑07N Cloud',1000,'<p>\n	<strong>First impression</strong><br />\n	Slinex SL-07N Cloud body is made of the flawlessly smooth aluminum and glass offered in several color solutions. The most demanding users will find they are they looking for. The device has many positive aspects that make the user experience with it as pleasant and simple as possible.<br />\n	<br />\n	The model has a 7-inch IPS screen for clear picture of what is happening on the street or indoors. SL-07N Cloud is very convenient to use because it can be connected to the Internet via Wi-Fi or Ethernet and control the device through the application on your mobile phone, tablet, or a PC browser.</p>\n<p>\n	 </p>\n<p>\n	<strong>Forwarding a call to a smartphone</strong><br />\n	The SL-07N Cloud is equipped with standard Ethernet connection and Wi-Fi connectivity. You will be able to control the intercom without being at home, receive incoming calls and even open doors using your personal tablet or smartphone, where the Slinex Smart Call application is installed, provided you have an Internet connection.</p>\n<p>\n	 </p>\n<p>\n	Learn more about <a href=\"https://slinex.com/articles/slinex-smart-call-a-truly-smart-forwarding-app.html\" target=\"_blank\">Slinex Smart Call – a truly smart forwarding app</a>.</p>\n<p>\n	<br />\n	<strong>The main features of the model</strong><br />\n	With the SL-07N Cloud video intercom you can control the intercom while you are not at home, receive incoming calls, and open doors using your personal tablet or smartphone.  All you need to do is to install the Slinex Smart Call application that requires an Internet connection. You can also set up sending PUSH notifications or e-mails after motion detection and/or incoming calls. <br />\n	<br />\n	The system allows connecting two outdoor panels or two analog video cameras simultaneously. Both panels are powered by the intercom, but cameras require a separate power supply. The SL-07N Cloud is configured to automatically record all incoming calls. Thus, you will always be aware of who came to facility while you were away. You can view any video at any time in the archive using a PC / mobile / tablet. You can also choose your MP3 ringtone for each call panel separately.<br />\n	<br />\n	<strong>Appearance and display</strong><br />\n	The video intercom The SL-07N Cloud, as a bright representative of the SL series, was developed with a peculiar attention to details and design. Its elegant body is made of polished aluminum and glass. No protruding buttons. All control elements are sensory. The blue backlight adds certain elegance to the intercom.<br />\n	<br />\n	The SL-07N Cloud is designed for a wall-mount type of installation, while the integrated power supply will make it easy to install the device without any additional manipulations.<br />\n	<br />\n	The color 7\" IPS display has the excellent color rendering and an intuitive menu.<br />\n	<br />\n	<strong>Device compatibility with additional components</strong><br />\n	The video intercom SL-07IPHD is fully compatible with almost any analogue outdoor panel supporting CVBS and AHD and cameras up to 2MP regardless of the manufacturer.</p>\n',1542,'png','pic_',1,'Slinex SL‑07N Cloud ➠ description, characteristics, overview',0.00,'RUR',NULL,NULL,'slinex-sl-07n-cloud-silver-white',1,193,0,5,'★ IP video intercom Slinex SL‑07N Cloud with IPS screen, receiving calls on mobile application  ⇒ ✔ Actual specifications ✔ User manual ✔ Connection scheme','','Stylish video intercom with call forwarding on your smartphone','<p>\n	Call redirection to the Slinex Smart Call App<br />\n	7\" IPS screen<br />\n	Works with AHD, TVI, CVI, and CVBS doorbells / cameras up to 2MP<br />\n	Motion detection software</p>\n',3,0),(195,'Slinex XR-40IPHD',1000,'<p>\n	<strong>First impression</strong><br />\n	Slinex XR-40IPHD converter’s main function is to transfer incoming calls from 4-wire outdoor panels to the Slinex Smart Call mobile application. This function allows to answer incoming calls from the outdoor panels, open locks and view the image from the cameras using your smartphone. This converter can be used in the 4-wire systems, where outdoor panels and monitors are already installed for more convenient communication with the visitors. Device also has memory slot for microSD card (up to 128GB) which gives a possibility to save visitor snapshots.<br />\n	<br />\n	<strong>Where to use</strong><br />\n	You can install the XR-40IPHD converter anywhere you have an analog video intercom. The module does not take much space, and you can easily hide it. The most frequent places for using the converter are private apartments in buildings where the owners could not install an IP intercom because of a common analog multi-apartment panel or do not want to change their usual internal monitor.<br />\n	<br />\n	<strong>The main features of the model</strong><br />\n	The main feature of the device is its uniqueness. The market does not offer similar devices that are capable of turning an analog intercom into IP in a few minutes.<br />\n	<br />\n	How does it work? Here is a brief overview: you connect the converter to the local network using a Wi-Fi connection. Next, you need to download the free Slinex Smart Call application to your smartphone or tablet. When you receive a call to the panel, you will get it on your mobile device. After accepting the call, the audio communication with the visitor begins, and you can open the door. You can connect several smartphones to the XR-40IPHD, and a call from the panel will come to all devices simultaneously, including the intercom itself. Anyone who takes the call first will talk to the visitor.<br />\n	<br />\n	If the outdoor panel is equipped with a camera, you will see the caller&#39;s image in real time on your smartphone&#39;s screen. The device allows saving individual pictures or an entire video recording to the phone.</p>\n<p>\n	<br />\n	Learn more about<strong> </strong><a href=\"https://slinex.com/articles/slinex-smart-call-a-truly-smart-forwarding-app.html\" target=\"_blank\"><strong>Slinex Smart Call</strong> – a truly smart forwarding app</a>.<br />\n	    <br />\n	<strong>Appearance</strong><br />\n	The dimensions of XR-40IPHD are very compact: 181×111×16 mm. The device is made of plastic in silver and white colors.</p>\n<p>\n	XR-40IPHD is compatible with any 4-wire device regardless of manufacturers.</p>\n',1315,'png','pic_',0,'Slinex XR-40IPHD ➠ IP converter for any any 4-wired intercom',0.00,'USD',NULL,NULL,'slinex-xr-40iphd',7,NULL,0,5,'★ IP converter Slinex XR-40IPHD helps receive calls from any 4-wired intercom to smartphone ⇒ ✔ User manual ✔ Actual specifications ✔ Connection scheme','','IP converter, which allow to receive incoming calls from 4-wire outdoor panels to the Slinex Smart Call mobile application','<p>\n	Video system – AHD, TVI, CVI (720p, 1080p), PAL/NTSC<br />\n	Memory card slot, up to 128GB<br />\n	Wi-Fi network interface</p>\n',1,1),(196,'Slinex MB-12CRHD',1000,'<p>\n	<strong>First acquaintance</strong></p>\n<p>\n	The Slinex MB outdoor panel is a modern and versatile device designed to provide efficient access control and convenient communication with visitors. Its sleek and elegant design is made of high-quality materials, ensuring durability and resistance to various weather conditions.</p>\n<p>\n	 </p>\n<p>\n	<strong>Where it can be used</strong></p>\n<p>\n	The Slinex MB outdoor panel can be used in various settings, including residential complexes, office buildings, and industrial facilities. It is suitable for both indoor and outdoor installation, and it can be easily mounted on walls or pillars.</p>\n<p>\n	 </p>\n<p>\n	<strong>Specifications of the model</strong></p>\n<p>\n	One of the notable features of this series is the built-in reader that supports EM-Marin contactless cards, enabling secure and monitored access to the premises. Its internal memory can hold up to 1000 cards. Additionally, the model boasts a mechanical IR filter that improves visibility in low light conditions and enhances image quality, making it easier to identify visitors both during the day and at night.</p>\n<p>\n	 </p>\n<p>\n	<strong>Appearance and camera</strong></p>\n<p>\n	The front panel of the Slinex MB outdoor panel is made of stainless steel, which adds a stylish and modern touch to its overall appearance. It has a rectangular shape with rounded corners, and the Full HD camera is located at the top of the panel. The camera comes equipped with infrared illumination and mechanical IR filter that ensure clear visibility even in low light conditions.</p>\n<p>\n	 </p>\n<p>\n	<strong>Interoperability with additional devices</strong></p>\n<p>\n	The Slinex MB outdoor panels are interoperable with any 4-wire intercoms, making it a versatile and convenient option for different settings.</p>\n',1317,'png','pic_',0,'Slinex MB-12CRHD ➠ outdoor call panel with metal alloy body for 12 subscribers',0.00,'RUR',NULL,NULL,'slinex-mb-12crhd',2,NULL,0,8,'★ Multi-apartment outdoor panel Slinex MB-12CRHD with an AHD camera, reader with access on cards ⇒ ✔ User manual ✔ Actual specifications ✔ Connection scheme','','Multi-apartment outdoor panel with EM-Marin reader','<p>\n	Resolution 2 Mp (AHD)</p>\n<p>\n	<span clear=\"\" font-size:=\"\" helvetica=\"\">EM-Marin reader</span></p>\n<p>\n	Wide viewing angle</p>\n<p>\n	Nameplate backlight</p>\n',103,1),(197,'Sonik 10',1000,'<p>\n	<strong>The style of your mood</strong><br />\n	Express your personality with the Slinex Sonik 10, featuring two bright and interchangeable front panels that can be easily replaced according to your mood. With several color options available, you can adapt your video intercom to any interior and create the desired ambiance.</p>\n<p>\n	 </p>\n<p>\n	<strong>Impressive sound</strong><br />\n	Experience exceptional sound quality with the Sonik 10 video intercom, which features two 2-watt speakers located in separate acoustic chambers. This design ensures that the sound is loud and full, while the acoustic chambers reduce noise and provide a more immersive listening experience.</p>\n<p>\n	 </p>\n<p>\n	<strong>MP3 ringtones</strong><br />\n	Customize your call signal by setting your favorite MP3 ringtone on the Sonik 10. The device&#39;s new speaker arrangement provides unparalleled sound quality, with the sound directed towards the listener for improved clarity. The Sonik 10 can even be used as a full-fledged MP3 player.</p>\n<p>\n	 </p>\n<div>\n	<p>\n		<strong>Large high-resolution IPS touch screen</strong><br />\n		The Sonik 10 boasts a 10-inch diagonal IPS screen that displays bright and rich images at any angle and in any lighting condition. With a viewing angle of up to 178° and no glare even in direct sunlight, this high-resolution screen transmits the entire RGB spectrum for a truly immersive experience.</p>\n</div>\n<div>\n	 </div>\n<div>\n	<p>\n		<strong>Maximum versatility</strong><br />\n		Compatible with AHD-H, TVI, CVI, and CVBS video standards, the Sonik 10 can connect to video cameras with proprietary protocols from other manufacturers. This makes it compatible with almost all analog cameras and outdoor panels. Additionally, the Sonik 10 supports up to 3 monitors with the intercom, providing maximum versatility.</p>\n</div>\n<p>\n	 </p>\n<p>\n	<strong>New interface – simple and convenient</strong><br />\n	The Sonik 10&#39;s interface is simple and easy to use, even for first-time users of video intercoms.</p>\n<p>\n	 </p>\n<p>\n	<strong>Features Of Sonik 10</strong><br />\n	Compared to the Sonik 7, the Sonik 10 offers additional features, such as:<br />\n	• Picture-in-picture<br />\n	• Separate relay on the monitor<br />\n	• Address intercom<br />\n	• Voice mail (answering machine)<br />\n	• Voice guidance for opening the door</p>\n<p>\n	 </p>\n<p>\n	<strong>Your safety is important</strong><br />\n	The Sonik 10 is equipped with a software motion detector and supports hardware sensors to set up a comprehensive surveillance system. With the Sonik 10, you can rest assured that your home is always safe, and you are always aware of what is happening outside your door.</p>\n',1692,'png','pic_',1,'Slinex Sonik 10 ➠ description, review, all characteristics',0.00,'USD',NULL,NULL,'slinex-sonik-10-white',1,148,0,26,'★ Video intercom Slinex Sonik 10 with two powerful speakers, replaceable color panels and big screen ⇒ ✔ Actual specifications ✔ User manual ✔ Connection scheme','','The first ever video intercom with two powerful speakers, replaceable color panels and big screen','<p>\n	IPS touch screen with high resolution <br />\n	\"Picture in Picture\"<br />\n	The option to independently change the color of the front panel<br />\n	Works with AHD, TVI, CVI, and CVBS doorbells / cameras up to 2MP</p>\n',0,0),(198,'Slinex SQ-04 + Slinex ML-16HR',1000,'<p>\n	<a href=\"https://slinex.com/product/slinex-sq-04-white\" target=\"_blank\">All specifications of SQ-04 are available here.</a></p>\n<p>\n	 </p>\n<p>\n	The Slinex SQ-04 video intercom is a cost-effective option for users in search of a fully-functional intercom system. Its ultra-thin body, available in black and white, and internal power supply unit, make it a practical solution for users.</p>\n<p>\n	 </p>\n<p>\n	This video intercom system is suitable for use in various locations, including offices and apartments, due to its compact size. Its classic color scheme allows for seamless integration into any interior design.</p>\n<p>\n	 </p>\n<p>\n	<a href=\"https://slinex.com/product/slinex-ml-16hr\" target=\"_blank\">All specifications of ML-16HR are available here.</a></p>\n<p>\n	 </p>\n<p>\n	Slinex ML-16HR is a compact single-user outdoor panel in a classic body. The panel has many advantages such as increased camera resolution of 800 TVL, a unique intelligent IR illumination, anti-vandal body, and color CMOS sensor. The panel can be called the golden mean, combining the balance of functionality, great exterior, and moderate price.</p>\n<p>\n	 </p>\n<p>\n	This panel is suitable for use inside any room or outside the building. You can install it as an additional protection in front of the apartment door in a multistoried building or mount it in front of the entrance to a private house. Due to its small size (41×122×23 mm), the panel can easily be placed in narrow apertures from 5 cm in width. The panel is designed for connection to 4-wire intercoms.</p>\n',1348,'png','pic_',0,'Slinex SQ-04 + Slinex ML-16HR KIT ➠ description, characteristics, overview',0.00,'USD',NULL,NULL,'kit-slinex-sq-04-ml-16hr',9,NULL,0,NULL,'★ Slinex SQ-04 + Slinex ML-16HR KIT  ⇒ ✔ Actual specifications ✔ User manual ✔ Connection scheme','','Functional set of the intercom system','<p>\n	4,3” color TFT display</p>\n<p>\n	Ultrathin video intercom case</p>\n<p>\n	Outdoor panel camera resolution 800 TVL</p>\n<p>\n	Anti-vandal metal housing</p>\n',100,1),(199,'Slinex SQ-04M + Slinex ML-16HD',1000,'<p>\n	<a href=\"https://slinex.com/product/slinex-sq-04m\" target=\"_blank\">All specifications of SQ-04M are available here.</a></p>\n<p>\n	 </p>\n<p>\n	The undeniable advantage of this intercom system is its built-in motion detection software, which guarantees the detection of any movement within the camera&#39;s coverage area and its storage on a microSD card. The <strong>SQ-04M</strong> features a 4.3-inch high-resolution screen, ensuring the reception of even higher quality images.</p>\n<p>\n	 </p>\n<p>\n	Despite its incredibly compact housing, the video intercom is equipped with a built-in power supply unit. Additionally, it can be connected to 2 calling panels and 2 additional video cameras.</p>\n<p>\n	 </p>\n<p>\n	<a href=\"https://slinex.com/product/slinex-ml-16hd\" target=\"_blank\">All specifications of ML-16HD are available here.</a></p>\n<p>\n	 </p>\n<p>\n	Introducing the latest version of the <strong>Slinex ML-16HD</strong> outdoor panel, where even affordability meets high-tech functionality. This new iteration boasts a 2MP camera and a proven anti-vandal metal housing, solidifying its position as a standout leader in its category.</p>\n<p>\n	<br />\n	<strong>Exterior Design and Camera of Slinex ML-16HD</strong><br />\n	The main advantage of the ML-16HD is its brilliant 2 megapixel camera. Enjoy FullHD resolution on your monitor, take high-quality pictures and videos of visitors. An 76˚ viewing angle allows you to get a wider picture and consider all the necessary details. The camera is equipped with an mechanical IR-cut filter. This makes it possible to clearly see visitors in all light conditions, even at night. The calling panel is compatible with any analog intercom, accepting AHD-1, AHD-2 and CVBS feeds.</p>\n<p>\n	 </p>\n<p>\n	The ML-16HD is made of a durable metal alloy so vandals won’t stand a chance trying to damage it. The compact size (41×122×23 mm) allows you to install the door station even in a narrow opening. An IP65 protection standard protects the system from dust, rain and snow. A complete rain cover provides additional reliability. The operating temperature of the panel is from -40 to +65 ˚С.</p>\n',1347,'png','pic_',0,'Slinex SQ-04M + Slinex ML-16HD KIT ➠ description, characteristics, overview',0.00,'USD',NULL,NULL,'kit-slinex-sq-04m-ml-16hd',9,NULL,0,NULL,'★ Slinex SQ-04M + Slinex ML-16HD KIT  ⇒ ✔ Actual specifications ✔ User manual ✔ Connection scheme','','An intercom kit with microSD cards support and an anti-vandal outdoor panel','<p>\n	4,3” color TFT display</p>\n<p>\n	MicroSD card support up to 32GB</p>\n<p>\n	Resolution 2 Mp (AHD) / 1 Mp (AHD) / 960 TVL (CVBS)</p>\n<p>\n	Anti-vandal metal housing</p>\n',100,1),(200,'Slinex SQ-04M + Slinex ML-16HR',1000,'<p>\n	<a href=\"https://slinex.com/product/slinex-sq-04m\" target=\"_blank\">All specifications of SQ-04M are available here.</a></p>\n<p>\n	 </p>\n<p>\n	The undeniable advantage of this intercom system is its built-in motion detection software, which guarantees the detection of any movement within the camera&#39;s coverage area and its storage on a microSD card. The <strong>SQ-04M</strong> features a 4.3-inch high-resolution screen, ensuring the reception of even higher quality images.</p>\n<p>\n	 </p>\n<p>\n	Despite its incredibly compact housing, the video intercom is equipped with a built-in power supply unit. Additionally, it can be connected to 2 calling panels and 2 additional video cameras.</p>\n<p>\n	 </p>\n<p>\n	<a href=\"https://slinex.com/product/slinex-ml-16hr\" target=\"_blank\">All specifications of ML-16HR are available here.</a></p>\n<p>\n	 </p>\n<p>\n	Slinex ML-16HR is a compact single-user outdoor panel in a classic body. The panel has many advantages such as increased camera resolution of 800 TVL, a unique intelligent IR illumination, anti-vandal body, and color CMOS sensor. The panel can be called the golden mean, combining the balance of functionality, great exterior, and moderate price.</p>\n<p>\n	 </p>\n<p>\n	This panel is suitable for use inside any room or outside the building. You can install it as an additional protection in front of the apartment door in a multistoried building or mount it in front of the entrance to a private house. Due to its small size (41×122×23 mm), the panel can easily be placed in narrow apertures from 5 cm in width. The panel is designed for connection to 4-wire intercoms.</p>\n',1349,'png','pic_',0,'Slinex SQ-04M + Slinex ML-16HR KIT ➠ description, characteristics, overview',0.00,'USD',NULL,NULL,'kit-slinex-sq-04m-ml-16hr',9,NULL,0,NULL,'★ Slinex SQ-04M + Slinex ML-16HR KIT  ⇒ ✔ Actual specifications ✔ User manual ✔ Connection scheme','','A set with an ultra-thin video intercom and an anti-vandal outdoor panel','<p>\n	4,3” color TFT display</p>\n<p>\n	MicroSD card support up to 32GB</p>\n<p>\n	Outdoor panel camera resolution 800 TVL</p>\n<p>\n	Anti-vandal metal housing</p>\n',100,1),(201,'Slinex SM-07 + Slinex ML-16HR',1000,'<p>\n	<a href=\"https://slinex.com/product/slinex-sm-07-white\" target=\"_blank\">All specifications of Slinex SM-07 are available here.</a></p>\n<p>\n	 </p>\n<p>\n	The Slinex SM-07 stands as a remarkably efficient and cost-effective video intercom, featuring a spacious display and an integrated power supply unit. Its sleek, slim design is offered in two timeless shades, ensuring seamless integration into any interior setting.</p>\n<p>\n	 </p>\n<p>\n	This video intercom is perfectly suited for a wide array of settings, ranging from apartments to office spaces, due to its conveniently compact dimensions. Its timeless color options allow it to effortlessly harmonize with any indoor environment.</p>\n<p>\n	 </p>\n<p>\n	<a href=\"https://slinex.com/product/slinex-ml-16hr\" target=\"_blank\">All specifications of ML-16HR are available here.</a></p>\n<p>\n	 </p>\n<p>\n	Slinex ML-16HR is a compact single-user outdoor panel in a classic body. The panel has many advantages such as increased camera resolution of 800 TVL, a unique intelligent IR illumination, anti-vandal body, and color CMOS sensor. The panel can be called the golden mean, combining the balance of functionality, great exterior, and moderate price.</p>\n<p>\n	 </p>\n<p>\n	This panel is suitable for use inside any room or outside the building. You can install it as an additional protection in front of the apartment door in a multistoried building or mount it in front of the entrance to a private house. Due to its small size (41×122×23 mm), the panel can easily be placed in narrow apertures from 5 cm in width. The panel is designed for connection to 4-wire intercoms.</p>\n',1350,'png','pic_',0,'Slinex SM-07 + Slinex ML-16HR KIT ➠ description, characteristics, overview',0.00,'USD',NULL,NULL,'kit-slinex-sm-07-ml-16hr',9,NULL,0,NULL,'★ Slinex SM-07 + Slinex ML-16HR KIT  ⇒ ✔ Actual specifications ✔ User manual ✔ Connection scheme','','A kit with a 7-inch ultra-slim video intercom and a durable anti-vandal outdoor panel','<p>\n	7” color TFT screen</p>\n<p>\n	Ultrathin case</p>\n<p>\n	Internal power supply unit</p>\n<p>\n	Outdoor panel camera resolution 800 TVL</p>\n<p>\n	Anti-vandal metal housing</p>\n',100,1),(202,'Slinex SM-07MHD + Slinex ML-16HD',1000,'<p>\n	<a href=\"https://slinex.com/product/slinex-sm-07mhd-white\" target=\"_blank\">All specifications of SM-07MHD are available here.</a></p>\n<p>\n	 </p>\n<p>\n	The Slinex SM-07MHD video intercom stands as a budget-friendly yet highly operational gadget featuring a spacious display and an external memory card slot, providing the capability to store photos and videos. Moreover, the device incorporates internal memory capable of holding up to 100 frames.</p>\n<p>\n	 </p>\n<p>\n	Given its compact dimensions, this video intercom is well-suited for implementation in various environments, including apartments and offices. Its timeless colors ensure a harmonious integration within any interior setting.</p>\n<p>\n	 </p>\n<p>\n	<a href=\"https://slinex.com/product/slinex-ml-16hd\" target=\"_blank\">All specifications of ML-16HD are available here.</a></p>\n<p>\n	 </p>\n<p>\n	Introducing the latest version of the <strong>Slinex ML-16HD</strong> outdoor panel, where even affordability meets high-tech functionality. This new iteration boasts a 2MP camera and a proven anti-vandal metal housing, solidifying its position as a standout leader in its category.</p>\n<p>\n	<br />\n	<strong>Exterior Design and Camera of Slinex ML-16HD</strong><br />\n	The main advantage of the ML-16HD is its brilliant 2 megapixel camera. Enjoy FullHD resolution on your monitor, take high-quality pictures and videos of visitors. An 76˚ viewing angle allows you to get a wider picture and consider all the necessary details. The camera is equipped with an mechanical IR-cut filter. This makes it possible to clearly see visitors in all light conditions, even at night. The calling panel is compatible with any analog intercom, accepting AHD-1, AHD-2 and CVBS feeds.</p>\n<p>\n	 </p>\n<p>\n	The ML-16HD is made of a durable metal alloy so vandals won’t stand a chance trying to damage it. The compact size (41×122×23 mm) allows you to install the door station even in a narrow opening. An IP65 protection standard protects the system from dust, rain and snow. A complete rain cover provides additional reliability. The operating temperature of the panel is from -40 to +65 ˚С.</p>\n',1351,'png','pic_',0,'Slinex SM-07MHD + Slinex ML-16HD ➠ description, characteristics, overview',0.00,'USD',NULL,NULL,'kit-slinex-sm-07mhd-ml-16hd',9,NULL,0,NULL,'★ Slinex SM-07MHD + Slinex ML-16HD  ⇒ ✔ Actual specifications ✔ User manual ✔ Connection scheme','','Functional kit of Full HD intercom system','<p>\n	4,3” color TFT display</p>\n<p>\n	AHD, CVBS, TVI, CVI support </p>\n<p>\n	MicroSD card support up to 128GB</p>\n<p>\n	Resolution 2 Mp (AHD) / 1 Mp (AHD) / 960 TVL (CVBS)</p>\n<p>\n	Anti-vandal metal housing</p>\n',100,1),(203,'Slinex SM-07MHD + Slinex ML-17HD',1000,'<p>\n	<a href=\"https://slinex.com/product/slinex-sm-07mhd-white\" target=\"_blank\">All specifications of SM-07MHD are available here.</a></p>\n<p>\n	 </p>\n<p>\n	The Slinex SM-07MHD video intercom stands as a budget-friendly yet highly operational gadget featuring a spacious display and an external memory card slot, providing the capability to store photos and videos. Moreover, the device incorporates internal memory capable of holding up to 100 frames.</p>\n<p>\n	 </p>\n<p>\n	Given its compact dimensions, this video intercom is well-suited for implementation in various environments, including apartments and offices. Its timeless colors ensure a harmonious integration within any interior setting.</p>\n<p>\n	 </p>\n<p>\n	<a href=\"https://slinex.com/product/slinex-ml-17hd\" target=\"_blank\">All specifications of ML-17HD are available here.</a></p>\n<p>\n	 </p>\n<p>\n	Introducing the ML-17HD, a fresh perspective on analog outdoor panels. With its vandal-proof housing, expansive full-size lens offering an impressive 130° viewing angle, compatibility with AHD/CVBS standards, and the ability to work with both electromechanical and electromagnetic locks, the ML-17HD is poised to captivate you!</p>\n<p>\n	 </p>\n<p>\n	This model is exceptionally versatile and user-friendly, making it a fitting choice for all types of structures and suitable for both indoor and outdoor installations. Serving as an individual outdoor panel, the ML-17HD can be effortlessly positioned at office entrances, in communal corridors, or even at apartment doors.</p>\n',1352,'png','pic_',0,'Slinex SM-07MHD + Slinex ML-17HD ➠ description, characteristics, overview',0.00,'USD',NULL,NULL,'kit-slinex-sq-07mhd-ml-17hd',9,NULL,0,NULL,'★ Slinex SM-07MHD + Slinex ML-17HD  ⇒ ✔ Actual specifications ✔ User manual ✔ Connection scheme','','A Full HD kit with ultra-wide viewing angle','<p>\n	7” color TFT display</p>\n<p>\n	AHD, CVBS, TVI, CVI support </p>\n<p>\n	MicroSD card support up to 128GB</p>\n<p>\n	Resolution 2 Mp (AHD) / 1 Mp (AHD) / 960 TVL (CVBS)</p>\n<p>\n	Ultra-wide camera viewing angle</p>\n<p>\n	Anti-vandal metal housing</p>\n',100,1),(204,'Slinex SM-07MHD + Slinex ML-20HD',1000,'<p>\n	<a href=\"https://slinex.com/product/slinex-sm-07mhd-white\" target=\"_blank\">All specifications of SM-07MHD are available here.</a></p>\n<p>\n	 </p>\n<p>\n	The Slinex SM-07MHD video intercom stands as a budget-friendly yet highly operational gadget featuring a spacious display and an external memory card slot, providing the capability to store photos and videos. Moreover, the device incorporates internal memory capable of holding up to 100 frames.</p>\n<p>\n	 </p>\n<p>\n	Given its compact dimensions, this video intercom is well-suited for implementation in various environments, including apartments and offices. Its timeless colors ensure a harmonious integration within any interior setting.</p>\n<p>\n	 </p>\n<p>\n	<a href=\"https://slinex.com/product/slinex-ml-20hd-silver-black\" target=\"_blank\">All specifications of ML-20HD are available here.</a></p>\n<p>\n	 </p>\n<p>\n	The Slinex ML-20HD presents an exceptional video camera equipped with a 2-megapixel sensor and an expansive 115° viewing angle, delivering both detailed and wide-ranging images. When combined with the elegant design of the ML-20 series, the panel transcends into a true masterpiece.</p>\n<p>\n	 </p>\n<p>\n	The Slinex ML-20HD outdoor panel doesn&#39;t just excel in functionality but exudes remarkable style as well. Encased in a metal alloy housing available in two color combinations, it features a polycarbonate overlay housing an LED backlit call button, adding a decorative flair to entrances of apartments, houses, or offices.</p>\n<p>\n	 </p>\n<p>\n	Distinguishing the ML-20HD panel are its continuous video signal capability, wide viewing angle, and high-resolution camera, setting it apart in uniqueness.</p>\n',1378,'png','pic_',0,'Slinex SM-07MHD + Slinex ML-20HD ➠ description, characteristics, overview',0.00,'USD',NULL,NULL,'kit-slinex-sm-07mhd-ml-20hd',9,NULL,0,NULL,'★ Slinex SM-07MHD + Slinex ML-20HD  ⇒ ✔ Actual specifications ✔ User manual ✔ Connection scheme','','A kit with an AHD outdoor panel with ultra-wide viewing angle and compact video intercom','<p>\n	7” color TFT display</p>\n<p>\n	AHD, CVBS, TVI, CVI support </p>\n<p>\n	MicroSD card support up to 128GB</p>\n<p>\n	Resolution 2 Mp (AHD) / 1 Mp (AHD) / 960 TVL (CVBS)</p>\n<p>\n	Mechanical IR-cut filter</p>\n',100,1),(205,'Slinex SQ-07MTHD + Slinex ML-20HD',1000,'<p>\n	<a href=\"https://slinex.com/product/slinex-sq-07mthd-white\" target=\"_blank\">All specifications of SQ-07MTHD are available here.</a></p>\n<p>\n	 </p>\n<p>\n	The cutting-edge SQ-07MTHD video intercom represents the mid-range category of monitors within the Slinex product lineup. What sets this model apart is its compatibility with three video signal formats - AHD, TVI, CVI. Paired with other modern intercom system components, this device ensures the necessary level of security and premises access control.</p>\n<p>\n	 </p>\n<p>\n	The \"Picture-in-Picture\" function of the SQ-07MTHD intercom supports connections for 2 calling panels and 2 additional cameras, streamlining video monitoring. As you view the calling panel feed, a compact window concurrently displays an extra camera, eliminating the need to switch channels.</p>\n<p>\n	 </p>\n<p>\n	The Slinex SQ-07MTHD significantly expands the capabilities of an intercom system by supporting connections for up to 2 call panels and 2 cameras. This proves particularly advantageous for office environments or when installing the device in a private residence.</p>\n<p>\n	 </p>\n<p>\n	<a href=\"https://slinex.com/product/slinex-ml-20hd-silver-black\" target=\"_blank\">All specifications of ML-20HD are available here.</a></p>\n<p>\n	 </p>\n<p>\n	The Slinex ML-20HD presents an exceptional video camera equipped with a 2-megapixel sensor and an expansive 115° viewing angle, delivering both detailed and wide-ranging images. When combined with the elegant design of the ML-20 series, the panel transcends into a true masterpiece.</p>\n<p>\n	 </p>\n<p>\n	The Slinex ML-20HD outdoor panel doesn&#39;t just excel in functionality but exudes remarkable style as well. Encased in a metal alloy housing available in two color combinations, it features a polycarbonate overlay housing an LED backlit call button, adding a decorative flair to entrances of apartments, houses, or offices.</p>\n<p>\n	 </p>\n<p>\n	Distinguishing the ML-20HD panel are its continuous video signal capability, wide viewing angle, and high-resolution camera, setting it apart in uniqueness.</p>\n',1388,'png','pic_',0,'Slinex SQ-07MTHD + Slinex ML-20HD ➠ description, characteristics, overview',0.00,'USD',NULL,NULL,'kit-slinex-sq-07mthd-ml-20hd',9,NULL,0,NULL,'★ Slinex SQ-07MTHD + Slinex ML-20HD  ⇒ ✔ Actual specifications ✔ User manual ✔ Connection scheme','','Designer video intercom kit','<p>\n	7” color TFT display</p>\n<p>\n	Front panel made of hardened glass</p>\n<p>\n	AHD, CVBS, TVI, CVI support </p>\n<p>\n	Memory cards support up to 128GB</p>\n<p>\n	Resolution 2 Mp (AHD) / 1 Mp (AHD) / 960 TVL (CVBS)</p>\n',100,1),(206,'Slinex ML-17HR',1000,'<p>\n	<strong>Acquaintance</strong></p>\n<p>\n	A housing that is resistant to atmospheric conditions and vandalism, a large lens with a wide viewing angle of 110°, compatibility with electromechanical locks, and support for electromagnetic locks.</p>\n<p>\n	 </p>\n<p>\n	<strong>Where it can be used</strong></p>\n<p>\n	The ML-17HR model is versatile and user-friendly, making it suitable for all building types, whether for indoor or outdoor installation. This individual outdoor panel can be placed at office entrances, in common corridors, at apartment doors, or at the entrances of private houses.</p>\n<p>\n	 </p>\n<p>\n	<strong>The panel features</strong></p>\n<p>\n	The Slinex ML-17HR supports electromagnetic locks in addition to the traditional electromechanical locks. This feature is particularly useful for office centers, shops, pharmacies, and various other institutions where electromagnetic locks are commonly used, allowing these locks to be controlled through the Slinex ML-17HR outdoor panel.</p>\n<p>\n	 </p>\n<p>\n	The relay power has been increased from 1A to 6A, enabling control of not just standard doors or gates but also large garage doors. The ML-17HR panel can be powered by an external power supply, allowing it to be connected to a DVR or a video intercom with recording capability.</p>\n<p>\n	 </p>\n<p>\n	Additionally, the panel features IR backlighting to ensure high-quality images at night, and button backlighting to illuminate the button area.</p>\n<p>\n	 </p>\n<br />\n<div>\n	<p>\n		<strong>Appearance and camera</strong></p>\n</div>\n<p>\n	The ML-17HR case has been meticulously designed to ensure protection against precipitation of any intensity, providing 100% tightness. The panel is resistant to direct water jets, gusts of wind, dust, and other particles. With an IP65 protection rating, it operates reliably in temperatures ranging from -40 to +65°C.</p>\n<p>\n	 </p>\n<p>\n	The panel features a built-in color camera utilizing a high-sensitivity CMOS module with a light sensitivity of 0.01Lux. With a resolution of 800TV lines and an impressive 110º viewing angle, the camera delivers high-quality images. Additionally, the mechanical IR filter ensures excellent image quality both day and night.</p>\n',1583,'png','pic_',0,'Slinex ML-17HR ➠ detailed review, description, all characteristics',0.00,'USD',NULL,NULL,'slinex-ml-17hr',2,NULL,0,12,'★ Outdoor panel Slinex ML-17HR ⇒ ✔ Actual specifications ✔ User manual ✔ Connection scheme','','Individual affordable outdoor panel in a modern anti-vandal case','<p>\n	Mechanical and magnetic type of locks support</p>\n<p>\n	Wide camera viewing angle</p>\n<p>\n	Mechanical IR-cut filter</p>\n<p>\n	Call button backlight</p>\n',0,1),(207,'Slinex SQ-04N Cloud',1000,'<p>\n	The Slinex SQ-04N Cloud is the first 4-inch video intercom from Slinex to pack a full range of advanced features. It boasts an IPS display for superior image quality, supports all major video standards from CVBS to Full HD, and most importantly, integrates with <a href=\"https://slinex.com/articles/slinex-smart-call-a-truly-smart-forwarding-app.html\" target=\"_blank\">the modern Slinex Smart Call platform</a>, allowing you to redirect calls directly to your smartphone. This compact intercom brings cutting-edge functionality to any space.</p>\n<p>\n	 </p>\n<p>\n	<strong>First Impression</strong><br />\n	For those seeking a cost-effective yet fully functional intercom system with modern features, the Slinex SQ-04N Cloud video intercom is an excellent choice. This ultra-thin device not only maintains the sleek design of SQ line but also introduces significant enhancements. Notably, it features incoming call redirection to the Slinex Smart Call mobile application, allowing you to receive intercom calls directly on your smartphone. With its internal power supply unit and ultra-slim body available in black or white, the SQ-04N Cloud is a practical and versatile solution for any user.</p>\n<p>\n	 </p>\n<p>\n	<strong>Where to Use</strong></p>\n<p>\n	The compact size of the Slinex SQ-04N Cloud makes it a perfect fit for various locations, from apartments to offices. Its sleek design and classic color options allow it to blend effortlessly into any interior, making it both functional and stylish. What truly sets this device apart is its ability to be controlled via the Slinex Smart Call mobile application. This feature not only adds convenience but also broadens the range of places where the intercom can be used – ideal for homes, offices, or even larger facilities where remote access and control are key.</p>\n<p>\n	 </p>\n<p>\n	<strong>Main Features of the Model</strong></p>\n<p>\n	One of the standout features of the Slinex SQ-04N Cloud is its advanced communication capabilities. The device supports call forwarding to the Slinex Smart Call mobile application, ensuring you never miss a visitor even when you&#39;re away from home.</p>\n<p>\n	 </p>\n<p>\n	The SQ-04N Cloud also boasts enhanced memory capabilities, supporting external microSD cards of up to 256GB for video recording, photos, MP3 melodies etc. The touch-sensitive buttons are marked with intuitive pictograms for easy navigation.</p>\n<p>\n	 </p>\n<p>\n	Moreover, the SQ-04N Cloud now features an IPS screen, a first for 4-inch intercom systems. The IPS display provides superior image quality with wider viewing angles and more accurate color reproduction compared to traditional TFT screens.</p>\n<p>\n	 </p>\n<p>\n	Rest assured that your home will always be secure with the SQ-04N Cloud video intercom system, which includes a software motion detector on one channel. This feature adds an extra layer of security by allowing users to monitor any movement or activity around their premises.</p>\n<p>\n	 </p>\n<p>\n	<strong>Appearance and Display</strong></p>\n<p>\n	The intercom system retains its sleek plastic body, available in black or white, with dimensions of 119×175×21 mm, requiring surface mounting. All necessary installation components are included in the package.</p>\n<p>\n	 </p>\n<p>\n	Equipped with a 4-inch IPS display, the Slinex SQ-04N Cloud offers high-quality images with improved resolution and color accuracy. The IPS technology ensures that images are sharp and vivid from any viewing angle, significantly outperforming traditional TFT displays.</p>\n<p>\n	 </p>\n<p>\n	<strong>Device Compatibility with Additional Components</strong></p>\n<p>\n	The SQ-04N Cloud supports Full HD video formats, including AHD, TVI, CVI (up to 1080p), as well as CVBS. This compatibility allows users to connect a wide range of analog outdoor panels and surveillance cameras, enhancing the flexibility and functionality of the intercom system.</p>\n<p>\n	 </p>\n<p>\n	<strong>Conclusion</strong></p>\n<p>\n	The Slinex SQ-04N Cloud video intercom system combines modern technology with user-friendly features, making it an excellent choice for efficient communication and security. With its minimalist design, enhanced display, advanced connectivity, and support for Full HD video formats, the SQ-04N Cloud is a multifunctional and budget-friendly option that seamlessly integrates into any interior design scheme.</p>\n',1598,'png','pic_',0,'Slinex SQ-04N Cloud ➠ description, characteristics, review',0.00,'USD',NULL,NULL,'slinex-sq-04n-cloud',1,NULL,0,6,'★ Video intercom Slinex SQ-04N Cloud with mobile app, Full HD support and IPS screen ⇒ ✔ User manual ✔ Actual specifications ✔ Connection scheme','','A stylish representation of the SQ series, this is the first 4-inch intercom with the Slinex Smart Call app','<p>\n	Call redirection to the Slinex Smart Call App<br />\n	4,3” color IPS display<br />\n	Support AHD, CVBS, TVI, CVI<br />\n	Motion detection software<br />\n	MicroSD card support up to 256GB</p>\n',17,1),(209,'Slinex SQ-04N Cloud',1000,'<p>\n	The Slinex SQ-04N Cloud is the first 4-inch video intercom from Slinex to pack a full range of advanced features. It boasts an IPS display for superior image quality, supports all major video standards from CVBS to Full HD, and most importantly, integrates with <a href=\"https://slinex.com/articles/slinex-smart-call-a-truly-smart-forwarding-app.html\" target=\"_blank\">the modern Slinex Smart Call platform</a>, allowing you to redirect calls directly to your smartphone. This compact intercom brings cutting-edge functionality to any space.</p>\n<p>\n	 </p>\n<p>\n	<strong>First Impression</strong><br />\n	For those seeking a cost-effective yet fully functional intercom system with modern features, the Slinex SQ-04N Cloud video intercom is an excellent choice. This ultra-thin device not only maintains the sleek design of SQ line but also introduces significant enhancements. Notably, it features incoming call redirection to the Slinex Smart Call mobile application, allowing you to receive intercom calls directly on your smartphone. With its internal power supply unit and ultra-slim body available in black or white, the SQ-04N Cloud is a practical and versatile solution for any user.</p>\n<p>\n	 </p>\n<p>\n	<strong>Where to Use</strong></p>\n<p>\n	The compact size of the Slinex SQ-04N Cloud makes it a perfect fit for various locations, from apartments to offices. Its sleek design and classic color options allow it to blend effortlessly into any interior, making it both functional and stylish. What truly sets this device apart is its ability to be controlled via the Slinex Smart Call mobile application. This feature not only adds convenience but also broadens the range of places where the intercom can be used – ideal for homes, offices, or even larger facilities where remote access and control are key.</p>\n<p>\n	 </p>\n<p>\n	<strong>Main Features of the Model</strong></p>\n<p>\n	One of the standout features of the Slinex SQ-04N Cloud is its advanced communication capabilities. The device supports call forwarding to the Slinex Smart Call mobile application, ensuring you never miss a visitor even when you&#39;re away from home.</p>\n<p>\n	 </p>\n<p>\n	The SQ-04N Cloud also boasts enhanced memory capabilities, supporting external microSD cards of up to 256GB for video recording, photos, MP3 melodies etc. The touch-sensitive buttons are marked with intuitive pictograms for easy navigation.</p>\n<p>\n	 </p>\n<p>\n	Moreover, the SQ-04N Cloud now features an IPS screen, a first for 4-inch intercom systems. The IPS display provides superior image quality with wider viewing angles and more accurate color reproduction compared to traditional TFT screens.</p>\n<p>\n	 </p>\n<p>\n	Rest assured that your home will always be secure with the SQ-04N Cloud video intercom system, which includes a software motion detector on one channel. This feature adds an extra layer of security by allowing users to monitor any movement or activity around their premises.</p>\n<p>\n	 </p>\n<p>\n	<strong>Appearance and Display</strong></p>\n<p>\n	The intercom system retains its sleek plastic body, available in black or white, with dimensions of 119×175×21 mm, requiring surface mounting. All necessary installation components are included in the package.</p>\n<p>\n	 </p>\n<p>\n	Equipped with a 4-inch IPS display, the Slinex SQ-04N Cloud offers high-quality images with improved resolution and color accuracy. The IPS technology ensures that images are sharp and vivid from any viewing angle, significantly outperforming traditional TFT displays.</p>\n<p>\n	 </p>\n<p>\n	<strong>Device Compatibility with Additional Components</strong></p>\n<p>\n	The SQ-04N Cloud supports Full HD video formats, including AHD, TVI, CVI (up to 1080p), as well as CVBS. This compatibility allows users to connect a wide range of analog outdoor panels and surveillance cameras, enhancing the flexibility and functionality of the intercom system.</p>\n<p>\n	 </p>\n<p>\n	<strong>Conclusion</strong></p>\n<p>\n	The Slinex SQ-04N Cloud video intercom system combines modern technology with user-friendly features, making it an excellent choice for efficient communication and security. With its minimalist design, enhanced display, advanced connectivity, and support for Full HD video formats, the SQ-04N Cloud is a multifunctional and budget-friendly option that seamlessly integrates into any interior design scheme.</p>\n',1599,'png','pic_',1,'Slinex SQ-04N Cloud Black ➠ description, characteristics, review',0.00,'USD',NULL,NULL,'slinex-sq-04n-cloud-black',1,207,0,7,'★ Video intercom Slinex SQ-04N Cloud with mobile app, Full HD support and IPS screen ⇒ ✔ User manual ✔ Actual specifications ✔ Connection scheme','','A stylish representation of the SQ series, this is the first 4-inch intercom with the Slinex Smart Call app','<p>\n	Call redirection to the Slinex Smart Call App<br />\n	4,3” color IPS display<br />\n	Support AHD, CVBS, TVI, CVI<br />\n	Motion detection software<br />\n	MicroSD card support up to 256GB</p>\n',18,1),(211,'Imani',1000,'<p>\n	<strong>Introducing the Slinex Imani Video Intercom</strong></p>\n<p>\n	Introducing the Slinex IP Direct series, featuring the Imani video intercom as its standout representative. This stylish and functional device elevates home security and communication, seamlessly integrating modern design with advanced features for today’s smart homes.</p>\n<p>\n	 </p>\n<p>\n	<strong>Display</strong></p>\n<p>\n	The Imani video intercom offers a 7-inch IPS LCD display with 1024x600 resolution and a stunning 16 million colors, ensuring clear visibility from any angle. This state-of-the-art screen, paired with a user-friendly touchscreen interface, makes navigating Imani’s features smooth and intuitive.</p>\n<p>\n	 </p>\n<p>\n	<strong>Enhanced Security and Surveillance</strong></p>\n<p>\n	Motion Detection: Programmed to record movements in front of the camera for reliable security.</p>\n<p>\n	IP Camera Integration: Connect IP cameras for comprehensive surveillance.</p>\n<p>\n	ONVIF Protocol: Supports ONVIF for broad compatibility with surveillance devices.</p>\n<p>\n	 </p>\n<p>\n	<strong>Personalization and Multimedia Support</strong></p>\n<p>\n	Custom MP3 Ringtones: Play MP3 files for personalized ringtones or alerts.</p>\n<p>\n	Photo Frame Feature: Display digital photos, adding a personal touch to the screen.</p>\n<p>\n	Custom Wallpapers: Set personalized wallpapers to make the interface uniquely yours.</p>\n<p>\n	 </p>\n<p>\n	<strong>Power and Connectivity Options</strong></p>\n<p>\n	Dual Powering: Choose between PoE for easy setup or a 12V DC connection.</p>\n<p>\n	Wi-Fi with Direct Connection: Is a possibility to connect the monitor to the wireless network via the menu, without switching it to Access Point mode</p>\n<p>\n	 </p>\n<p>\n	<strong>Dual Network Connection</strong></p>\n<p>\n	Allows us to use both Ethernet and Wi-Fi connections simultaneously. Slinex IP monitors have built-in network routing capabilities that allow you to bypass data from the Intercom LAN to the Internet via the client&#39;s Wi-Fi network</p>\n<p>\n	 </p>\n<p>\n	<strong>Smart Home Integration</strong></p>\n<p>\n	Home Defense Sub-system: Added security features keep your home protected.</p>\n<p>\n	 </p>\n<p>\n	<strong>User-Friendly Features</strong></p>\n<p>\n	20 Language Options: Pre-loaded language settings for ease of use.</p>\n<p>\n	OTA Firmware Updates: Receive over-the-air updates with auto-install options for convenience.</p>\n<p>\n	Card Management: Easily manage access cards directly from the monitor.</p>\n<p>\n	 </p>\n<p>\n	<strong>Privacy and Convenience</strong></p>\n<p>\n	Do Not Disturb and Silent Modes: Tailor these modes to your preference for quiet and peace.</p>\n<p>\n	Automatic Photo Backup: Capture and save photos taken during calls to never miss a moment.</p>\n<p>\n	 </p>\n<p>\n	<strong>Sleek Design and Flexible Installation</strong></p>\n<p>\n	Available in black or white, the Imani’s modern design blends seamlessly with any decor. It offers flexible mounting options, supporting both horizontal and vertical installations for a versatile and stylish look.</p>\n',1624,'png','pic_',0,'Imani, Slinex IP Direct Monitor ➠ description, review, all characteristics',0.00,'USD',NULL,NULL,'imani',10,NULL,0,6,'★ Imani, Slinex IP Direct Monitor ⇒ ✔ Actual specifications ✔ User manual ✔ Connection scheme','','IP direct indoor monitor','<p>\n	Compatible with the Slinex Smart Call App for easy remote access and control</p>\n<p>\n	Advanced motion detection software for instant alerts and enhanced security</p>\n<p>\n	Works with AHD, TVI, CVI, and CVBS doorbells and cameras up to 2MP</p>\n<p>\n	Dual power options: PoE and DC12V for flexible installation</p>\n<p>\n	Dual network connection: Use both Ethernet and Wi-Fi connections simultaneously</p>\n',100,1),(212,'Tabo',1000,'<p>\n	<strong>Introducing the Slinex Tabo Outdoor Station</strong></p>\n<p>\n	The Slinex Tabo outdoor station is a key component of the IP Direct series, designed to enhance security and access control for modern homes and businesses. With a resolution of 2MP (Full HD), it ensures crystal-clear video quality for reliable identification.</p>\n<p>\n	 </p>\n<p>\n	<strong>Secure Access Control</strong></p>\n<p>\n	Equipped with an optional MIFARE IC reader, the Tabo station can manage access for up to 1000 users, providing enhanced security through MIFARE cards. User management is easily handled from the connected monitor.</p>\n<p>\n	 </p>\n<p>\n	<strong>Versatile Lock Control</strong></p>\n<p>\n	The Tabo station supports both electromechanical and electromagnetic locks, giving you the flexibility to choose between mechanical or magnetic locking solutions, including options for NO, NC, and exit buttons.</p>\n<p>\n	 </p>\n<p>\n	<strong>Flexible Installation Options</strong></p>\n<p>\n	Choose between flush-mounting for a sleek, integrated look or wall-mounting for convenient access. The design accommodates various installation preferences to suit your space.</p>\n<p>\n	 </p>\n<p>\n	<strong>Backlit Nameplate</strong></p>\n<p>\n	Featuring a backlit nameplate, the Tabo allows you to clearly display apartment numbers, office names, or company names. This ensures visibility even in low-light conditions, making it easy for visitors to identify the correct location.</p>\n<p>\n	 </p>\n<p>\n	<strong>Dual Powering Options</strong></p>\n<p>\n	With dual powering capabilities (PoE + DC12V), the Tabo station offers flexible power sourcing. You can opt for Power over Ethernet for simplified wiring or use a standard 12V DC power supply, making installation efficient and adaptable to your needs.</p>\n',1755,'png','pic_',0,'Tabo, Slinex IP individual outdoor station ➠ description, review, all characteristics',0.00,'USD',NULL,NULL,'tabo',11,NULL,0,4,'★ Tabo, Slinex IP individual outdoor station ⇒ ✔ Actual specifications ✔ User manual ✔ Connection scheme','','Individual IP outdoor station','<p>\n	Resolution 2Mp (Full HD) / 1Mp (AHD) / 960TVL (CVBS)</p>\n<p>\n	MIFARE IC Reader for 1000 cards</p>\n<p>\n	Mechanical and magnetic type of locks support</p>\n<p>\n	Nameplate backlight</p>\n<p>\n	Dual power options: PoE and DC12V for flexible installation</p>\n',102,1),(213,'UMA',1000,'<p>\n	<strong>Introducing the Slinex UMA Outdoor Panel</strong></p>\n<p>\n	The Slinex UMA outdoor panel is a standout addition to the IP Direct series, designed to elevate security and accessibility for both residential and commercial properties. With a resolution of 2MP (Full HD), 1MP (AHD), and 960TVL (CVBS), it delivers exceptional video quality to ensure clear identification of visitors.</p>\n<p>\n	 </p>\n<p>\n	<strong>Ultra-Wide Camera Viewing Angle</strong></p>\n<p>\n	The UMA features an ultra-wide 150º camera viewing angle, providing expansive coverage and reducing blind spots for enhanced surveillance.</p>\n<p>\n	 </p>\n<p>\n	<strong>Versatile Lock Support</strong></p>\n<p>\n	Designed for flexibility, the UMA panel supports both mechanical and magnetic locks, capable of handling up to 2A current. This allows you to customize your access control system based on your specific security needs.</p>\n<p>\n	 </p>\n<p>\n	<strong>Superior Imaging with Mechanical IR Filter</strong></p>\n<p>\n	Equipped with a mechanical IR filter, the UMA ensures accurate color rendering in daylight, maintaining correct white balance. In low-light conditions, high-quality IR illumination enhances detail, providing clear visibility at all times.</p>\n<p>\n	 </p>\n<p>\n	<strong>Flexible Dual Power Options</strong></p>\n<p>\n	With dual powering capabilities (PoE + DC15V), the UMA panel offers versatile installation options. Choose Power over Ethernet for simplified wiring or use a standard 15V DC power supply, ensuring adaptability to your setup requirements.</p>\n',1629,'png','pic_',0,'UMA, Slinex IP individual outdoor station ➠ description, review, all characteristics',0.00,'USD',NULL,NULL,'uma',11,NULL,0,4,'★ UMA, Slinex IP individual outdoor station ⇒ ✔ Actual specifications ✔ User manual ✔ Connection scheme','','Individual IP outdoor station','<p>\n	Resolution 2Mp (Full HD) / 1Mp (AHD) / 960TVL (CVBS)</p>\n<p>\n	Ultra-wide camera viewing angle</p>\n<p>\n	Mechanical and magnetic type of locks support</p>\n<p>\n	Dual power options: PoE and DC15V for flexible installation</p>\n',103,1),(214,'Shan',1000,'<p>\n	<strong>Introducing the Slinex Shan Multi-Apartment IP Outdoor Station</strong></p>\n<p>\n	The Slinex Shan outdoor panel, part of the IP Direct series, is purpose-built for standard multi-apartment buildings, offering simplicity, security, and functionality. This panel combines essential access features with ease of installation, working over a standard computer network for streamlined setup.</p>\n<p>\n	 </p>\n<p>\n	<strong>High-Resolution 2MP Camera</strong></p>\n<p>\n	The Shan’s 2MP Full HD camera offers sharp visuals for clear, detailed video, enhancing surveillance and providing residents with greater peace of mind.</p>\n<p>\n	 </p>\n<p>\n	<strong>Enhanced Security with Tamper Detection</strong></p>\n<p>\n	Equipped with a tamper alert, the Shan panel promptly notifies of any tampering attempts, ensuring added security for residential buildings.</p>\n<p>\n	 </p>\n<p>\n	<strong>Convenient Exit Button Connector</strong></p>\n<p>\n	The panel supports an exit button connector, enabling easy manual door access for residents and guests.</p>\n<p>\n	 </p>\n<p>\n	<strong>Lift Controller Integration</strong></p>\n<p>\n	The Shan allows for lift control, letting residents call the elevator to their floor directly from their apartment monitor, making it an ideal solution for multi-floor buildings.</p>\n<p>\n	 </p>\n<p>\n	<strong>Flexible Access Control Options</strong></p>\n<p>\n	Residents can conveniently unlock the door using Mifare IC cards or a secure key code, giving them more flexibility in access methods.</p>\n<p>\n	 </p>\n<p>\n	<strong>Dual Powering Options </strong></p>\n<p>\n	The Shan offers versatile power options. Use Power over Ethernet (PoE) for simplified wiring or a standard 15V DC supply, allowing for efficient and adaptable installation.</p>\n<p>\n	 </p>\n<p>\n	<strong>Easy Firmware Updates</strong></p>\n<p>\n	Stay up-to-date effortlessly with remote firmware updates using PC upgrade software.</p>\n<p>\n	 </p>\n<p>\n	<strong>Perfect for Standard Multi-Apartment Buildings</strong></p>\n<p>\n	Slinex IP Direct technology enables a simple setup with a standard computer network, no complex wiring needed. Residents can manage their devices from a single smartphone app, with dual network options allowing for both Ethernet and Wi-Fi connections for reliable performance.</p>\n',1635,'png','pic_',0,'Shan, Multi-apartment IP Outdoor Station ➠ description, review, all characteristics',0.00,'USD',NULL,NULL,'shan',12,NULL,0,4,'★ Shan, Multi-apartment IP Outdoor Station ⇒ ✔ Actual specifications ✔ User manual ✔ Connection scheme','','Multi-apartment IP outdoor station','<p>\n	Resolution 2Mp (Full HD) / 1Mp (AHD) / 960TVL (CVBS)</p>\n<p>\n	MIFARE IC Reader</p>\n<p>\n	Mechanical and magnetic type of locks support</p>\n<p>\n	LED button backlight in standby mode</p>\n<p>\n	Dual power options: PoE and DC12V for flexible installation</p>\n',104,1),(215,'Kiara',1000,'<p>\n	<strong>Introducing the Slinex Kiara Video Intercom</strong></p>\n<p>\n	The Slinex Kiara redefines home security with its blend of elegant design and advanced functionality, making it the perfect addition to modern smart homes. This sleek device offers a 7-inch color TFT touchscreen display with a 16:9 aspect ratio, delivering vibrant visuals and intuitive control at your fingertips.</p>\n<p>\n	 </p>\n<p>\n	One of Kiara’s standout features is its support for external memory cards up to 128GB, allowing ample storage for photos and video recordings. Its body, crafted from a durable combination of acrylic and plastic, not only ensures longevity but also adds a touch of sophistication to your interior. Compact in size, measuring just 217×121×25 mm, Kiara is designed to seamlessly integrate into any space without compromising on style or functionality.</p>\n<p>\n	 </p>\n<p>\n	For those who value convenience, Kiara includes two sensor buttons for quick and easy call answering and door unlocking. This practical feature is complemented by its energy-efficient performance, consuming only 10 watts in active mode.</p>\n<p>\n	 </p>\n<p>\n	Slinex Kiara isn’t just functional – it’s personal. You can customize the interface with your favorite wallpapers or use the screen to display cherished memories in photo frame mode. Connecting to your home network is now effortless: is a possibility to connect the monitor to the wireless network via the menu, without switching it to Access Point mode.</p>\n<p>\n	 </p>\n<p>\n	Available in classic black or white finishes, the Kiara’s design effortlessly adapts to any decor. Whether you’re looking for enhanced security or a stylish upgrade to your home communication system, the Slinex Kiara delivers on all fronts with modern features and timeless elegance.</p>\n<p>\n	 </p>\n<p>\n	<strong>Enhanced Security and Surveillance</strong></p>\n<p>\n	Motion Detection: Programmed to record movements in front of the camera for reliable security.</p>\n<p>\n	IP Camera Integration: Connect IP cameras for comprehensive surveillance.</p>\n<p>\n	ONVIF Protocol: Supports ONVIF for broad compatibility with surveillance devices.</p>\n<p>\n	 </p>\n<p>\n	<strong>Personalization and Multimedia Support</strong></p>\n<p>\n	Custom MP3 Ringtones: Play MP3 files for personalized ringtones or alerts.</p>\n<p>\n	Photo Frame Feature: Display digital photos, adding a personal touch to the screen.</p>\n<p>\n	Custom Wallpapers: Set personalized wallpapers to make the interface uniquely yours.</p>\n<p>\n	 </p>\n<p>\n	<strong>Power and Connectivity Options</strong></p>\n<p>\n	Dual Powering: Choose between PoE for easy setup or a 12V DC connection.</p>\n<p>\n	Wi-Fi with Direct Connection: Is a possibility to connect the monitor to the wireless network via the menu, without switching it to Access Point mode</p>\n<p>\n	 </p>\n<p>\n	<strong>Dual Network Connection</strong></p>\n<p>\n	Allows us to use both Ethernet and Wi-Fi connections simultaneously. Slinex IP monitors have built-in network routing capabilities that allow you to bypass data from the Intercom LAN to the Internet via the client&#39;s Wi-Fi network</p>\n<p>\n	 </p>\n<p>\n	<strong>Smart Home Integration</strong></p>\n<p>\n	Home Defense Sub-system: Added security features keep your home protected.</p>\n<p>\n	 </p>\n<p>\n	<strong>User-Friendly Features</strong></p>\n<p>\n	20 Language Options: Pre-loaded language settings for ease of use.</p>\n<p>\n	OTA Firmware Updates: Receive over-the-air updates with auto-install options for convenience.</p>\n<p>\n	Card Management: Easily manage access cards directly from the monitor.</p>\n<p>\n	 </p>\n<p>\n	<strong>Privacy and Convenience</strong></p>\n<p>\n	Do Not Disturb and Silent Modes: Tailor these modes to your preference for quiet and peace.</p>\n<p>\n	Automatic Photo Backup: Capture and save photos taken during calls to never miss a moment.</p>\n',1760,'png','pic_',0,'Kiara, Slinex IP Direct Monitor ➠ description, review, all characteristics',0.00,'USD',NULL,NULL,'kiara',10,NULL,0,6,'★ Kiara, Slinex IP Direct Monitor ⇒ ✔ Actual specifications ✔ User manual ✔ Connection scheme','','IP direct indoor monitor','<p>\n	Compatible with the Slinex Smart Call App for easy remote access and control</p>\n<p>\n	Advanced motion detection software for instant alerts and enhanced security</p>\n<p>\n	Works with AHD, TVI, CVI, and CVBS doorbells and cameras up to 2MP</p>\n<p>\n	Dual power options: PoE and DC15V for flexible installation</p>\n<p>\n	Dual network connection: Use both Ethernet and Wi-Fi connections simultaneously</p>\n',101,1),(216,'Kiara',1000,'<p>\n	<strong>Introducing the Slinex Kiara Video Intercom</strong></p>\n<p>\n	The Slinex Kiara redefines home security with its blend of elegant design and advanced functionality, making it the perfect addition to modern smart homes. This sleek device offers a 7-inch color TFT touchscreen display with a 16:9 aspect ratio, delivering vibrant visuals and intuitive control at your fingertips.</p>\n<p>\n	 </p>\n<p>\n	One of Kiara’s standout features is its support for external memory cards up to 128GB, allowing ample storage for photos and video recordings. Its body, crafted from a durable combination of acrylic and plastic, not only ensures longevity but also adds a touch of sophistication to your interior. Compact in size, measuring just 217×121×25 mm, Kiara is designed to seamlessly integrate into any space without compromising on style or functionality.</p>\n<p>\n	 </p>\n<p>\n	For those who value convenience, Kiara includes two sensor buttons for quick and easy call answering and door unlocking. This practical feature is complemented by its energy-efficient performance, consuming only 10 watts in active mode.</p>\n<p>\n	 </p>\n<p>\n	Slinex Kiara isn’t just functional – it’s personal. You can customize the interface with your favorite wallpapers or use the screen to display cherished memories in photo frame mode. Connecting to your home network is now effortless: is a possibility to connect the monitor to the wireless network via the menu, without switching it to Access Point mode.</p>\n<p>\n	 </p>\n<p>\n	Available in classic black or white finishes, the Kiara’s design effortlessly adapts to any decor. Whether you’re looking for enhanced security or a stylish upgrade to your home communication system, the Slinex Kiara delivers on all fronts with modern features and timeless elegance.</p>\n<p>\n	 </p>\n<p>\n	<strong>Enhanced Security and Surveillance</strong></p>\n<p>\n	Motion Detection: Programmed to record movements in front of the camera for reliable security.</p>\n<p>\n	IP Camera Integration: Connect IP cameras for comprehensive surveillance.</p>\n<p>\n	ONVIF Protocol: Supports ONVIF for broad compatibility with surveillance devices.</p>\n<p>\n	 </p>\n<p>\n	<strong>Personalization and Multimedia Support</strong></p>\n<p>\n	Custom MP3 Ringtones: Play MP3 files for personalized ringtones or alerts.</p>\n<p>\n	Photo Frame Feature: Display digital photos, adding a personal touch to the screen.</p>\n<p>\n	Custom Wallpapers: Set personalized wallpapers to make the interface uniquely yours.</p>\n<p>\n	 </p>\n<p>\n	<strong>Power and Connectivity Options</strong></p>\n<p>\n	Dual Powering: Choose between PoE for easy setup or a 12V DC connection.</p>\n<p>\n	Wi-Fi with Direct Connection: Is a possibility to connect the monitor to the wireless network via the menu, without switching it to Access Point mode</p>\n<p>\n	 </p>\n<p>\n	<strong>Dual Network Connection</strong></p>\n<p>\n	Allows us to use both Ethernet and Wi-Fi connections simultaneously. Slinex IP monitors have built-in network routing capabilities that allow you to bypass data from the Intercom LAN to the Internet via the client&#39;s Wi-Fi network</p>\n<p>\n	 </p>\n<p>\n	<strong>Smart Home Integration</strong></p>\n<p>\n	Home Defense Sub-system: Added security features keep your home protected.</p>\n<p>\n	 </p>\n<p>\n	<strong>User-Friendly Features</strong></p>\n<p>\n	20 Language Options: Pre-loaded language settings for ease of use.</p>\n<p>\n	OTA Firmware Updates: Receive over-the-air updates with auto-install options for convenience.</p>\n<p>\n	Card Management: Easily manage access cards directly from the monitor.</p>\n<p>\n	 </p>\n<p>\n	<strong>Privacy and Convenience</strong></p>\n<p>\n	Do Not Disturb and Silent Modes: Tailor these modes to your preference for quiet and peace.</p>\n<p>\n	Automatic Photo Backup: Capture and save photos taken during calls to never miss a moment.</p>\n',1761,'png','pic_',1,'Kiara, Slinex IP Direct Monitor ➠ description, review, all characteristics',0.00,'USD',NULL,NULL,'kiara-black',10,215,0,7,'★ Kiara, Slinex IP Direct Monitor ⇒ ✔ Actual specifications ✔ User manual ✔ Connection scheme','','IP direct indoor monitor','<p>\n	Compatible with the Slinex Smart Call App for easy remote access and control</p>\n<p>\n	Advanced motion detection software for instant alerts and enhanced security</p>\n<p>\n	Works with AHD, TVI, CVI, and CVBS doorbells and cameras up to 2MP</p>\n<p>\n	Dual power options: PoE and DC15V for flexible installation</p>\n<p>\n	Dual network connection: Use both Ethernet and Wi-Fi connections simultaneously</p>\n',101,1);

--
-- Table structure for table `products_store_categories`
--

CREATE TABLE `products_store_categories` (
  `store_category_id` int(10) unsigned NOT NULL,
  `product_id` int(10) unsigned NOT NULL,
  PRIMARY KEY (`store_category_id`,`product_id`),
  KEY `fk_store_categories_has_products_products1_idx` (`product_id`),
  KEY `fk_store_categories_has_products_store_categories1_idx` (`store_category_id`),
  CONSTRAINT `fk_store_categories_has_products_products1` FOREIGN KEY (`product_id`) REFERENCES `products` (`id`) ON DELETE CASCADE ON UPDATE CASCADE,
  CONSTRAINT `fk_store_categories_has_products_store_categories1` FOREIGN KEY (`store_category_id`) REFERENCES `store_categories` (`id`) ON DELETE CASCADE ON UPDATE CASCADE
) ENGINE=InnoDB DEFAULT CHARSET=utf8;

--
-- Dumping data for table `products_store_categories`
--

INSERT INTO `products_store_categories` VALUES (6,18),(3,19),(3,36),(6,38),(3,39),(3,51),(3,52),(3,56),(6,58),(4,59),(4,60),(5,63),(5,64),(6,65),(3,66),(3,67),(3,68),(6,69),(6,70),(4,71),(3,72),(4,73),(6,74),(3,75),(4,83),(6,90),(3,91),(4,95),(3,97),(3,98),(3,99),(4,102),(4,103),(5,105),(3,106),(3,107),(3,108),(3,109),(3,110),(4,111),(4,112),(4,113),(4,114),(3,115),(3,116),(6,117),(3,118),(3,119),(6,120),(6,121),(5,122),(4,123),(4,124),(4,125),(3,127),(3,128),(3,130),(4,131),(3,132),(4,133),(3,135),(6,137),(4,138),(4,139),(4,140),(3,143),(4,145),(4,146),(4,147),(3,148),(3,149),(6,150),(6,151),(6,152),(6,154),(6,155),(6,156),(6,157),(3,158),(3,159),(3,160),(3,161),(4,162),(4,163),(4,164),(4,165),(3,166),(3,167),(3,168),(3,169),(3,170),(3,171),(3,172),(4,174),(4,175),(3,176),(3,177),(4,178),(4,179),(4,180),(4,181),(4,182),(3,183),(3,184),(3,185),(3,186),(3,188),(3,189),(3,190),(3,191),(3,192),(3,193),(3,194),(5,195),(4,196),(3,197),(7,198),(7,199),(7,200),(7,201),(7,202),(7,203),(7,204),(7,205),(4,206),(3,207),(3,209),(8,211),(8,212),(8,213),(8,214),(8,215),(8,216);

--
-- Table structure for table `publication_translations`
--

CREATE TABLE `publication_translations` (
  `id` int(10) unsigned NOT NULL AUTO_INCREMENT,
  `publication_id` int(10) unsigned NOT NULL,
  `country_key` varchar(10) NOT NULL,
  `language_key` varchar(10) NOT NULL,
  `title` varchar(1024) CHARACTER SET utf8 COLLATE utf8_unicode_ci DEFAULT NULL,
  `text` text CHARACTER SET utf8 COLLATE utf8_unicode_ci,
  `meta_description` varchar(300) CHARACTER SET utf8 COLLATE utf8_unicode_ci DEFAULT NULL,
  `meta_keywords` varchar(300) CHARACTER SET utf8 COLLATE utf8_unicode_ci DEFAULT NULL,
  `meta_title` varchar(255) DEFAULT NULL,
  PRIMARY KEY (`id`),
  UNIQUE KEY `publication_id` (`publication_id`,`country_key`,`language_key`),
  KEY `country_key` (`country_key`),
  KEY `language_key` (`language_key`),
  CONSTRAINT `publication_translations_ibfk_1` FOREIGN KEY (`publication_id`) REFERENCES `publications` (`id`) ON DELETE CASCADE ON UPDATE NO ACTION,
  CONSTRAINT `publication_translations_ibfk_2` FOREIGN KEY (`country_key`) REFERENCES `countries` (`key`) ON DELETE CASCADE ON UPDATE CASCADE,
  CONSTRAINT `publication_translations_ibfk_3` FOREIGN KEY (`language_key`) REFERENCES `languages` (`key`) ON DELETE CASCADE ON UPDATE CASCADE
) ENGINE=InnoDB AUTO_INCREMENT=9 DEFAULT CHARSET=utf8;

--
-- Dumping data for table `publication_translations`
--

INSERT INTO `publication_translations` VALUES (1,11,'ukr','ru','Support','<p>\n	Address: #604, Tower A, New Trade Plaza,<br />\n	6 On Ping Street, Shatin, N.T., Hong Kong.<br />\n	Tel: 8171-2774</p>\n<p>\n	 </p>\n<p>\n	Sales manager: <a href=\"mailto:sales@slinex.com\">sales@slinex.com</a><br />\n	Techical support: <a href=\"mailto:support@slinex.com\">support@slinex.com</a><br />\n	Customer service: <a href=\"mailto:info@slinex.com\">info@slinex.com</a></p>\n<div style=\"position: absolute; top: 71.1167px; width: 1px; height: 1px; overflow: hidden; left: -1000px;\">\n	 </div>\n<div style=\"position: absolute; top: 71.1167px; width: 1px; height: 1px; overflow: hidden; left: -1000px;\">\n	 </div>','Support Slinex','','Support Slinex'),(2,11,'rus','ru','Support','<p>\n	Address: #604, Tower A, New Trade Plaza,<br />\n	6 On Ping Street, Shatin, N.T., Hong Kong.<br />\n	Tel: 8171-2774</p>\n<p>\n	 </p>\n<p>\n	Sales manager: <a href=\"mailto:sales@slinex.com\">sales@slinex.com</a><br />\n	Techical support: <a href=\"mailto:support@slinex.com\">support@slinex.com</a><br />\n	Customer service: <a href=\"mailto:info@slinex.com\">info@slinex.com</a></p>\n<div style=\"position: absolute; top: 71.1167px; width: 1px; height: 1px; overflow: hidden; left: -1000px;\">\n	 </div>\n<div style=\"position: absolute; top: 71.1167px; width: 1px; height: 1px; overflow: hidden; left: -1000px;\">\n	 </div>','Support Slinex','','Support Slinex'),(3,12,'ukr','ru','','','Slinex Technology founded in 2005 in Hong Kong, developers and designers of electronic devices and experts in the field of digital interphone systems.','','Slinex Technology'),(4,12,'rus','ru','','','Slinex Technology founded in 2005 in Hong Kong, developers and designers of electronic devices and experts in the field of digital interphone systems.','','Slinex Technology'),(5,13,'ukr','ru','dfg fy jg jt','<p>\n	Intercom - electronic intercom device for the safety of living and working spaces. Intercom allows a person, located inside a building, without direct contact with a person who wishes to get into the room, to block or allow him the access to get inside.</p>','','',''),(6,13,'rus','ru','dfg fy jg jt','<p>\n	Intercom - electronic intercom device for the safety of living and working spaces. Intercom allows a person, located inside a building, without direct contact with a person who wishes to get into the room, to block or allow him the access to get inside.</p>','','',''),(7,28,'ukr','ru','Firmware updates','<p>\n	Friends and colleagues, we are pleased to announce you that our Slinex app for Android is now available in Google Play Market. <a href=\"https://play.google.com/store/apps/details?id=com.gooclient.mobileeyedoor.slinex\"><strong>Download it for free</strong></a> by reference and receive calls with the panel on the smartphone, as well as manage your intercom remotely. </p>\n<div style=\"page-break-after: always;\">\n	<span style=\"display: none;\"> </span></div>\n<p>\n	<br />\n	We also want to inform you that for even more comfortable and convenient work with our devices, we have updated the firmware for individual outdoor panel ML-20IP and internal monitor SL-07IP. In the new firmware version was added SSL/TSL support when working with SMTP servers. Now the panel and the monitor can send mail through Gmail, Yandex, Mail.ru and Ukr.net.</p>\n<p>\n	<br />\n	For a quick firmware updating please contact us at e-mail <a href=\"mailto:support@slinex.com\">support@slinex.com</a></p>','We also want to inform you that for even more comfortable and convenient work with our devices, we have updated the firmware for individual outdoor panel ML-20IP and internal monitor SL-07IP','','Firmware updates'),(8,28,'rus','ru','Firmware updates','<p>\n	Friends and colleagues, we are pleased to announce you that our Slinex app for Android is now available in Google Play Market. <a href=\"https://play.google.com/store/apps/details?id=com.gooclient.mobileeyedoor.slinex\"><strong>Download it for free</strong></a> by reference and receive calls with the panel on the smartphone, as well as manage your intercom remotely. </p>\n<div style=\"page-break-after: always;\">\n	<span style=\"display: none;\"> </span></div>\n<p>\n	<br />\n	We also want to inform you that for even more comfortable and convenient work with our devices, we have updated the firmware for individual outdoor panel ML-20IP and internal monitor SL-07IP. In the new firmware version was added SSL/TSL support when working with SMTP servers. Now the panel and the monitor can send mail through Gmail, Yandex, Mail.ru and Ukr.net.</p>\n<p>\n	<br />\n	For a quick firmware updating please contact us at e-mail <a href=\"mailto:support@slinex.com\">support@slinex.com</a></p>','We also want to inform you that for even more comfortable and convenient work with our devices, we have updated the firmware for individual outdoor panel ML-20IP and internal monitor SL-07IP','','Firmware updates');

--
-- Table structure for table `publications`
--

CREATE TABLE `publications` (
  `id` int(10) unsigned NOT NULL AUTO_INCREMENT,
  `seoname` varchar(250) CHARACTER SET utf8 COLLATE utf8_unicode_ci NOT NULL,
  `category_id` int(10) unsigned NOT NULL,
  `category_seoname` varchar(250) CHARACTER SET utf8 COLLATE utf8_unicode_ci NOT NULL DEFAULT '',
  `publication_date` int(11) DEFAULT NULL,
  `title` varchar(1024) CHARACTER SET utf8 COLLATE utf8_unicode_ci DEFAULT NULL,
  `text` text CHARACTER SET utf8 COLLATE utf8_unicode_ci,
  `meta_description` varchar(300) CHARACTER SET utf8 COLLATE utf8_unicode_ci DEFAULT NULL,
  `meta_keywords` varchar(300) CHARACTER SET utf8 COLLATE utf8_unicode_ci DEFAULT NULL,
  `meta_title` varchar(255) DEFAULT NULL,
  `publication_year` int(4) DEFAULT NULL,
  `publication_month` int(4) DEFAULT NULL,
  `popular` int(1) NOT NULL DEFAULT '0',
  PRIMARY KEY (`id`),
  UNIQUE KEY `seoname_UNIQUE` (`seoname`),
  KEY `fk_publications_categories1_idx` (`category_id`,`category_seoname`),
  KEY `index_publications_year` (`publication_year`),
  KEY `index_publications_month` (`publication_year`,`publication_month`),
  CONSTRAINT `fk_publications_1` FOREIGN KEY (`category_id`) REFERENCES `categories` (`id`) ON DELETE CASCADE ON UPDATE CASCADE
) ENGINE=InnoDB AUTO_INCREMENT=195 DEFAULT CHARSET=utf8;

--
-- Dumping data for table `publications`
--


DELIMITER ;;
/*!50003 CREATE*/ /*!50017 DEFINER=`slinex_com_user`@`localhost`*/ /*!50003 TRIGGER `slinex_com`.`publications_BEFORE_INSERT` BEFORE INSERT ON `publications` FOR EACH ROW
BEGIN
set New.publication_year = YEAR(FROM_UNIXTIME(new.publication_date));
    set New.publication_month = MONTH(FROM_UNIXTIME(new.publication_date));
END */;;
DELIMITER ;
DELIMITER ;;
/*!50003 CREATE*/ /*!50017 DEFINER=`slinex_com_user`@`localhost`*/ /*!50003 TRIGGER `slinex_com`.`publications_BEFORE_UPDATE` BEFORE UPDATE ON `publications` FOR EACH ROW
BEGIN
set New.publication_year = YEAR(FROM_UNIXTIME(new.publication_date));
    set New.publication_month = MONTH(FROM_UNIXTIME(new.publication_date));
END */;;
DELIMITER ;

--
-- Table structure for table `relative_products`
--

CREATE TABLE `relative_products` (
  `main_product_id` int(10) unsigned NOT NULL,
  `relative_product_id` int(10) unsigned NOT NULL,
  `sort_order` int(10) unsigned NOT NULL DEFAULT '999',
  PRIMARY KEY (`main_product_id`,`relative_product_id`),
  KEY `fk_products_has_products_products4_idx` (`relative_product_id`),
  KEY `fk_products_has_products_products3_idx` (`main_product_id`),
  CONSTRAINT `fk_products_has_products_products3` FOREIGN KEY (`main_product_id`) REFERENCES `products` (`id`) ON DELETE NO ACTION ON UPDATE NO ACTION,
  CONSTRAINT `fk_products_has_products_products4` FOREIGN KEY (`relative_product_id`) REFERENCES `products` (`id`) ON DELETE NO ACTION ON UPDATE NO ACTION
) ENGINE=InnoDB DEFAULT CHARSET=utf8;

--
-- Dumping data for table `relative_products`
--

INSERT INTO `relative_products` VALUES (18,38,2),(18,90,1),(18,106,3),(18,117,0),(19,65,3),(19,90,1),(19,106,2),(19,117,0),(38,18,1),(38,90,2),(38,106,3),(38,117,0),(39,18,1),(39,90,2),(39,106,3),(39,117,0),(51,18,1),(51,90,3),(51,115,0),(51,127,2),(52,65,3),(52,90,1),(52,115,0),(52,127,2),(56,65,3),(56,106,2),(56,115,0),(56,117,1),(58,69,0),(58,71,2),(58,74,3),(58,112,1),(59,69,2),(59,71,3),(59,74,0),(59,95,1),(60,69,2),(60,71,1),(60,74,0),(60,95,3),(65,18,1),(65,38,3),(65,90,2),(65,106,0),(66,18,0),(66,90,2),(66,106,1),(66,117,3),(70,95,0),(70,103,3),(70,112,1),(70,123,2),(71,95,3),(71,103,0),(71,112,1),(71,123,2),(73,95,2),(73,103,3),(73,112,0),(73,123,1),(74,69,0),(74,95,1),(74,112,2),(74,123,3),(90,18,1),(90,38,2),(90,106,3),(90,117,0),(91,18,0),(91,38,3),(91,106,2),(91,117,1),(95,59,0),(95,69,1),(95,103,3),(95,112,2),(97,18,2),(97,36,1),(97,90,3),(97,117,0),(103,69,2),(103,71,0),(103,95,3),(103,112,1),(106,18,3),(106,38,2),(106,65,0),(106,90,1),(107,18,1),(107,38,3),(107,65,2),(107,117,0),(112,59,0),(112,69,2),(112,71,3),(112,123,1),(113,59,2),(113,69,1),(113,71,3),(113,95,0),(114,59,0),(114,69,1),(114,71,3),(114,123,2),(115,18,3),(115,65,1),(115,90,0),(115,106,2),(116,18,3),(116,65,0),(116,90,2),(116,106,1),(117,18,0),(117,38,1),(117,90,2),(117,106,3),(118,18,0),(118,38,2),(118,65,3),(118,90,1),(119,18,0),(119,38,1),(119,90,3),(119,106,2),(120,69,3),(120,71,1),(120,95,2),(120,103,0),(121,95,2),(121,103,3),(121,112,0),(121,123,1),(123,69,0),(123,71,3),(123,95,1),(123,112,2),(124,59,1),(124,69,0),(124,103,3),(124,112,2),(125,59,3),(125,69,2),(125,71,1),(125,103,0),(127,18,0),(127,38,2),(127,65,3),(127,90,1),(128,38,3),(128,65,0),(128,90,2),(128,106,1),(130,18,1),(130,90,2),(130,106,3),(130,115,0),(207,115,1),(207,127,2),(207,191,0),(209,116,1),(209,127,2),(209,192,0);

--
-- Table structure for table `roles`
--

CREATE TABLE `roles` (
  `id` int(11) unsigned NOT NULL AUTO_INCREMENT,
  `name` varchar(32) COLLATE utf8_unicode_ci NOT NULL,
  `desc` varchar(255) COLLATE utf8_unicode_ci NOT NULL,
  PRIMARY KEY (`id`),
  UNIQUE KEY `uniq_name` (`name`)
) ENGINE=InnoDB AUTO_INCREMENT=7 DEFAULT CHARSET=utf8 COLLATE=utf8_unicode_ci;

--
-- Dumping data for table `roles`
--

INSERT INTO `roles` VALUES (1,'login','Allow login to website'),(2,'admin','admin user'),(3,'manager','Clients manager'),(4,'publications','Publications manager'),(5,'products','products manager'),(6,'admin_settings','Admin settings');

--
-- Table structure for table `roles_users`
--

CREATE TABLE `roles_users` (
  `user_id` int(11) NOT NULL,
  `role_id` int(11) unsigned NOT NULL,
  PRIMARY KEY (`user_id`,`role_id`),
  KEY `fk_users_has_roles_users1` (`user_id`),
  KEY `fk_users_has_roles_roles1` (`role_id`),
  CONSTRAINT `fk_users_has_roles_roles1` FOREIGN KEY (`role_id`) REFERENCES `roles` (`id`) ON DELETE CASCADE ON UPDATE NO ACTION,
  CONSTRAINT `fk_users_has_roles_users1` FOREIGN KEY (`user_id`) REFERENCES `users` (`id`) ON DELETE CASCADE ON UPDATE NO ACTION
) ENGINE=InnoDB DEFAULT CHARSET=utf8;

--
-- Dumping data for table `roles_users`
--

INSERT INTO `roles_users` VALUES (1,1),(1,2),(1,3),(1,4),(1,5),(1,6),(2,1),(2,2),(2,4),(2,5);

--
-- Table structure for table `settings`
--

CREATE TABLE `settings` (
  `id` int(11) NOT NULL AUTO_INCREMENT,
  `key` varchar(254) NOT NULL,
  `value` text,
  `modified_by` varchar(512) DEFAULT NULL,
  `created_at` datetime NOT NULL,
  `updated_at` datetime NOT NULL,
  PRIMARY KEY (`id`),
  UNIQUE KEY `key` (`key`)
) ENGINE=InnoDB AUTO_INCREMENT=14 DEFAULT CHARSET=utf8;

--
-- Dumping data for table `settings`
--

INSERT INTO `settings` VALUES (7,'config.site_domain','','','2017-06-02 00:00:00','2017-06-02 00:00:00'),(8,'config.display_errors','0','','2017-06-02 00:00:00','2017-06-02 00:00:00'),(9,'agencies.map_provider','google','','2017-06-02 00:00:00','2017-06-02 00:00:00'),(10,'agencies.default.map_center','50.44466665,30.52101535','','2017-06-02 00:00:00','2017-06-02 00:00:00'),(11,'agencies.default.map_zoom','2','','2017-06-02 00:00:00','2017-06-02 00:00:00'),(12,'locale.display_lang_switcher','0','','2017-11-19 23:11:56','2017-11-19 23:11:56'),(13,'locale.lang_switcher_languages','usa-en,ukr-en,rus-en,rus-ru',NULL,'2017-11-19 23:11:56','2017-11-19 23:11:56');

--
-- Table structure for table `similar_products`
--

CREATE TABLE `similar_products` (
  `main_product_id` int(10) unsigned NOT NULL,
  `additional_product_id` int(10) unsigned NOT NULL,
  PRIMARY KEY (`main_product_id`,`additional_product_id`),
  KEY `fk_products_has_products_products2_idx` (`additional_product_id`),
  KEY `fk_products_has_products_products1_idx` (`main_product_id`),
  CONSTRAINT `fk_products_has_products_products1` FOREIGN KEY (`main_product_id`) REFERENCES `products` (`id`) ON DELETE NO ACTION ON UPDATE NO ACTION,
  CONSTRAINT `fk_products_has_products_products2` FOREIGN KEY (`additional_product_id`) REFERENCES `products` (`id`) ON DELETE NO ACTION ON UPDATE NO ACTION
) ENGINE=InnoDB DEFAULT CHARSET=utf8;

--
-- Dumping data for table `similar_products`
--


--
-- Table structure for table `slide_translations`
--

CREATE TABLE `slide_translations` (
  `id` int(10) unsigned NOT NULL AUTO_INCREMENT,
  `slide_id` int(10) unsigned NOT NULL,
  `language_key` varchar(10) NOT NULL,
  `url_title` text CHARACTER SET utf8 COLLATE utf8_unicode_ci,
  `text1` text CHARACTER SET utf8 COLLATE utf8_unicode_ci,
  `text2` text CHARACTER SET utf8 COLLATE utf8_unicode_ci,
  `text3` text CHARACTER SET utf8 COLLATE utf8_unicode_ci,
  PRIMARY KEY (`id`),
  UNIQUE KEY `slide_id` (`slide_id`,`language_key`),
  KEY `language_key` (`language_key`),
  CONSTRAINT `slide_translations_ibfk_1` FOREIGN KEY (`slide_id`) REFERENCES `slides` (`id`) ON DELETE CASCADE ON UPDATE NO ACTION,
  CONSTRAINT `slide_translations_ibfk_2` FOREIGN KEY (`language_key`) REFERENCES `languages` (`key`) ON DELETE CASCADE ON UPDATE CASCADE
) ENGINE=InnoDB DEFAULT CHARSET=utf8;

--
-- Dumping data for table `slide_translations`
--


--
-- Table structure for table `slides`
--

CREATE TABLE `slides` (
  `id` int(10) unsigned NOT NULL AUTO_INCREMENT,
  `admin_title` varchar(255) DEFAULT NULL,
  `hidden` tinyint(1) DEFAULT '0',
  `url` varchar(255) DEFAULT NULL,
  `type` enum('text','video') DEFAULT NULL,
  `text1` text CHARACTER SET utf8 COLLATE utf8_unicode_ci,
  `text2` text CHARACTER SET utf8 COLLATE utf8_unicode_ci,
  `text3` text CHARACTER SET utf8 COLLATE utf8_unicode_ci,
  `url_title` text CHARACTER SET utf8 COLLATE utf8_unicode_ci,
  `position` int(10) unsigned DEFAULT '100',
  PRIMARY KEY (`id`)
) ENGINE=InnoDB AUTO_INCREMENT=22 DEFAULT CHARSET=utf8;

--
-- Dumping data for table `slides`
--

INSERT INTO `slides` VALUES (5,'Slinex ML-20IP',1,NULL,NULL,'/product/slinex-ml-20ip','ML-20IP','Outdoor panel which is able to work without the monitor','MORE',6),(8,'XR-30IP',1,NULL,NULL,'/product/slinex-xr-30ip','XR-30IP','Cast your image with outdoor panel via the internet and see where you would','MORE',7),(9,'Cloud Call',1,NULL,NULL,'/news/new-slinex-cloud-call-mobile-application.html','Slinex Cloud Call','New free call forwarding application for your mobile device!','More',8),(10,'AHD-H intercoms by Slinex',1,NULL,NULL,'/articles/slinex-ahd-intercoms.html','AHD-H intercoms by Slinex','Slinex proudly present its solution to the quality / price divide:  Analogue High Definition-H (AHD-H) intercoms','MORE',9),(11,'Stylish. Bright. Advanced.',0,NULL,NULL,'https://www.slinex.com/product/slinex-sonik7','Devote your home to a special rhythm!','The new line of SONIK video\nintercoms','More',4),(12,'Sonik 10',0,NULL,NULL,'https://slinex.com/articles/about-sonik-10.html','Sonik 10','The intercom what it should be!','More',2),(13,'SL-10N Cloud',0,NULL,NULL,'https://slinex.com/product/slinex-sl-10n-cloud','Slinex SL-10N Cloud','Flagship video intercom with smartphone call forwarding to the Slinex Smart Call App','More',1),(14,'ML-20TLHD',0,NULL,NULL,'https://slinex.com/articles/slinex-ml-20tlhd-outdoor-panel-with-touchless-call-system.html','ML-20TLHD','Outdoor panel with a touchless call system','More',2),(15,'ML-17HD',0,NULL,NULL,'https://slinex.com/articles/slinex-ml-17hd-new-analog-outdoor-panel.html','ML-17HD','A fresh look at analogue outdoor panels','More',3),(16,'Slinex Smart Call',0,NULL,NULL,'publications/story/slinex-smart-call-a-truly-smart-forwarding-app.html','Slinex Smart Call','A truly smart forwarding app','More',1),(17,'Sonik 7 Cloud',0,NULL,NULL,'/articles/sonik-7-cloud-first-SONIK-with-call-forwarding.html','Sonik 7 Cloud','You will hear it even away from home','More',1),(18,'To the survey',1,NULL,NULL,'https://slinex.com/news/slinex-at-the-adria-security-summit-2022.html','','Complete the survey and get a chance to win a prize!','To the survey',0),(19,'The new Slinex 2024 catalogue',1,NULL,NULL,'/news/presenting-the-new-slinex-2024-catalogue.html','The new Slinex 2024 catalogue','A comprehensive guide to the latest intercoms','Check it out',NULL),(20,'The new Slinex 2024 leaflet',0,NULL,NULL,'/news/the-convenient-slinex-2024-leaflet-is-available.html','All the information at your fingertips','The convenient Slinex 2024 Leaflet is available','Explore it now',NULL),(21,'SQ-04N Cloud',0,NULL,NULL,'/articles/discover-the-new-video-intercom-slinex-sq-04n-cloud.html','SQ-04N Cloud','The first 4-inch intercom with Slinex Smart Call app','More',0);

--
-- Table structure for table `store_attribute_translations`
--

CREATE TABLE `store_attribute_translations` (
  `id` int(10) unsigned NOT NULL AUTO_INCREMENT,
  `store_attribute_id` int(10) unsigned NOT NULL,
  `language_key` varchar(10) NOT NULL,
  `title` varchar(1024) CHARACTER SET utf8 COLLATE utf8_unicode_ci DEFAULT NULL,
  PRIMARY KEY (`id`),
  UNIQUE KEY `store_attribute_id` (`store_attribute_id`,`language_key`),
  KEY `language_key` (`language_key`),
  CONSTRAINT `store_attribute_translations_ibfk_1` FOREIGN KEY (`store_attribute_id`) REFERENCES `store_attributes` (`id`) ON DELETE CASCADE ON UPDATE NO ACTION,
  CONSTRAINT `store_attribute_translations_ibfk_2` FOREIGN KEY (`language_key`) REFERENCES `languages` (`key`) ON DELETE CASCADE ON UPDATE CASCADE
) ENGINE=InnoDB AUTO_INCREMENT=55 DEFAULT CHARSET=utf8;

--
-- Dumping data for table `store_attribute_translations`
--

INSERT INTO `store_attribute_translations` VALUES (1,2,'lt','Video apžvalga'),(2,3,'lt','3D peržiūra'),(3,4,'lt','Iškvietimo modulių kiekis'),(4,5,'lt','Papildomų vaizdo kamerų kiekis'),(5,7,'lt','DISPLĖJUS'),(6,8,'lt','MATMENIS'),(7,9,'lt','YPATUMAI'),(8,10,'lt','PAPILDOMAI'),(9,11,'lt','Vadovas (PDF)'),(10,12,'lt','Prijungimo schema'),(11,13,'lt','Programinė įranga'),(12,16,'lt','iOS programa'),(13,17,'lt','Android programa'),(14,18,'lt','Ekrano raiška'),(15,21,'lt','Atmintis'),(16,22,'lt','Energijos suvartojimas'),(17,23,'lt','Maitinimo šaltinis'),(18,27,'lt','Spalvos'),(19,30,'uk','Сжатие видео, аудио'),(20,30,'ru','Сжатие видео, аудио'),(21,32,'lt','Matricos tipas'),(22,33,'lt','Raiška'),(23,34,'lt','Apžvalgos kampas'),(24,38,'lt','Apsaugos klasė'),(25,42,'lt','Matmenis'),(26,43,'lt','Maitinimo šaltinis'),(27,55,'lt','Maitinimo šaltinio įtampa'),(28,60,'lt','Tinklo sąsajos'),(29,61,'lt','Iškvietimo modulių pajungimo kiekis'),(30,62,'lt','Video sistema'),(31,63,'lt','Suderinamumas'),(32,64,'lt','Komplektavimas'),(33,65,'lt','Papildomai'),(34,66,'lt','Konfigūravimas per web sąsają - vartotojo vadovas'),(35,67,'lt','Raiška'),(36,68,'lt','Signalas'),(37,69,'lt','Scenarijus'),(38,70,'lt','Įrenginio tipas'),(39,72,'lt','Displėjus'),(40,73,'lt','Užrakto atidarymo būdai'),(41,74,'lt','Unikalūs savybės'),(42,76,'lt','Programa IP įrenginio paieškai vietiniame tinkle'),(43,79,'uk','Цена в долларах'),(44,79,'ru','Цена в долларах'),(45,79,'lt','Kaina, USD'),(46,82,'uk','Температура эксплуатации'),(47,82,'ru','Температура эксплуатации'),(48,82,'lt','Eksploatacijos temperatūra'),(49,83,'uk','Угол обзора камеры'),(50,83,'ru','Угол обзора камеры'),(51,83,'lt','Kameros apžvalgos kampas'),(52,86,'uk','Разрешение камеры'),(53,86,'ru','Разрешение камеры'),(54,86,'lt','Kameros raiška');

--
-- Table structure for table `store_attributes`
--

CREATE TABLE `store_attributes` (
  `id` int(10) unsigned NOT NULL AUTO_INCREMENT,
  `name` varchar(45) NOT NULL,
  `title` varchar(1024) CHARACTER SET utf8 COLLATE utf8_unicode_ci DEFAULT NULL,
  `type` enum('text','big_text','select','multiselect','yes/no','checkbox','file') NOT NULL,
  PRIMARY KEY (`id`),
  UNIQUE KEY `name_UNIQUE` (`name`)
) ENGINE=InnoDB AUTO_INCREMENT=110 DEFAULT CHARSET=utf8;

--
-- Dumping data for table `store_attributes`
--

INSERT INTO `store_attributes` VALUES (2,'video_review','Video review','text'),(3,'3d_review','3D review','file'),(4,'call_panel_count','Outdoor panels quantity','text'),(5,'video_cameras_count','Additional video cameras quantity','text'),(7,'display','Display','text'),(8,'dimensions','Dimensions','text'),(9,'unique_features','UNIQUE FEATURES','text'),(10,'additional_functions','ADDITIONALLY','text'),(11,'instruction','Manual (PDF)','file'),(12,'connection','Connection scheme','file'),(13,'software','Software','file'),(16,'Mobile_for_iOS','Application for iOS','file'),(17,'Mobile_for_Android','Application for Android','file'),(18,'Screen_resolution','Screen resolution','text'),(19,'Resolution_foto_recording','Recording resolution photo','text'),(20,'Resolution_video_recording','Recording resolution video','text'),(21,'Memory','Memory','text'),(22,'Power_consumption','Power consumption','text'),(23,'Power ','Power supply','text'),(24,'Intercom','Intercom','text'),(25,'Mounting_type','Installation type','text'),(27,'Colors','Colors','text'),(28,'audio_channels','Audio channels','text'),(29,'operating_system','Operating System','text'),(30,'Compress_video_audio','','text'),(31,'video_review1','Video review','file'),(32,'Type_of_sensor','Type of sensor','text'),(33,'Resolution','Resolution','text'),(34,'Viewing_angle','Viewing angle','text'),(35,'backlight_type','Night backlight','text'),(36,'illumination','Minimal illumination','text'),(37,'material','Body structure','text'),(38,'protection_class','Protection class','text'),(39,'Type_of_lock_control','Type of lock control','text'),(41,'Equipment','Package','text'),(42,'size_panel','Size','text'),(43,'Power_panel','Power supply','text'),(44,'Colors_panel','Colors','text'),(45,'frequency_range','Frequency range','text'),(46,'Modulation','Modulation','text'),(47,'Power_panel_2','Power supply (Outdoor Panel)','text'),(48,'size_base_station','Size base station','text'),(49,'size_tube','Dimensions (Handset)','text'),(50,'Dimensions_outside_panel','Dimensions (Outdoor Panel)','text'),(51,'Range','Operating distance','text'),(52,'Power_tubes','Power supply (Handset)','text'),(53,'display_rd_30','Display','text'),(54,'Line','Line connection','text'),(55,'Power_supply_voltage','Voltage of the power supply','text'),(56,'Operating_voltage_of_the_base_unit','Operating voltage base unit','text'),(57,'Current_consumption_of_the_base_unit','The current consumption of the base unit','text'),(58,'microphone_sensitivity','Microphone sensitivity','text'),(59,'output_power','Output power','text'),(60,'Setevye_interfejsy','Network interfaces','text'),(61,'Kolichestvo_podkljuchaemyh_vyzyvnyh_panelej','Quantity of the outdoor panels','text'),(62,'Videosistema','Video system','text'),(63,'Sovmestimost','Compatibility','text'),(64,'Komplektacija','Complete set','text'),(65,'Dopolnitelno ','Additionally','text'),(66,'instruction_IP_devices','Manual to configure via web interface','file'),(67,'razshurenie','Resolution','text'),(68,'signalizacia','Alarm','text'),(69,'scenarii','Scenario','text'),(70,'tip_ustroystva','Device type','text'),(72,'display_ip_panel','Display','text'),(73,'zamok_ip_panel','Ways to open lock','text'),(74,'unic-ip-panel','Unique features','text'),(75,'HsPlayer','HsPlayer','file'),(76,'soft_IP_panel','Application for IP search \' panel in the network','file'),(79,'price_dollar','Price in USD','text'),(82,'temperature','Operating temperature','text'),(83,'Horizontal_viewing_angle','Horizontal viewing angle','text'),(86,'camera_resolution','Camera resolution','text'),(87,'instruction_Quick Installation Guide','Quick Installation Guide','file'),(88,'Cards_type','Cards type','text'),(89,'Memory_capacity','Memory capacity','text'),(90,'Instruction for App Slinex Cloud Call','Instruction for App Slinex Cloud Call','file'),(91,'Melodies quantity','Melodies quantity','text'),(92,'Volume','Volume','text'),(93,'Working frequency','Working frequency','text'),(94,'Handset Colors','Handset Colors','text'),(95,'Number of colors','Number of colors','text'),(96,'wiring_diagram_20_subscribers_','20 subscribers wiring diagram','file'),(97,'Download firmware','Download firmware','file'),(98,'Video intercom user manual','Video intercom user manual','file'),(99,'Outdoor panel user manual','Outdoor panel user manual','text'),(100,'Security','Security','text'),(101,'Body structure','Body structure','text'),(102,'Connection of additional monitors','Connection of additional monitors','text'),(103,'Number of panels','Number of panels','text'),(104,'Number of IP cameras','Number of IP cameras','text'),(105,'Number of individual panels','Number of individual panels','text'),(106,'Number of multiapartment panels','Number of multiapartment panels','text'),(107,'Call button','Call button','text'),(108,'Buttons','Buttons','text'),(109,'Access control','Access control','text');

--
-- Table structure for table `store_categories`
--

CREATE TABLE `store_categories` (
  `id` int(10) unsigned NOT NULL AUTO_INCREMENT,
  `name` varchar(512) CHARACTER SET utf8 COLLATE utf8_unicode_ci NOT NULL,
  `position` int(10) unsigned DEFAULT '1000',
  `description` text CHARACTER SET utf8 COLLATE utf8_unicode_ci,
  `store_category_id` int(10) unsigned DEFAULT NULL,
  `seoname` varchar(255) DEFAULT NULL,
  `meta_title` varchar(255) CHARACTER SET utf8 COLLATE utf8_unicode_ci DEFAULT NULL,
  `meta_description` varchar(300) CHARACTER SET utf8 COLLATE utf8_unicode_ci DEFAULT NULL,
  `meta_keywords` varchar(300) CHARACTER SET utf8 COLLATE utf8_unicode_ci DEFAULT NULL,
  PRIMARY KEY (`id`),
  UNIQUE KEY `uq_store_category_seoname` (`seoname`),
  KEY `fk_store_categories_store_categories1_idx` (`store_category_id`),
  CONSTRAINT `fk_store_categories_store_categories1` FOREIGN KEY (`store_category_id`) REFERENCES `store_categories` (`id`) ON DELETE NO ACTION ON UPDATE NO ACTION
) ENGINE=InnoDB AUTO_INCREMENT=9 DEFAULT CHARSET=utf8;

--
-- Dumping data for table `store_categories`
--

INSERT INTO `store_categories` VALUES (1,'All',1,'',NULL,'all','✎ Video intercoms, outdoor panels and other equipment for house and office','★ Slinex equipment for your home ⇒ ✔ 2 year warranty ✔ Actual specifications ✔ 24/7 customer support. Visit the site to learn more!',''),(3,'Video intercoms',2,'',1,'intercoms','✎ Video intercoms Slinex for appartment, house and office','★ Video intercoms Slinex all over the world ⇒ ✔ 2 year warranty ✔ Actual specifications ✔ 24/7 customer support. Visit the site to learn more!',''),(4,'Outdoor panels',3,'',1,'panels','✎ Outdoor panels Slinex for house, appartment and office','★ Slinex outdoor panels for your appartment and office ⇒ ✔ Actual specifications ✔ 24/7 customer support ✔ 2 year warranty. Visit the site to learn more!',''),(5,'Other equipment',4,'',1,'other','✎ Adapters and converters Slinex for houses and offices ','★ IP converters, adapters Slinex for your home ⇒ ✔ 2 year warranty ✔ 24/7 customer support. ✔ Actual specifications. Visit our site to learn more!',''),(6,'Out of production',6,'',NULL,'out-of-production','✎ Slinex out of production outdoor panels, video intercoms','★ Slinex outdoor panels and video intercoms for your appartment ⇒ ✔ Actual specifications ✔ 24/7 customer support ✔ 2 year warranty. Visit the site to learn more!',''),(7,'Kits',5,'',1,'Kits','Slinex Kits','',''),(8,'IP Direct',3,'',1,'IP_Direct','✎ Slinex IP Direct – Advanced IP Video Intercom Systems','★ Slinex IP Direct offers reliable IP video intercoms for secure, real-time access control in homes and businesses. Discover user-friendly devices that ensure seamless communication and monitoring.','');

--
-- Table structure for table `store_category_translations`
--

CREATE TABLE `store_category_translations` (
  `id` int(10) unsigned NOT NULL AUTO_INCREMENT,
  `store_category_id` int(10) unsigned NOT NULL,
  `language_key` varchar(10) NOT NULL,
  `name` varchar(512) CHARACTER SET utf8 COLLATE utf8_unicode_ci NOT NULL,
  `description` text CHARACTER SET utf8 COLLATE utf8_unicode_ci,
  `meta_title` varchar(255) CHARACTER SET utf8 COLLATE utf8_unicode_ci DEFAULT NULL,
  `meta_description` varchar(255) CHARACTER SET utf8 COLLATE utf8_unicode_ci DEFAULT NULL,
  `meta_keywords` varchar(255) CHARACTER SET utf8 COLLATE utf8_unicode_ci DEFAULT NULL,
  PRIMARY KEY (`id`),
  UNIQUE KEY `store_category_id` (`store_category_id`,`language_key`),
  KEY `language_key` (`language_key`),
  CONSTRAINT `store_category_translations_ibfk_1` FOREIGN KEY (`store_category_id`) REFERENCES `store_categories` (`id`) ON DELETE CASCADE ON UPDATE CASCADE,
  CONSTRAINT `store_category_translations_ibfk_2` FOREIGN KEY (`language_key`) REFERENCES `languages` (`key`) ON DELETE CASCADE ON UPDATE CASCADE
) ENGINE=InnoDB DEFAULT CHARSET=utf8;

--
-- Dumping data for table `store_category_translations`
--


--
-- Table structure for table `user_tokens`
--

CREATE TABLE `user_tokens` (
  `id` int(11) unsigned NOT NULL AUTO_INCREMENT,
  `user_id` int(11) NOT NULL,
  `user_agent` varchar(40) NOT NULL,
  `token` varchar(32) NOT NULL,
  `created` int(10) unsigned NOT NULL,
  `expires` int(10) unsigned NOT NULL,
  PRIMARY KEY (`id`,`user_id`),
  UNIQUE KEY `uniq_token` (`token`),
  KEY `fk_user_tokens_users2` (`user_id`),
  CONSTRAINT `fk_user_tokens_users2` FOREIGN KEY (`user_id`) REFERENCES `users` (`id`) ON DELETE NO ACTION ON UPDATE NO ACTION
) ENGINE=InnoDB DEFAULT CHARSET=utf8;

--
-- Dumping data for table `user_tokens`
--



