--
-- Host: localhost    Database: slinex_com
-- ------------------------------------------------------


--
-- Table structure for table `additional_colors`
--

CREATE TABLE `additional_colors` (
  `id` int(10) unsigned NOT NULL AUTO_INCREMENT,
  `product_id` int(10) unsigned NOT NULL,
  `main_product_id` int(10) unsigned NOT NULL,
  `color_id` int(10) unsigned NOT NULL,
  PRIMARY KEY (`id`,`product_id`,`color_id`,`main_product_id`),
  KEY `fk_additional_colors_products1_idx` (`product_id`),
  KEY `fk_additional_colors_products2_idx` (`main_product_id`),
  KEY `fk_additional_colors_colors1_idx` (`color_id`),
  CONSTRAINT `fk_additional_colors_colors1` FOREIGN KEY (`color_id`) REFERENCES `colors` (`id`) ON DELETE CASCADE ON UPDATE CASCADE,
  CONSTRAINT `fk_additional_colors_products1` FOREIGN KEY (`product_id`) REFERENCES `products` (`id`) ON DELETE CASCADE ON UPDATE CASCADE,
  CONSTRAINT `fk_additional_colors_products2` FOREIGN KEY (`main_product_id`) REFERENCES `products` (`id`) ON DELETE CASCADE ON UPDATE CASCADE
) ENGINE=InnoDB AUTO_INCREMENT=228 DEFAULT CHARSET=utf8;

--
-- Dumping data for table `additional_colors`
--

INSERT INTO `additional_colors` VALUES (10,18,19,4),(11,19,18,5),(40,36,72,4),(74,36,108,4),(14,38,39,5),(15,39,38,4),(24,51,52,6),(25,52,51,7),(113,56,130,6),(29,58,60,8),(30,58,59,8),(28,59,60,7),(32,59,58,7),(31,60,59,9),(33,60,58,9),(34,65,66,12),(78,66,65,6),(36,67,68,7),(37,68,67,13),(39,70,71,14),(42,70,73,14),(41,72,36,5),(75,72,108,5),(44,73,70,4),(45,73,71,4),(80,75,109,6),(84,83,111,16),(60,90,91,4),(61,91,90,5),(82,99,110,6),(73,106,107,6),(72,107,106,7),(76,108,72,15),(77,108,36,15),(79,109,75,7),(81,110,99,7),(83,111,83,13),(85,112,113,4),(87,112,114,4),(86,113,112,14),(91,113,114,14),(89,114,112,15),(90,114,113,15),(94,115,116,6),(93,116,115,7),(95,117,119,4),(98,117,118,4),(96,118,119,5),(97,118,117,5),(101,119,117,14),(102,119,118,14),(104,123,125,14),(108,123,124,14),(107,125,124,4),(109,125,123,4),(111,127,128,7),(112,128,127,6),(114,130,56,7),(116,131,133,8),(121,132,135,7),(115,133,131,7),(122,135,132,6),(123,138,139,4),(124,138,140,4),(127,139,140,14),(128,139,138,14),(174,143,144,24),(176,143,171,24),(178,143,172,24),(181,143,173,24),(207,143,185,24),(179,144,172,22),(150,148,149,24),(153,148,169,24),(156,148,168,24),(161,148,170,24),(218,148,197,24),(133,150,151,4),(138,150,152,4),(134,151,150,5),(137,151,152,5),(135,152,151,14),(136,152,150,14),(140,154,155,4),(139,155,154,5),(141,156,157,6),(142,157,156,12),(144,158,159,5),(143,159,158,4),(145,160,161,4),(146,161,160,5),(147,166,167,12),(148,167,166,6),(158,168,149,21),(159,168,169,21),(163,168,170,21),(167,168,148,21),(219,168,197,21),(154,169,168,23),(157,169,149,23),(164,169,170,23),(166,169,148,23),(220,169,197,23),(173,171,143,23),(175,171,144,23),(180,171,172,23),(183,171,173,23),(208,171,185,23),(187,172,144,25),(186,173,143,21),(188,173,144,21),(189,173,171,21),(191,173,172,21),(209,173,185,21),(192,176,177,23),(195,176,183,23),(203,176,184,23),(193,177,176,24),(194,177,183,24),(202,177,184,24),(197,183,176,26),(200,183,177,26),(201,183,184,26),(196,184,183,21),(198,184,176,21),(199,184,177,21),(204,185,143,26),(205,185,171,26),(206,185,173,26),(210,186,188,12),(211,188,186,6),(212,189,190,5),(213,190,189,4),(214,191,192,12),(215,192,191,6),(216,193,194,4),(217,194,193,5),(221,197,148,26),(222,197,168,26),(223,197,169,26),(224,207,209,6),(225,209,207,7),(226,215,216,6),(227,216,215,7);

--
-- Table structure for table `agencies`
--

CREATE TABLE `agencies` (
  `id` int(10) unsigned NOT NULL AUTO_INCREMENT,
  `city_id` int(10) unsigned NOT NULL,
  `title` varchar(255) CHARACTER SET utf8 COLLATE utf8_unicode_ci NOT NULL,
  `email` varchar(255) DEFAULT NULL,
  `website` varchar(255) DEFAULT NULL,
  `phone_fax` varchar(255) DEFAULT NULL,
  `longitude` varchar(45) DEFAULT NULL,
  `latitude` varchar(45) DEFAULT NULL,
  `address_short` varchar(255) CHARACTER SET utf8 COLLATE utf8_unicode_ci NOT NULL,
  `address_full` varchar(255) CHARACTER SET utf8 COLLATE utf8_unicode_ci NOT NULL,
  `stock` tinyint(1) unsigned zerofill NOT NULL DEFAULT '0',
  `service` tinyint(1) unsigned zerofill NOT NULL DEFAULT '0',
  `install` tinyint(1) unsigned zerofill NOT NULL DEFAULT '0',
  `sort_order` int(10) unsigned DEFAULT '100',
  PRIMARY KEY (`id`),
  KEY `fk_agencies_cities1_idx` (`city_id`),
  CONSTRAINT `fk_agencies_cities1` FOREIGN KEY (`city_id`) REFERENCES `cities` (`id`) ON DELETE NO ACTION ON UPDATE NO ACTION
) ENGINE=InnoDB AUTO_INCREMENT=184 DEFAULT CHARSET=utf8;

--
-- Dumping data for table `agencies`
--

INSERT INTO `agencies` VALUES (102,54,'VIATEC','','https://viatec.ua/ru/catalog/vth/proizvoditel:1199','0 800 21 39 39','50.413814','30.533153','Kyiv, Ukraine','',1,1,1,2),(104,55,'ТОО \"Intant\"','','https://www.intant.kz/catalog/sistemy-kontrolya-dostupa/domofony_1/?SIZEN_1=12&set_filter=y&arFilterCatalog_628_394981507=Y','+7 (727) 225 35 35; +7 (727) 220 95 31','43.26322530','76.91699750','Almaty, Kazakhstan','Muratbaev str, 61, Almaty, Kazakhstan',1,1,0,4),(110,61,'Turkey','','','','39.30094118','33.50333776','If you cannot find a seller in your country, write to email sales@slinex.com and we will deliver you the equipment by courier service. Interested in selling our equipment? Become our first partner in your country!','',0,0,0,21),(136,80,'SAREME','','https://www.sareme.com/product-catalog/intercoms/slinex','+370-5-213-50-47','54.67467857','25.27031850','Lithuania, Vilnius','Naugarduko str. 32/2, LT-03225, Vilnius, Lithuania',1,1,1,10),(139,52,'Slinex International Ltd','','https://www.slinex.com','+852 2117 1757, Fax +852 21170797','22.33814605','114.14569850','Hong Kong','Unit V-05, Flat A, 5/Fl., Victory Industrial Building, No. 151-157 Wo Yi Hop Road, Kwai Chung, N.T., Hong Kong',1,1,1,1),(150,83,'Interkommers MMC','sales@titanelectronics.az','https://titanelectronics.az/product-category/domofon/','+994(77) 449-70-03; +994(77) 449-70-05','40.411714','49.861057','Azerbaijan, Baku','Narimanov district, Ahmed Rajabli Street, 27B, Baku, Azerbaijan',1,1,1,NULL),(152,90,'\"Etalon-L\" LLC','','','010-56-14-36','40.16626457','44.51285200','Yerevan, Armenia','Tigran Mets 32, 3/1, 0018, Yerevan, Armenia',1,1,1,NULL),(153,57,'United Arab Emirates','','','','23.48857633','54.55215092','If you cannot find a seller in your country, write to email sales@slinex.com and we will deliver you the equipment by courier service. Interested in selling our equipment? Become our first partner in your country!','',0,0,0,NULL),(156,92,'ELECZAR','info@eleczar.com','https://eleczar.com/','+212 05 35 40 15 91; +212 05 35 40 16 48','33.89575840939619','-5.541876514595695','Meknès, Morocco','12 Rue Abou Al Ben Rahal, Meknès, Morocco',1,0,0,NULL),(158,94,'MEDECO CONSULTANT LTD','','','00 357 99 678 845','35.1338417','33.3598366','Strovolos Nicosia, Cyprus','Clearchou 2 2063, Strovolos Nicosia, Cyprus, Сontact person – ANDREAS CHRYSANTHOU',0,0,1,NULL),(161,85,'Ecuador and South America','','','','','','If you cannot find a seller in your country, write to email sales@slinex.com and we will deliver you the equipment by courier service. Interested in selling our equipment? Become our first partner in your country!','',0,0,0,NULL),(163,79,'Latvia','','','','','','If you cannot find a seller in your country, write to email sales@slinex.com and we will deliver you the equipment by courier service. Interested in selling our equipment? Become our first partner in your country!','',0,0,0,NULL),(165,65,'Spain','','','','','','If you cannot find a seller in your country, write to email sales@slinex.com and we will deliver you the equipment by courier service. Interested in selling our equipment? Become our first partner in your country!','',0,0,0,NULL),(166,96,'South Africa','','','','','','If you cannot find a seller in your country, write to email sales@slinex.com and we will deliver you the equipment by courier service. Interested in selling our equipment? Become our first partner in your country!','',0,0,0,NULL),(167,97,'Nigeria','','','','','','If you cannot find a seller in your country, write to email sales@slinex.com and we will deliver you the equipment by courier service. Interested in selling our equipment? Become our first partner in your country!','',0,0,0,NULL),(168,98,'Kenya','','','','','','If you cannot find a seller in your country, write to email sales@slinex.com and we will deliver you the equipment by courier service. Interested in selling our equipment? Become our first partner in your country!','',0,0,0,NULL),(170,100,'Energy Intelligence DOO Skopje','info@energy-intel.com','https://www.energy-intel.com/video-intercom/','+389 70 375 189; +389 70 549 287; +389 (02) 3 177 657','41.995521','21.419041','Skopje, North Macedonia','ul.Shumadiska, 7a 1000 ',1,1,1,NULL),(173,103,'Livolo Sense d.o.o.','info@livolo.hr','https://www.livolo.hr/ponuda/','+385 (0) 95 392 1323; +385 (0) 95 359 1122','45.813075','16.013023','Zagreb, Croatia','Svetice 42, 10000, Zagreb, Croatia',1,0,0,NULL),(174,102,'Livolo Sense d.o.o.','info@livolo.hr','https://www.livolo.hr/ponuda/','+385 (0) 95 392 1323; +385 (0) 95 359 1122','45.813075','16.013023','Zagreb, Croatia','Svetice 42, 10000, Zagreb, Croatia',1,0,0,NULL),(175,104,'Livolo Sense d.o.o.','info@livolo.hr','https://www.livolo.hr/ponuda/','+385 (0) 95 392 1323; +385 (0) 95 359 1122','45.813075','16.013023','Zagreb, Croatia','Svetice 42, 10000, Zagreb, Croatia',1,0,0,NULL),(176,105,'Livolo Sense d.o.o.','info@livolo.hr','https://www.livolo.hr/ponuda/','+385 (0) 95 392 1323; +385 (0) 95 359 1122','45.813075','16.013023','Zagreb, Croatia','Svetice 42, 10000, Zagreb, Croatia',1,0,0,NULL),(177,106,'Livolo Sense d.o.o.','info@livolo.hr','https://www.livolo.hr/ponuda/','+385 (0) 95 392 1323; +385 (0) 95 359 1122','45.813075','16.013023','Zagreb, Croatia','Svetice 42, 10000, Zagreb, Croatia',1,0,0,NULL),(178,107,'Exim Ing s.r.o.','eximpo@alarmtechnika.sk; info@eximing.sk','https://www.eximing.sk/','+421 905360580','48.977786','21.269156','Presov, Slovakia','Presov, Solivarska 50, 08005, Slovakia',1,1,1,NULL),(179,108,'CBK Distribusjon AS','salg@cbk.no','https://www.cbk.no/','+47 22 90 37 00','60.013612','11.060456','Norway','Gneisveien 30, 2020 Skedsmokorset, Norway',1,1,1,NULL),(180,109,'Easy Power Co. Ltd','info@easypowerug.com; sales@easypowerug.com','http://www.easypowerug.com/','+256 392 000 630; +256 392 001947','0.368304','32.603595','Kampala, Uganda','Prime Complex Building 2nd Floor, Suite 23 Kisasi Kyanja Rd, Kampala, Uganda',1,1,1,NULL),(181,110,'KEWALRAM & SONS CO. W.L.L ','electronics@kewalrams.com','https://kewalrams.com/','+973 17 210 617; +973 17 213 211','26.232830','50.575946','Manama, Bahrain','Flat 106, Al Mutanabi Building, Wali Al Ahad Avenue  Block 304, Central Manama, Manama, Bahrain',0,0,0,NULL),(183,111,'LIVOLO Hungary Kft.','info@livolo.hu ','https://livolo.hu/','+36 20 505 0800','47.697935','17.739467','Gyor, Hungary Kft.','Gyor, Deryne út 75, 9011',1,0,1,NULL);

--
-- Table structure for table `agency_translations`
--

CREATE TABLE `agency_translations` (
  `id` int(10) unsigned NOT NULL AUTO_INCREMENT,
  `agency_id` int(10) unsigned NOT NULL,
  `language_key` varchar(10) NOT NULL,
  `title` varchar(255) CHARACTER SET utf8 COLLATE utf8_unicode_ci DEFAULT NULL,
  `address_short` varchar(255) CHARACTER SET utf8 COLLATE utf8_unicode_ci DEFAULT NULL,
  `address_full` varchar(255) CHARACTER SET utf8 COLLATE utf8_unicode_ci DEFAULT NULL,
  PRIMARY KEY (`id`),
  UNIQUE KEY `agency_id` (`agency_id`,`language_key`),
  KEY `language_key` (`language_key`),
  CONSTRAINT `agency_translations_ibfk_1` FOREIGN KEY (`agency_id`) REFERENCES `agencies` (`id`) ON DELETE CASCADE ON UPDATE NO ACTION,
  CONSTRAINT `agency_translations_ibfk_2` FOREIGN KEY (`language_key`) REFERENCES `languages` (`key`) ON DELETE CASCADE ON UPDATE CASCADE
) ENGINE=InnoDB DEFAULT CHARSET=utf8;

--
-- Dumping data for table `agency_translations`
--


--
-- Table structure for table `attachments`
--

CREATE TABLE `attachments` (
  `id` int(10) unsigned NOT NULL AUTO_INCREMENT,
  `publication_id` int(10) unsigned NOT NULL,
  `filename` varchar(255) DEFAULT NULL,
  `adddate` timestamp NOT NULL DEFAULT CURRENT_TIMESTAMP,
  `password` varchar(45) DEFAULT NULL,
  PRIMARY KEY (`id`),
  KEY `fk_attacments_publications1_idx` (`publication_id`),
  CONSTRAINT `fk_attacments_publications1` FOREIGN KEY (`publication_id`) REFERENCES `publications` (`id`) ON DELETE NO ACTION ON UPDATE NO ACTION
) ENGINE=InnoDB DEFAULT CHARSET=utf8;

--
-- Dumping data for table `attachments`
--


--
-- Table structure for table `attribute_categories`
--

CREATE TABLE `attribute_categories` (
  `id` int(10) unsigned NOT NULL AUTO_INCREMENT,
  `name` varchar(45) DEFAULT NULL,
  `display_name` varchar(128) DEFAULT NULL,
  PRIMARY KEY (`id`)
) ENGINE=InnoDB AUTO_INCREMENT=14 DEFAULT CHARSET=utf8;

--
-- Dumping data for table `attribute_categories`
--

INSERT INTO `attribute_categories` VALUES (1,'characteristics','Характеристики (домофоны)'),(2,'colors','Colors'),(3,'rewiews','Обзоры'),(4,'instructions','Инструкции'),(5,'icons','Иконки'),(6,'characteristics','Характеристики (панели)'),(7,'characteristics','Характеристики (RD-30)'),(8,'characteristics','Характеристики (AM-20)'),(9,'characteristics','Характеристики (XR-30IP)'),(10,'characteristics','Характеристики (CH-01)'),(11,'characteristics','Характеристики (IP домофоны)'),(12,'characteristics','Характеристики (IP индивидуальные панели)'),(13,'characteristics','Характеристики (IP многоабонентские панели)');

--
-- Table structure for table `attribute_categories_product_types`
--

CREATE TABLE `attribute_categories_product_types` (
  `attribute_category_id` int(10) unsigned NOT NULL,
  `product_type_id` int(10) unsigned NOT NULL,
  `sort_order` int(10) unsigned DEFAULT '500',
  PRIMARY KEY (`attribute_category_id`,`product_type_id`),
  KEY `fk_attribute_categories_has_product_types_product_types1_idx` (`product_type_id`),
  KEY `fk_attribute_categories_has_product_types_attribute_categor_idx` (`attribute_category_id`),
  CONSTRAINT `fk_attribute_categories_has_product_types_attribute_categories1` FOREIGN KEY (`attribute_category_id`) REFERENCES `attribute_categories` (`id`) ON DELETE CASCADE ON UPDATE CASCADE,
  CONSTRAINT `fk_attribute_categories_has_product_types_product_types1` FOREIGN KEY (`product_type_id`) REFERENCES `product_types` (`id`) ON DELETE CASCADE ON UPDATE CASCADE
) ENGINE=InnoDB DEFAULT CHARSET=utf8;

--
-- Dumping data for table `attribute_categories_product_types`
--

INSERT INTO `attribute_categories_product_types` VALUES (1,1,500),(1,9,0),(2,1,500),(2,2,0),(2,5,2),(2,10,1),(2,11,1),(2,12,1),(3,1,500),(3,2,1),(3,3,1),(3,5,1),(3,6,1),(3,7,1),(3,10,2),(3,11,2),(3,12,2),(4,1,500),(4,2,4),(4,3,0),(4,5,0),(4,6,0),(4,7,2),(4,8,1),(4,9,2),(4,10,3),(4,11,3),(4,12,3),(5,1,500),(5,2,2),(5,9,1),(5,10,4),(5,11,4),(5,12,4),(6,2,3),(7,5,3),(8,6,2),(9,7,0),(10,8,0),(11,10,0),(12,11,0),(13,12,0);

--
-- Table structure for table `attribute_categories_store_attributes`
--

CREATE TABLE `attribute_categories_store_attributes` (
  `attribute_category_id` int(10) unsigned NOT NULL,
  `store_attribute_id` int(10) unsigned NOT NULL,
  `sort_order` int(10) unsigned DEFAULT '500',
  PRIMARY KEY (`attribute_category_id`,`store_attribute_id`),
  KEY `fk_attribute_categories_has_store_attributes_store_attribut_idx` (`store_attribute_id`),
  KEY `fk_attribute_categories_has_store_attributes_attribute_cate_idx` (`attribute_category_id`),
  CONSTRAINT `fk_attribute_categories_has_store_attributes_attribute_catego1` FOREIGN KEY (`attribute_category_id`) REFERENCES `attribute_categories` (`id`) ON DELETE NO ACTION ON UPDATE NO ACTION,
  CONSTRAINT `fk_attribute_categories_has_store_attributes_store_attributes1` FOREIGN KEY (`store_attribute_id`) REFERENCES `store_attributes` (`id`) ON DELETE CASCADE ON UPDATE NO ACTION
) ENGINE=InnoDB DEFAULT CHARSET=utf8;

--
-- Dumping data for table `attribute_categories_store_attributes`
--

INSERT INTO `attribute_categories_store_attributes` VALUES (1,4,2),(1,5,3),(1,18,0),(1,19,6),(1,20,7),(1,21,4),(1,22,8),(1,23,9),(1,24,10),(1,25,13),(1,27,14),(1,28,15),(1,29,16),(1,30,17),(1,67,5),(1,68,11),(1,69,12),(1,95,1),(3,2,0),(3,3,1),(4,11,0),(4,12,6),(4,13,8),(4,16,10),(4,17,9),(4,66,2),(4,75,11),(4,76,5),(4,87,3),(4,90,4),(4,96,1),(4,97,7),(4,98,12),(4,99,13),(5,7,2),(5,8,3),(5,9,5),(5,10,6),(5,82,4),(5,83,0),(5,86,1),(6,21,3),(6,32,2),(6,35,6),(6,36,7),(6,37,8),(6,38,10),(6,39,12),(6,41,14),(6,43,11),(6,44,13),(6,65,15),(6,70,0),(6,73,9),(6,74,1),(6,88,4),(6,89,5),(7,4,2),(7,18,1),(7,21,4),(7,36,5),(7,45,6),(7,46,7),(7,47,8),(7,48,10),(7,49,11),(7,50,12),(7,51,13),(7,52,14),(7,53,0),(7,83,3),(7,94,9),(8,38,5),(8,42,9),(8,45,0),(8,54,1),(8,55,2),(8,56,3),(8,57,4),(8,58,7),(8,59,8),(9,5,2),(9,21,5),(9,22,6),(9,23,7),(9,25,8),(9,42,9),(9,60,0),(9,61,1),(9,62,3),(9,63,4),(9,64,11),(9,65,10),(10,8,6),(10,23,5),(10,25,3),(10,41,7),(10,82,4),(10,91,0),(10,92,2),(10,93,1),(11,7,0),(11,8,15),(11,18,1),(11,21,4),(11,22,11),(11,23,10),(11,25,12),(11,27,16),(11,62,3),(11,82,14),(11,95,2),(11,100,5),(11,101,13),(11,102,9),(11,104,6),(11,105,7),(11,106,8),(12,8,4),(12,22,12),(12,25,10),(12,27,16),(12,32,2),(12,35,5),(12,38,9),(12,39,13),(12,43,11),(12,70,0),(12,82,15),(12,83,3),(12,86,1),(12,88,6),(12,89,7),(12,101,8),(12,107,14),(13,8,8),(13,18,7),(13,22,14),(13,23,13),(13,25,17),(13,27,12),(13,32,2),(13,35,9),(13,38,11),(13,39,15),(13,70,0),(13,72,6),(13,82,18),(13,83,4),(13,86,1),(13,88,3),(13,101,10),(13,108,16),(13,109,5);

--
-- Table structure for table `attribute_values`
--

CREATE TABLE `attribute_values` (
  `id` int(10) unsigned NOT NULL AUTO_INCREMENT,
  `store_attribute_id` int(10) unsigned NOT NULL,
  `value_uk` varchar(255) CHARACTER SET utf8 COLLATE utf8_unicode_ci DEFAULT NULL,
  `value_ru` varchar(255) DEFAULT NULL,
  `value_en` varchar(255) DEFAULT NULL,
  `value_lv` varchar(255) DEFAULT NULL,
  `value_lt` varchar(255) DEFAULT NULL,
  PRIMARY KEY (`id`,`store_attribute_id`),
  KEY `fk_attribute_values_store_attributes1_idx` (`store_attribute_id`),
  CONSTRAINT `fk_attribute_values_store_attributes1` FOREIGN KEY (`store_attribute_id`) REFERENCES `store_attributes` (`id`) ON DELETE CASCADE ON UPDATE CASCADE
) ENGINE=InnoDB DEFAULT CHARSET=utf8;

--
-- Dumping data for table `attribute_values`
--


--
-- Table structure for table `categories`
--

CREATE TABLE `categories` (
  `id` int(10) unsigned NOT NULL AUTO_INCREMENT,
  `seoname` varchar(255) NOT NULL,
  `name` varchar(255) CHARACTER SET utf8 COLLATE utf8_unicode_ci DEFAULT NULL,
  `description` varchar(255) CHARACTER SET utf8 COLLATE utf8_unicode_ci DEFAULT NULL,
  `parent_id` int(10) unsigned DEFAULT NULL,
  `sort_order` tinyint(2) DEFAULT NULL,
  `meta_title_ru` varchar(255) DEFAULT NULL,
  `meta_title_ua` varchar(255) DEFAULT NULL,
  `meta_title` varchar(255) CHARACTER SET utf8 COLLATE utf8_unicode_ci DEFAULT NULL,
  `meta_description` varchar(255) CHARACTER SET utf8 COLLATE utf8_unicode_ci DEFAULT NULL,
  `meta_keywords` varchar(255) CHARACTER SET utf8 COLLATE utf8_unicode_ci DEFAULT NULL,
  `meta_title_lv` varchar(255) DEFAULT NULL,
  `meta_title_lt` varchar(255) DEFAULT NULL,
  PRIMARY KEY (`id`),
  UNIQUE KEY `seoname_UNIQUE` (`seoname`),
  KEY `idx_sort_order` (`sort_order`),
  KEY `fk_categories_categories1_idx` (`parent_id`),
  CONSTRAINT `fk_categories_categories1` FOREIGN KEY (`parent_id`) REFERENCES `categories` (`id`) ON DELETE CASCADE ON UPDATE NO ACTION
) ENGINE=InnoDB AUTO_INCREMENT=25 DEFAULT CHARSET=utf8;

--
-- Dumping data for table `categories`
--

INSERT INTO `categories` VALUES (1,'pages','Publications','',NULL,1,NULL,NULL,'','','',NULL,''),(2,'faq','FAQ','',1,1,NULL,NULL,'','','',NULL,NULL),(3,'news','News','',1,2,'News',NULL,'✎ Slinex International: latest news about us','','',NULL,NULL),(4,'Common Questions','Common Questions','',2,NULL,NULL,NULL,'','','',NULL,NULL),(6,'infopages','info','',1,4,NULL,NULL,'','','',NULL,NULL),(23,'articles','Articles','',1,5,'',NULL,'✎ Slinex International: reviews, articles, all about equipment','✎ Slinex: Why our intercoms are the best? How to choose equipment for your home, office, apartment? ','',NULL,NULL),(24,'Slinex Cloud Call App','Slinex Cloud Call App','',2,NULL,NULL,NULL,'','','',NULL,NULL);

--
-- Table structure for table `categories_countries`
--

CREATE TABLE `categories_countries` (
  `country_key` varchar(10) NOT NULL,
  `category_id` int(10) unsigned NOT NULL,
  `country_id` int(10) unsigned NOT NULL,
  UNIQUE KEY `category_id` (`category_id`,`country_key`),
  KEY `country_key` (`country_key`),
  KEY `country_id` (`country_id`),
  CONSTRAINT `categories_countries_ibfk_1` FOREIGN KEY (`category_id`) REFERENCES `categories` (`id`) ON DELETE CASCADE ON UPDATE CASCADE,
  CONSTRAINT `categories_countries_ibfk_2` FOREIGN KEY (`country_key`) REFERENCES `countries` (`key`) ON DELETE NO ACTION ON UPDATE NO ACTION,
  CONSTRAINT `categories_countries_ibfk_3` FOREIGN KEY (`country_id`) REFERENCES `countries` (`id`) ON DELETE CASCADE ON UPDATE CASCADE
) ENGINE=InnoDB DEFAULT CHARSET=utf8;

--
-- Dumping data for table `categories_countries`
--

INSERT INTO `categories_countries` VALUES ('ukr',1,1),('ukr',2,1),('ukr',3,1),('ukr',4,1),('ukr',6,1),('ukr',23,1),('rus',1,2),('rus',2,2),('rus',3,2),('rus',4,2),('rus',6,2),('rus',23,2),('usa',1,3),('usa',2,3),('usa',3,3),('usa',4,3),('usa',6,3),('usa',23,3),('lth',1,4),('lth',2,4),('lth',3,4),('lth',4,4),('lth',6,4),('lth',23,4);

--
-- Table structure for table `category_translations`
--

CREATE TABLE `category_translations` (
  `id` int(10) unsigned NOT NULL AUTO_INCREMENT,
  `category_id` int(10) unsigned NOT NULL,
  `language_key` varchar(10) NOT NULL,
  `name` varchar(255) CHARACTER SET utf8 COLLATE utf8_unicode_ci DEFAULT NULL,
  `description` varchar(255) CHARACTER SET utf8 COLLATE utf8_unicode_ci DEFAULT NULL,
  `meta_description` varchar(255) CHARACTER SET utf8 COLLATE utf8_unicode_ci DEFAULT NULL,
  `meta_keywords` varchar(255) CHARACTER SET utf8 COLLATE utf8_unicode_ci DEFAULT NULL,
  `meta_title` varchar(255) DEFAULT NULL,
  PRIMARY KEY (`id`),
  UNIQUE KEY `category_id` (`category_id`,`language_key`),
  KEY `language_key` (`language_key`),
  CONSTRAINT `category_translations_ibfk_1` FOREIGN KEY (`category_id`) REFERENCES `categories` (`id`) ON DELETE CASCADE ON UPDATE NO ACTION,
  CONSTRAINT `category_translations_ibfk_2` FOREIGN KEY (`language_key`) REFERENCES `languages` (`key`) ON DELETE CASCADE ON UPDATE CASCADE
) ENGINE=InnoDB AUTO_INCREMENT=9 DEFAULT CHARSET=utf8;

--
-- Dumping data for table `category_translations`
--

INSERT INTO `category_translations` VALUES (1,1,'uk','Публикации','',NULL,NULL,NULL),(2,1,'ru','Публикации','',NULL,NULL,NULL),(3,3,'uk','Нова категорія',NULL,NULL,NULL,NULL),(4,4,'uk','Нова категорія',NULL,NULL,NULL,NULL),(5,4,'ru','Общие вопросы','',NULL,NULL,NULL),(6,6,'uk','Нова категорія',NULL,NULL,NULL,NULL),(7,6,'ru','Инфостраницы','',NULL,NULL,NULL),(8,24,'ru','Новости','','','','');

--
-- Table structure for table `cities`
--

CREATE TABLE `cities` (
  `id` int(10) unsigned NOT NULL AUTO_INCREMENT,
  `name` varchar(255) CHARACTER SET utf8 COLLATE utf8_unicode_ci NOT NULL,
  `longitude` varchar(45) NOT NULL,
  `latitude` varchar(45) NOT NULL,
  `zoom` int(11) NOT NULL,
  PRIMARY KEY (`id`)
) ENGINE=InnoDB AUTO_INCREMENT=112 DEFAULT CHARSET=utf8;

--
-- Dumping data for table `cities`
--

INSERT INTO `cities` VALUES (52,'Hong Kong','22.25757596','114.16714912',10),(54,'Ukraine','50.46204214','30.41733355',10),(55,'Kazakhstan','43.26956642','76.89537901',10),(57,'United Arab Emirates','23.48857633','54.55215092',7),(61,'Turkey','39.30094118','33.50333776',6),(65,'Spain','40.14205723','-3.96938591',7),(69,'Romania','45.8120551','21.2629458',13),(79,'Latvia','56.95988495','24.11732952',13),(80,'Lithuania','54.67467857','25.27031850',13),(81,'Estonia','59.42512427','24.77986800',13),(82,'Moldova','46.99426798','29.08173730',7),(83,'Azerbaijan','40.38483715','49.83307454',11),(85,'Ecuador and South America','-1.00218416','-78.89814781',6),(89,'India','23.074587','72.525337',10),(90,'Armenia','40.16626457','44.51285200',10),(91,'Israel','31.38538166','34.97582950',7),(92,'Morocco','33.89575840939619','-5.541876514595695',7),(94,'Cyprus','35.126413','33.429859',10),(96,'South Africa','-30.559482','22.937506',6),(97,'Nigeria','9.081999','8.675277',6),(98,'Kenya','-0.023559','37.906193',6),(99,'Saudi Arabia','21.485811','39.192505',10),(100,'North Macedonia','41.995521','21.419041',12),(102,'Montenegro','42.708678','19.374390',6),(103,'Croatia','45.100000','15.200000',6),(104,'Slovenia','46.151241','14.995463',6),(105,'Serbia','44.016521','21.005859',6),(106,'Bosnia and Herzegovina','43.915886','17.679076',6),(107,'Slovakia','48.669026','19.699024',8),(108,'Norway','60.472024','8.468946',6),(109,'Uganda','1.373333','32.290275',8),(110,'Bahrain','26.066700','50.557700',11),(111,'Hungary','47.697935','17.739467',10);

--
-- Table structure for table `cities_countries`
--

CREATE TABLE `cities_countries` (
  `country_key` varchar(10) NOT NULL,
  `city_id` int(10) unsigned NOT NULL,
  `country_id` int(10) unsigned NOT NULL,
  UNIQUE KEY `city_id` (`city_id`,`country_key`),
  KEY `country_key` (`country_key`),
  KEY `country_id` (`country_id`),
  CONSTRAINT `cities_countries_ibfk_1` FOREIGN KEY (`city_id`) REFERENCES `cities` (`id`) ON DELETE CASCADE ON UPDATE NO ACTION,
  CONSTRAINT `cities_countries_ibfk_2` FOREIGN KEY (`country_key`) REFERENCES `countries` (`key`) ON DELETE NO ACTION ON UPDATE NO ACTION,
  CONSTRAINT `cities_countries_ibfk_3` FOREIGN KEY (`country_id`) REFERENCES `countries` (`id`) ON DELETE CASCADE ON UPDATE CASCADE
) ENGINE=InnoDB DEFAULT CHARSET=utf8;

--
-- Dumping data for table `cities_countries`
--

INSERT INTO `cities_countries` VALUES ('ukr',52,1),('ukr',54,1),('ukr',55,1),('ukr',57,1),('ukr',61,1),('ukr',65,1),('ukr',69,1),('ukr',79,1),('ukr',80,1),('ukr',81,1),('ukr',82,1),('ukr',83,1),('ukr',85,1),('ukr',89,1),('ukr',90,1),('ukr',91,1),('ukr',92,1),('ukr',94,1),('ukr',96,1),('ukr',97,1),('ukr',98,1),('ukr',99,1),('ukr',100,1),('ukr',102,1),('ukr',103,1),('ukr',104,1),('ukr',105,1),('ukr',106,1),('ukr',107,1),('ukr',108,1),('ukr',109,1),('ukr',110,1),('ukr',111,1),('rus',52,2),('rus',54,2),('rus',55,2),('rus',57,2),('rus',61,2),('rus',65,2),('rus',69,2),('rus',79,2),('rus',80,2),('rus',81,2),('rus',82,2),('rus',83,2),('rus',85,2),('rus',89,2),('rus',90,2),('rus',91,2),('rus',92,2),('rus',94,2),('rus',96,2),('rus',97,2),('rus',98,2),('rus',99,2),('rus',100,2),('rus',102,2),('rus',103,2),('rus',104,2),('rus',105,2),('rus',106,2),('rus',107,2),('rus',108,2),('rus',109,2),('rus',110,2),('rus',111,2),('usa',52,3),('usa',54,3),('usa',55,3),('usa',57,3),('usa',61,3),('usa',65,3),('usa',69,3),('usa',79,3),('usa',80,3),('usa',81,3),('usa',82,3),('usa',83,3),('usa',85,3),('usa',89,3),('usa',90,3),('usa',91,3),('usa',92,3),('usa',94,3),('usa',96,3),('usa',97,3),('usa',98,3),('usa',99,3),('usa',100,3),('usa',102,3),('usa',103,3),('usa',104,3),('usa',105,3),('usa',106,3),('usa',107,3),('usa',108,3),('usa',109,3),('usa',110,3),('usa',111,3),('lth',52,4),('lth',54,4),('lth',55,4),('lth',57,4),('lth',61,4),('lth',65,4),('lth',69,4),('lth',79,4),('lth',80,4),('lth',81,4),('lth',82,4),('lth',83,4),('lth',85,4),('lth',89,4),('lth',90,4),('lth',91,4),('lth',92,4),('lth',94,4),('lth',96,4),('lth',97,4),('lth',98,4),('lth',99,4),('lth',100,4),('lth',102,4),('lth',103,4),('lth',104,4),('lth',105,4),('lth',106,4),('lth',107,4),('lth',108,4),('lth',109,4),('lth',110,4),('lth',111,4);

--
-- Table structure for table `city_translations`
--

CREATE TABLE `city_translations` (
  `id` int(10) unsigned NOT NULL AUTO_INCREMENT,
  `city_id` int(10) unsigned NOT NULL,
  `language_key` varchar(10) NOT NULL,
  `name` varchar(255) CHARACTER SET utf8 COLLATE utf8_unicode_ci DEFAULT NULL,
  PRIMARY KEY (`id`),
  UNIQUE KEY `city_id` (`city_id`,`language_key`),
  KEY `language_key` (`language_key`),
  CONSTRAINT `city_translations_ibfk_1` FOREIGN KEY (`city_id`) REFERENCES `cities` (`id`) ON DELETE CASCADE ON UPDATE NO ACTION,
  CONSTRAINT `city_translations_ibfk_2` FOREIGN KEY (`language_key`) REFERENCES `languages` (`key`) ON DELETE CASCADE ON UPDATE CASCADE
) ENGINE=InnoDB DEFAULT CHARSET=utf8;

--
-- Dumping data for table `city_translations`
--


--
-- Table structure for table `color_translations`
--

CREATE TABLE `color_translations` (
  `id` int(10) unsigned NOT NULL AUTO_INCREMENT,
  `color_id` int(10) unsigned NOT NULL,
  `language_key` varchar(10) NOT NULL,
  `name` varchar(255) CHARACTER SET utf8 COLLATE utf8_unicode_ci DEFAULT NULL,
  PRIMARY KEY (`id`),
  UNIQUE KEY `color_id` (`color_id`,`language_key`),
  KEY `language_key` (`language_key`),
  CONSTRAINT `color_translations_ibfk_1` FOREIGN KEY (`color_id`) REFERENCES `colors` (`id`) ON DELETE CASCADE ON UPDATE NO ACTION,
  CONSTRAINT `color_translations_ibfk_2` FOREIGN KEY (`language_key`) REFERENCES `languages` (`key`) ON DELETE CASCADE ON UPDATE CASCADE
) ENGINE=InnoDB AUTO_INCREMENT=14 DEFAULT CHARSET=utf8;

--
-- Dumping data for table `color_translations`
--

INSERT INTO `color_translations` VALUES (1,4,'lt','Sidabras + Juodas'),(2,5,'lt','Sidabras + Baltas'),(3,6,'lt','Baltas'),(4,7,'lt','Juodas'),(5,8,'lt','Pilkas'),(6,9,'lt','Varis'),(7,10,'lt','Antikinė pilka'),(8,11,'lt','Titano pilka'),(9,12,'lt','Grafitas'),(10,13,'lt','Sidabras'),(11,14,'lt','Auksas + Juodas'),(12,15,'lt','Auksas + Baltas'),(13,16,'lt','Auksas');

--
-- Table structure for table `colors`
--

CREATE TABLE `colors` (
  `id` int(10) unsigned NOT NULL AUTO_INCREMENT,
  `name` varchar(255) CHARACTER SET utf8 COLLATE utf8_unicode_ci NOT NULL,
  `color_code` varchar(45) NOT NULL,
  PRIMARY KEY (`id`)
) ENGINE=InnoDB AUTO_INCREMENT=27 DEFAULT CHARSET=utf8;

--
-- Dumping data for table `colors`
--

INSERT INTO `colors` VALUES (4,'Silver + black','#C0C0C0/#000000'),(5,'Silver + white','#C0C0C0/#ffffff'),(6,'White','#ffffff'),(7,'Black','#000000'),(8,'Grey','#D3D3D3'),(9,'Copper','#B8860B'),(10,'Grey','#696969'),(11,'Titanium grey','#DCDCDC'),(12,'Graphite','#708090'),(13,'Silver','#C0C0C0'),(14,'Gold + black','#DCB74C/#000000'),(15,'Gold + white','#DCB74C/#ffffff'),(16,'Gold','#DCB74C'),(17,'Antique','#7c8175'),(18,'Green','#009107'),(19,'White + Silver or Golden Sand','#ffffff'),(20,'Black + Marsala or Rose Gold','#000000'),(21,'Black + Marsala','#702a2a'),(22,'Black + Rose Gold','#dea581'),(23,'Black + Black','#000000'),(24,'White + Silver','#bebdbb'),(25,'White + Golden Sand','#dbb07c'),(26,'White + White','#ffffff');

--
-- Table structure for table `countries_languages`
--

CREATE TABLE `countries_languages` (
  `id` int(11) unsigned NOT NULL AUTO_INCREMENT,
  `country_key` varchar(10) NOT NULL,
  `language_key` varchar(10) NOT NULL,
  PRIMARY KEY (`id`),
  KEY `country_key` (`country_key`),
  KEY `language_key` (`language_key`),
  CONSTRAINT `countries_languages_ibfk_1` FOREIGN KEY (`country_key`) REFERENCES `countries` (`key`) ON DELETE CASCADE ON UPDATE CASCADE,
  CONSTRAINT `countries_languages_ibfk_2` FOREIGN KEY (`language_key`) REFERENCES `languages` (`key`) ON DELETE CASCADE ON UPDATE CASCADE
) ENGINE=InnoDB AUTO_INCREMENT=8 DEFAULT CHARSET=utf8;

--
-- Dumping data for table `countries_languages`
--

INSERT INTO `countries_languages` VALUES (1,'ukr','uk'),(2,'ukr','ru'),(3,'ukr','en'),(4,'rus','ru'),(5,'rus','en'),(6,'usa','en'),(7,'lth','lt');

--
-- Table structure for table `countries_menu`
--

CREATE TABLE `countries_menu` (
  `country_key` varchar(10) NOT NULL,
  `menu_id` int(10) unsigned NOT NULL,
  `country_id` int(10) unsigned NOT NULL,
  UNIQUE KEY `menu_id` (`menu_id`,`country_key`),
  KEY `country_key` (`country_key`),
  KEY `country_id` (`country_id`),
  CONSTRAINT `countries_menu_ibfk_1` FOREIGN KEY (`menu_id`) REFERENCES `menu` (`id`) ON DELETE CASCADE ON UPDATE NO ACTION,
  CONSTRAINT `countries_menu_ibfk_2` FOREIGN KEY (`country_key`) REFERENCES `countries` (`key`) ON DELETE NO ACTION ON UPDATE NO ACTION,
  CONSTRAINT `countries_menu_ibfk_3` FOREIGN KEY (`country_id`) REFERENCES `countries` (`id`) ON DELETE CASCADE ON UPDATE CASCADE
) ENGINE=InnoDB DEFAULT CHARSET=utf8;

--
-- Dumping data for table `countries_menu`
--

INSERT INTO `countries_menu` VALUES ('ukr',1,1),('ukr',2,1),('ukr',3,1),('ukr',5,1),('ukr',6,1),('ukr',7,1),('ukr',8,1),('ukr',9,1),('ukr',10,1),('ukr',12,1),('ukr',13,1),('ukr',14,1),('ukr',15,1),('ukr',16,1),('ukr',17,1),('ukr',19,1),('ukr',20,1),('ukr',21,1),('rus',1,2),('rus',2,2),('rus',3,2),('rus',5,2),('rus',6,2),('rus',7,2),('rus',8,2),('rus',9,2),('rus',10,2),('rus',12,2),('rus',13,2),('rus',14,2),('rus',15,2),('rus',16,2),('rus',17,2),('rus',19,2),('rus',20,2),('rus',21,2),('usa',1,3),('usa',2,3),('usa',3,3),('usa',5,3),('usa',6,3),('usa',7,3),('usa',8,3),('usa',9,3),('usa',10,3),('usa',12,3),('usa',13,3),('usa',14,3),('usa',15,3),('usa',16,3),('usa',17,3),('usa',19,3),('usa',20,3),('usa',21,3),('lth',1,4),('lth',2,4),('lth',3,4),('lth',5,4),('lth',6,4),('lth',7,4),('lth',8,4),('lth',9,4),('lth',10,4),('lth',12,4),('lth',13,4),('lth',14,4),('lth',15,4),('lth',16,4),('lth',17,4),('lth',19,4),('lth',20,4),('lth',21,4);

--
-- Table structure for table `countries_products`
--

CREATE TABLE `countries_products` (
  `country_key` varchar(10) NOT NULL,
  `product_id` int(10) unsigned NOT NULL,
  `country_id` int(10) unsigned NOT NULL,
  UNIQUE KEY `product_id` (`product_id`,`country_key`),
  KEY `country_key` (`country_key`),
  KEY `country_id` (`country_id`),
  CONSTRAINT `countries_products_ibfk_1` FOREIGN KEY (`product_id`) REFERENCES `products` (`id`) ON DELETE CASCADE ON UPDATE NO ACTION,
  CONSTRAINT `countries_products_ibfk_2` FOREIGN KEY (`country_key`) REFERENCES `countries` (`key`) ON DELETE NO ACTION ON UPDATE NO ACTION,
  CONSTRAINT `countries_products_ibfk_3` FOREIGN KEY (`country_id`) REFERENCES `countries` (`id`) ON DELETE CASCADE ON UPDATE CASCADE
) ENGINE=InnoDB DEFAULT CHARSET=utf8;

--
-- Dumping data for table `countries_products`
--

INSERT INTO `countries_products` VALUES ('ukr',18,1),('ukr',19,1),('ukr',36,1),('ukr',38,1),('ukr',39,1),('ukr',51,1),('ukr',52,1),('ukr',58,1),('ukr',59,1),('ukr',60,1),('ukr',63,1),('ukr',64,1),('ukr',65,1),('ukr',66,1),('ukr',67,1),('ukr',68,1),('ukr',69,1),('ukr',70,1),('ukr',71,1),('ukr',72,1),('ukr',73,1),('ukr',74,1),('ukr',75,1),('ukr',83,1),('ukr',90,1),('ukr',91,1),('ukr',95,1),('ukr',97,1),('ukr',98,1),('ukr',99,1),('ukr',102,1),('ukr',103,1),('ukr',105,1),('ukr',106,1),('ukr',107,1),('ukr',108,1),('ukr',109,1),('ukr',110,1),('ukr',111,1),('ukr',112,1),('ukr',113,1),('ukr',114,1),('ukr',115,1),('ukr',116,1),('ukr',117,1),('ukr',118,1),('ukr',119,1),('ukr',120,1),('ukr',121,1),('ukr',122,1),('ukr',123,1),('ukr',125,1),('ukr',127,1),('ukr',128,1),('ukr',130,1),('ukr',131,1),('ukr',132,1),('ukr',133,1),('ukr',135,1),('ukr',138,1),('ukr',139,1),('ukr',140,1),('ukr',143,1),('ukr',144,1),('ukr',145,1),('ukr',146,1),('ukr',147,1),('ukr',148,1),('ukr',149,1),('ukr',150,1),('ukr',151,1),('ukr',152,1),('ukr',154,1),('ukr',155,1),('ukr',156,1),('ukr',157,1),('ukr',158,1),('ukr',159,1),('ukr',160,1),('ukr',161,1),('ukr',162,1),('ukr',163,1),('ukr',164,1),('ukr',165,1),('ukr',166,1),('ukr',167,1),('ukr',168,1),('ukr',169,1),('ukr',170,1),('ukr',171,1),('ukr',172,1),('ukr',173,1),('ukr',174,1),('ukr',175,1),('ukr',176,1),('ukr',177,1),('ukr',178,1),('ukr',179,1),('ukr',180,1),('ukr',181,1),('ukr',182,1),('ukr',183,1),('ukr',184,1),('ukr',185,1),('ukr',186,1),('ukr',188,1),('ukr',189,1),('ukr',190,1),('ukr',191,1),('ukr',192,1),('ukr',193,1),('ukr',194,1),('ukr',195,1),('ukr',196,1),('ukr',197,1),('ukr',198,1),('ukr',199,1),('ukr',200,1),('ukr',201,1),('ukr',202,1),('ukr',203,1),('ukr',204,1),('ukr',205,1),('ukr',206,1),('ukr',207,1),('ukr',209,1),('ukr',211,1),('ukr',212,1),('ukr',213,1),('ukr',214,1),('ukr',215,1),('ukr',216,1),('rus',18,2),('rus',19,2),('rus',36,2),('rus',38,2),('rus',39,2),('rus',51,2),('rus',52,2),('rus',58,2),('rus',59,2),('rus',60,2),('rus',63,2),('rus',64,2),('rus',65,2),('rus',66,2),('rus',67,2),('rus',68,2),('rus',69,2),('rus',70,2),('rus',71,2),('rus',72,2),('rus',73,2),('rus',74,2),('rus',75,2),('rus',83,2),('rus',90,2),('rus',91,2),('rus',95,2),('rus',97,2),('rus',98,2),('rus',99,2),('rus',102,2),('rus',103,2),('rus',105,2),('rus',106,2),('rus',107,2),('rus',108,2),('rus',109,2),('rus',110,2),('rus',111,2),('rus',112,2),('rus',113,2),('rus',114,2),('rus',115,2),('rus',116,2),('rus',117,2),('rus',118,2),('rus',119,2),('rus',120,2),('rus',121,2),('rus',122,2),('rus',123,2),('rus',125,2),('rus',127,2),('rus',128,2),('rus',130,2),('rus',131,2),('rus',132,2),('rus',133,2),('rus',135,2),('rus',137,2),('rus',138,2),('rus',139,2),('rus',140,2),('rus',143,2),('rus',144,2),('rus',145,2),('rus',146,2),('rus',147,2),('rus',148,2),('rus',149,2),('rus',150,2),('rus',151,2),('rus',152,2),('rus',154,2),('rus',155,2),('rus',156,2),('rus',157,2),('rus',158,2),('rus',159,2),('rus',160,2),('rus',161,2),('rus',162,2),('rus',163,2),('rus',164,2),('rus',165,2),('rus',166,2),('rus',167,2),('rus',168,2),('rus',169,2),('rus',170,2),('rus',171,2),('rus',172,2),('rus',173,2),('rus',174,2),('rus',175,2),('rus',176,2),('rus',177,2),('rus',178,2),('rus',179,2),('rus',180,2),('rus',181,2),('rus',182,2),('rus',183,2),('rus',184,2),('rus',185,2),('rus',186,2),('rus',188,2),('rus',189,2),('rus',190,2),('rus',191,2),('rus',192,2),('rus',193,2),('rus',194,2),('rus',195,2),('rus',196,2),('rus',197,2),('rus',198,2),('rus',199,2),('rus',200,2),('rus',201,2),('rus',202,2),('rus',203,2),('rus',204,2),('rus',205,2),('rus',206,2),('rus',207,2),('rus',209,2),('rus',211,2),('rus',212,2),('rus',213,2),('rus',214,2),('rus',215,2),('rus',216,2),('usa',18,3),('usa',19,3),('usa',36,3),('usa',38,3),('usa',39,3),('usa',51,3),('usa',52,3),('usa',58,3),('usa',59,3),('usa',60,3),('usa',63,3),('usa',64,3),('usa',65,3),('usa',66,3),('usa',67,3),('usa',68,3),('usa',69,3),('usa',70,3),('usa',71,3),('usa',72,3),('usa',73,3),('usa',74,3),('usa',75,3),('usa',83,3),('usa',90,3),('usa',91,3),('usa',95,3),('usa',97,3),('usa',98,3),('usa',99,3),('usa',102,3),('usa',103,3),('usa',105,3),('usa',106,3),('usa',107,3),('usa',108,3),('usa',109,3),('usa',110,3),('usa',111,3),('usa',112,3),('usa',113,3),('usa',114,3),('usa',115,3),('usa',116,3),('usa',117,3),('usa',118,3),('usa',119,3),('usa',120,3),('usa',121,3),('usa',122,3),('usa',123,3),('usa',125,3),('usa',127,3),('usa',128,3),('usa',130,3),('usa',131,3),('usa',132,3),('usa',133,3),('usa',135,3),('usa',137,3),('usa',138,3),('usa',139,3),('usa',140,3),('usa',143,3),('usa',144,3),('usa',145,3),('usa',146,3),('usa',147,3),('usa',148,3),('usa',149,3),('usa',150,3),('usa',151,3),('usa',152,3),('usa',154,3),('usa',155,3),('usa',156,3),('usa',157,3),('usa',158,3),('usa',159,3),('usa',160,3),('usa',161,3),('usa',162,3),('usa',163,3),('usa',164,3),('usa',165,3),('usa',166,3),('usa',167,3),('usa',168,3),('usa',169,3),('usa',170,3),('usa',171,3),('usa',172,3),('usa',173,3),('usa',174,3),('usa',175,3),('usa',176,3),('usa',177,3),('usa',178,3),('usa',179,3),('usa',180,3),('usa',181,3),('usa',182,3),('usa',183,3),('usa',184,3),('usa',185,3),('usa',186,3),('usa',188,3),('usa',189,3),('usa',190,3),('usa',191,3),('usa',192,3),('usa',193,3),('usa',194,3),('usa',195,3),('usa',196,3),('usa',197,3),('usa',198,3),('usa',199,3),('usa',200,3),('usa',201,3),('usa',202,3),('usa',203,3),('usa',204,3),('usa',205,3),('usa',206,3),('usa',207,3),('usa',209,3),('usa',211,3),('usa',212,3),('usa',213,3),('usa',214,3),('usa',215,3),('usa',216,3),('lth',18,4),('lth',19,4),('lth',36,4),('lth',38,4),('lth',39,4),('lth',51,4),('lth',52,4),('lth',58,4),('lth',59,4),('lth',60,4),('lth',63,4),('lth',64,4),('lth',65,4),('lth',66,4),('lth',67,4),('lth',68,4),('lth',69,4),('lth',70,4),('lth',71,4),('lth',72,4),('lth',73,4),('lth',74,4),('lth',75,4),('lth',83,4),('lth',90,4),('lth',91,4),('lth',95,4),('lth',97,4),('lth',98,4),('lth',99,4),('lth',102,4),('lth',103,4),('lth',105,4),('lth',106,4),('lth',107,4),('lth',108,4),('lth',109,4),('lth',110,4),('lth',111,4),('lth',112,4),('lth',113,4),('lth',114,4),('lth',115,4),('lth',116,4),('lth',117,4),('lth',118,4),('lth',119,4),('lth',120,4),('lth',121,4),('lth',122,4),('lth',123,4),('lth',125,4),('lth',127,4),('lth',128,4),('lth',130,4),('lth',131,4),('lth',132,4),('lth',133,4),('lth',135,4),('lth',137,4),('lth',138,4),('lth',139,4),('lth',140,4),('lth',143,4),('lth',144,4),('lth',145,4),('lth',146,4),('lth',147,4),('lth',148,4),('lth',149,4),('lth',150,4),('lth',151,4),('lth',152,4),('lth',154,4),('lth',155,4),('lth',156,4),('lth',157,4),('lth',158,4),('lth',159,4),('lth',160,4),('lth',161,4),('lth',162,4),('lth',163,4),('lth',164,4),('lth',165,4),('lth',166,4),('lth',167,4),('lth',168,4),('lth',169,4),('lth',170,4),('lth',171,4),('lth',172,4),('lth',173,4),('lth',174,4),('lth',175,4),('lth',176,4),('lth',177,4),('lth',178,4),('lth',179,4),('lth',180,4),('lth',181,4),('lth',182,4),('lth',183,4),('lth',184,4),('lth',185,4),('lth',186,4),('lth',188,4),('lth',190,4),('lth',191,4),('lth',192,4),('lth',193,4),('lth',194,4),('lth',195,4),('lth',196,4),('lth',197,4),('lth',198,4),('lth',199,4),('lth',200,4),('lth',201,4),('lth',202,4),('lth',203,4),('lth',204,4),('lth',205,4),('lth',206,4),('lth',207,4),('lth',209,4),('lth',211,4),('lth',212,4),('lth',213,4),('lth',214,4),('lth',215,4),('lth',216,4);

--
-- Table structure for table `countries_slides`
--

CREATE TABLE `countries_slides` (
  `country_key` varchar(10) NOT NULL,
  `slide_id` int(10) unsigned NOT NULL,
  `country_id` int(10) unsigned NOT NULL,
  UNIQUE KEY `slide_id` (`slide_id`,`country_key`),
  KEY `country_key` (`country_key`),
  KEY `country_id` (`country_id`),
  CONSTRAINT `countries_slides_ibfk_1` FOREIGN KEY (`slide_id`) REFERENCES `slides` (`id`) ON DELETE CASCADE ON UPDATE NO ACTION,
  CONSTRAINT `countries_slides_ibfk_2` FOREIGN KEY (`country_key`) REFERENCES `countries` (`key`) ON DELETE NO ACTION ON UPDATE NO ACTION,
  CONSTRAINT `countries_slides_ibfk_3` FOREIGN KEY (`country_id`) REFERENCES `countries` (`id`) ON DELETE CASCADE ON UPDATE CASCADE
) ENGINE=InnoDB DEFAULT CHARSET=utf8;

--
-- Dumping data for table `countries_slides`
--

INSERT INTO `countries_slides` VALUES ('ukr',5,1),('ukr',8,1),('ukr',9,1),('ukr',10,1),('ukr',11,1),('ukr',12,1),('ukr',13,1),('ukr',14,1),('ukr',15,1),('ukr',16,1),('ukr',17,1),('ukr',18,1),('ukr',19,1),('ukr',20,1),('ukr',21,1),('rus',5,2),('rus',8,2),('rus',9,2),('rus',10,2),('rus',11,2),('rus',12,2),('rus',13,2),('rus',14,2),('rus',15,2),('rus',16,2),('rus',17,2),('rus',18,2),('rus',19,2),('rus',20,2),('rus',21,2),('usa',5,3),('usa',8,3),('usa',9,3),('usa',10,3),('usa',11,3),('usa',12,3),('usa',13,3),('usa',14,3),('usa',15,3),('usa',16,3),('usa',17,3),('usa',18,3),('usa',19,3),('usa',20,3),('usa',21,3),('lth',5,4),('lth',8,4),('lth',9,4),('lth',10,4),('lth',11,4),('lth',12,4),('lth',13,4),('lth',14,4),('lth',15,4),('lth',16,4),('lth',17,4),('lth',18,4),('lth',19,4),('lth',20,4),('lth',21,4);

--
-- Table structure for table `currencies`
--

CREATE TABLE `currencies` (
  `name` varchar(3) NOT NULL,
  `title_uk` varchar(45) CHARACTER SET utf8 COLLATE utf8_unicode_ci DEFAULT NULL,
  `title_ru` varchar(45) DEFAULT NULL,
  `title_en` varchar(45) DEFAULT NULL,
  `value_to_default` decimal(15,2) DEFAULT NULL,
  `default` tinyint(1) NOT NULL DEFAULT '0',
  `display` varchar(45) NOT NULL DEFAULT '0',
  `title_lv` varchar(45) DEFAULT NULL,
  `title_lt` varchar(45) DEFAULT NULL,
  PRIMARY KEY (`name`)
) ENGINE=InnoDB DEFAULT CHARSET=utf8;

--
-- Dumping data for table `currencies`
--

INSERT INTO `currencies` VALUES ('RUR','RUR','руб','руб',65.00,0,'0',NULL,NULL),('UAH','грн','грн','uah',27.00,0,'1',NULL,NULL),('USD',NULL,'$','$',1.00,1,'0',NULL,NULL);

--
-- Table structure for table `error_logs`
--

CREATE TABLE `error_logs` (
  `id` bigint(19) unsigned NOT NULL AUTO_INCREMENT,
  `date` int(11) NOT NULL,
  `message` text,
  `service` text,
  `type` enum('error','info') DEFAULT NULL,
  PRIMARY KEY (`id`)
) ENGINE=InnoDB DEFAULT CHARSET=utf8;

--
-- Dumping data for table `error_logs`
--


--
-- Table structure for table `hreflangs`
--

CREATE TABLE `hreflangs` (
  `id` int(10) unsigned NOT NULL AUTO_INCREMENT,
  `base_url` varchar(255) NOT NULL,
  `hreflang` varchar(45) NOT NULL,
  PRIMARY KEY (`id`)
) ENGINE=InnoDB DEFAULT CHARSET=utf8;

--
-- Dumping data for table `hreflangs`
--


--
-- Table structure for table `hreflangs_products`
--

CREATE TABLE `hreflangs_products` (
  `hreflang_id` int(10) unsigned NOT NULL,
  `product_id` int(10) unsigned NOT NULL,
  PRIMARY KEY (`hreflang_id`,`product_id`),
  KEY `fk_hreflangs_has_products_products1_idx` (`product_id`),
  KEY `fk_hreflangs_has_products_hreflangs1_idx` (`hreflang_id`),
  CONSTRAINT `fk_hreflangs_has_products_hreflangs1` FOREIGN KEY (`hreflang_id`) REFERENCES `hreflangs` (`id`) ON DELETE NO ACTION ON UPDATE NO ACTION,
  CONSTRAINT `fk_hreflangs_has_products_products1` FOREIGN KEY (`product_id`) REFERENCES `products` (`id`) ON DELETE NO ACTION ON UPDATE NO ACTION
) ENGINE=InnoDB DEFAULT CHARSET=utf8;

--
-- Dumping data for table `hreflangs_products`
--


--
-- Table structure for table `hreflangs_publications`
--

CREATE TABLE `hreflangs_publications` (
  `publication_id` int(10) unsigned NOT NULL,
  `hreflang_id` int(10) unsigned NOT NULL,
  PRIMARY KEY (`publication_id`,`hreflang_id`),
  KEY `fk_publications_has_hreflangs_hreflangs1_idx` (`hreflang_id`),
  KEY `fk_publications_has_hreflangs_publications1_idx` (`publication_id`),
  CONSTRAINT `fk_publications_has_hreflangs_hreflangs1` FOREIGN KEY (`hreflang_id`) REFERENCES `hreflangs` (`id`) ON DELETE CASCADE ON UPDATE CASCADE,
  CONSTRAINT `fk_publications_has_hreflangs_publications1` FOREIGN KEY (`publication_id`) REFERENCES `publications` (`id`) ON DELETE CASCADE ON UPDATE CASCADE
) ENGINE=InnoDB DEFAULT CHARSET=utf8;

--
-- Dumping data for table `hreflangs_publications`
--


--
-- Table structure for table `local_redirects`
--

CREATE TABLE `local_redirects` (
  `id` bigint(20) unsigned NOT NULL AUTO_INCREMENT,
  `day` datetime NOT NULL,
  `alerts_count` int(10) unsigned NOT NULL DEFAULT '1',
  `redirect_ua` int(11) NOT NULL DEFAULT '0',
  `redirect_ru` int(11) NOT NULL DEFAULT '0',
  `redirect_en` int(11) NOT NULL DEFAULT '0',
  PRIMARY KEY (`id`),
  KEY `idx_day_on_local_redirect` (`day`)
) ENGINE=InnoDB AUTO_INCREMENT=2170 DEFAULT CHARSET=utf8;

--
-- Dumping data for table `local_redirects`
--

INSERT INTO `local_redirects` VALUES (1,'2019-02-05 00:00:00',10,8,1,0),(2,'2019-02-06 00:00:00',4,1,0,0),(3,'2019-02-07 00:00:00',6,2,0,0),(4,'2019-02-08 00:00:00',2,0,0,0),(5,'2019-02-09 00:00:00',2,0,0,0),(6,'2019-02-10 00:00:00',5,1,2,0),(7,'2019-02-11 00:00:00',16,5,1,0),(8,'2019-02-12 00:00:00',23,1,5,0),(9,'2019-02-13 00:00:00',11,1,1,0),(10,'2019-02-14 00:00:00',22,2,0,0),(11,'2019-02-15 00:00:00',9,2,0,0),(12,'2019-02-16 00:00:00',8,1,0,0),(13,'2019-02-17 00:00:00',15,2,0,0),(14,'2019-02-18 00:00:00',12,3,0,0),(15,'2019-02-19 00:00:00',8,1,2,0),(16,'2019-02-20 00:00:00',18,3,1,0),(17,'2019-02-21 00:00:00',5,2,0,0),(18,'2019-02-22 00:00:00',15,2,0,0),(19,'2019-02-23 00:00:00',4,0,0,0),(20,'2019-02-24 00:00:00',2,0,0,0),(21,'2019-02-25 00:00:00',10,3,0,0),(22,'2019-02-26 00:00:00',18,1,1,0),(23,'2019-02-27 00:00:00',7,1,0,0),(24,'2019-02-28 00:00:00',5,3,0,0),(25,'2019-03-01 00:00:00',12,2,0,0),(26,'2019-03-02 00:00:00',8,2,0,0),(27,'2019-03-03 00:00:00',3,2,1,0),(28,'2019-03-04 00:00:00',10,1,0,0),(29,'2019-03-05 00:00:00',20,4,2,0),(30,'2019-03-06 00:00:00',18,0,0,0),(31,'2019-03-07 00:00:00',25,3,0,0),(32,'2019-03-08 00:00:00',22,0,1,0),(33,'2019-03-09 00:00:00',37,1,0,0),(34,'2019-03-10 00:00:00',22,2,0,0),(35,'2019-03-11 00:00:00',21,1,0,0),(36,'2019-03-12 00:00:00',16,0,3,0),(37,'2019-03-13 00:00:00',36,1,0,0),(38,'2019-03-14 00:00:00',24,2,0,0),(39,'2019-03-15 00:00:00',24,1,1,0),(40,'2019-03-16 00:00:00',29,1,1,0),(41,'2019-03-17 00:00:00',32,1,0,0),(42,'2019-03-18 00:00:00',41,4,1,0),(43,'2019-03-19 00:00:00',37,3,1,0),(44,'2019-03-20 00:00:00',34,1,2,0),(45,'2019-03-21 00:00:00',38,0,0,0),(46,'2019-03-22 00:00:00',29,2,0,0),(47,'2019-03-23 00:00:00',21,0,0,0),(48,'2019-03-24 00:00:00',30,0,0,0),(49,'2019-03-25 00:00:00',25,0,0,0),(50,'2019-03-26 00:00:00',26,0,0,0),(51,'2019-03-27 00:00:00',18,1,0,0),(52,'2019-03-28 00:00:00',16,3,1,0),(53,'2019-03-29 00:00:00',11,2,0,0),(54,'2019-03-30 00:00:00',2,0,1,0),(55,'2019-03-31 00:00:00',5,0,0,0),(56,'2019-04-01 00:00:00',12,1,0,0),(57,'2019-04-02 00:00:00',14,2,0,0),(58,'2019-04-03 00:00:00',26,3,1,0),(59,'2019-04-04 00:00:00',15,2,1,0),(60,'2019-04-05 00:00:00',7,1,0,0),(61,'2019-04-06 00:00:00',3,0,0,0),(62,'2019-04-07 00:00:00',5,0,1,0),(63,'2019-04-08 00:00:00',11,4,2,0),(64,'2019-04-09 00:00:00',14,1,3,0),(65,'2019-04-10 00:00:00',12,1,0,0),(66,'2019-04-11 00:00:00',11,4,0,0),(67,'2019-04-12 00:00:00',23,2,0,0),(68,'2019-04-13 00:00:00',8,3,1,0),(69,'2019-04-14 00:00:00',1,0,0,0),(70,'2019-04-15 00:00:00',26,4,0,0),(71,'2019-04-16 00:00:00',16,0,1,0),(72,'2019-04-17 00:00:00',21,0,0,0),(73,'2019-04-18 00:00:00',26,3,1,0),(74,'2019-04-19 00:00:00',16,2,0,0),(75,'2019-04-20 00:00:00',1,0,0,0),(76,'2019-04-21 00:00:00',10,1,0,0),(77,'2019-04-22 00:00:00',26,7,1,0),(78,'2019-04-23 00:00:00',9,0,0,0),(79,'2019-04-24 00:00:00',6,0,0,0),(80,'2019-04-25 00:00:00',11,5,0,0),(81,'2019-04-26 00:00:00',7,1,0,0),(82,'2019-04-27 00:00:00',5,0,0,0),(83,'2019-04-29 00:00:00',6,2,0,0),(84,'2019-04-30 00:00:00',1,0,0,0),(85,'2019-05-01 00:00:00',144,0,1,0),(86,'2019-05-02 00:00:00',148,1,0,0),(87,'2019-05-03 00:00:00',98,3,0,0),(88,'2019-05-04 00:00:00',47,1,0,0),(89,'2019-05-05 00:00:00',13,1,0,0),(90,'2019-05-06 00:00:00',18,2,0,0),(91,'2019-05-07 00:00:00',11,1,0,0),(92,'2019-05-08 00:00:00',33,4,1,0),(93,'2019-05-09 00:00:00',8,0,1,0),(94,'2019-05-10 00:00:00',22,1,2,0),(95,'2019-05-11 00:00:00',4,1,0,0),(96,'2019-05-12 00:00:00',4,1,0,0),(97,'2019-05-13 00:00:00',11,0,0,0),(98,'2019-05-14 00:00:00',16,0,1,0),(99,'2019-05-15 00:00:00',13,2,0,0),(100,'2019-05-16 00:00:00',23,1,1,0),(101,'2019-05-17 00:00:00',23,1,0,0),(102,'2019-05-18 00:00:00',8,0,0,0),(103,'2019-05-19 00:00:00',5,1,0,0),(104,'2019-05-20 00:00:00',13,1,0,0),(105,'2019-05-21 00:00:00',9,2,0,0),(106,'2019-05-22 00:00:00',21,0,0,0),(107,'2019-05-23 00:00:00',6,1,0,0),(108,'2019-05-24 00:00:00',10,1,1,0),(109,'2019-05-25 00:00:00',6,1,0,0),(110,'2019-05-26 00:00:00',47,1,0,0),(111,'2019-05-27 00:00:00',61,0,0,0),(112,'2019-05-28 00:00:00',23,0,1,0),(113,'2019-05-29 00:00:00',11,1,0,0),(114,'2019-05-30 00:00:00',19,0,0,0),(115,'2019-05-31 00:00:00',15,0,1,0),(116,'2019-06-01 00:00:00',24,1,0,0),(117,'2019-06-02 00:00:00',75,1,0,0),(118,'2019-06-03 00:00:00',88,1,1,0),(119,'2019-06-04 00:00:00',35,0,0,0),(120,'2019-06-05 00:00:00',47,9,0,0),(121,'2019-06-06 00:00:00',16,1,0,0),(122,'2019-06-07 00:00:00',26,0,1,0),(123,'2019-06-08 00:00:00',13,0,0,0),(124,'2019-06-09 00:00:00',23,1,1,0),(125,'2019-06-10 00:00:00',24,1,0,0),(126,'2019-06-11 00:00:00',29,1,2,0),(127,'2019-06-12 00:00:00',25,5,0,0),(128,'2019-06-13 00:00:00',28,1,0,0),(129,'2019-06-14 00:00:00',23,0,0,0),(130,'2019-06-15 00:00:00',20,1,0,0),(131,'2019-06-16 00:00:00',18,0,0,0),(132,'2019-06-17 00:00:00',11,0,0,0),(133,'2019-06-18 00:00:00',29,2,0,0),(134,'2019-06-19 00:00:00',17,1,0,0),(135,'2019-06-20 00:00:00',6,1,0,0),(136,'2019-06-21 00:00:00',17,3,0,0),(137,'2019-06-22 00:00:00',5,1,1,0),(138,'2019-06-23 00:00:00',4,0,0,0),(139,'2019-06-24 00:00:00',13,3,0,0),(140,'2019-06-25 00:00:00',14,2,0,0),(141,'2019-06-26 00:00:00',13,3,0,0),(142,'2019-06-27 00:00:00',1,0,0,0),(143,'2019-06-28 00:00:00',2,0,0,0),(144,'2019-06-29 00:00:00',3,0,0,0),(145,'2019-06-30 00:00:00',3,0,0,0),(146,'2019-07-01 00:00:00',9,1,1,0),(147,'2019-07-02 00:00:00',15,1,0,0),(148,'2019-07-03 00:00:00',11,3,0,0),(149,'2019-07-04 00:00:00',33,3,1,0),(150,'2019-07-05 00:00:00',39,0,0,0),(151,'2019-07-06 00:00:00',22,1,0,0),(152,'2019-07-07 00:00:00',28,1,1,0),(153,'2019-07-08 00:00:00',43,1,0,0),(154,'2019-07-09 00:00:00',33,3,1,0),(155,'2019-07-10 00:00:00',24,1,0,0),(156,'2019-07-11 00:00:00',33,3,0,0),(157,'2019-07-12 00:00:00',41,2,0,0),(158,'2019-07-13 00:00:00',17,0,0,0),(159,'2019-07-14 00:00:00',18,0,0,0),(160,'2019-07-15 00:00:00',26,4,0,0),(161,'2019-07-16 00:00:00',29,3,0,0),(162,'2019-07-17 00:00:00',40,3,1,0),(163,'2019-07-18 00:00:00',18,1,0,0),(164,'2019-07-19 00:00:00',21,3,0,0),(165,'2019-07-20 00:00:00',5,1,0,0),(166,'2019-07-21 00:00:00',1,0,0,0),(167,'2019-07-22 00:00:00',34,1,3,0),(168,'2019-07-23 00:00:00',17,6,0,0),(169,'2019-07-24 00:00:00',23,0,0,0),(170,'2019-07-25 00:00:00',16,1,1,0),(171,'2019-07-26 00:00:00',3,2,0,0),(172,'2019-07-27 00:00:00',4,0,0,0),(173,'2019-07-28 00:00:00',7,3,0,0),(174,'2019-07-29 00:00:00',17,1,0,0),(175,'2019-07-30 00:00:00',25,1,1,0),(176,'2019-07-31 00:00:00',12,2,0,0),(177,'2019-08-01 00:00:00',15,1,0,0),(178,'2019-08-02 00:00:00',17,2,0,0),(179,'2019-08-03 00:00:00',6,1,0,0),(180,'2019-08-04 00:00:00',8,1,0,0),(181,'2019-08-05 00:00:00',21,1,0,0),(182,'2019-08-06 00:00:00',18,3,2,0),(183,'2019-08-07 00:00:00',35,4,0,0),(184,'2019-08-08 00:00:00',35,3,0,0),(185,'2019-08-09 00:00:00',20,3,0,0),(186,'2019-08-10 00:00:00',25,4,0,0),(187,'2019-08-11 00:00:00',16,1,1,0),(188,'2019-08-12 00:00:00',24,1,0,0),(189,'2019-08-13 00:00:00',33,0,0,0),(190,'2019-08-14 00:00:00',125,1,0,0),(191,'2019-08-15 00:00:00',45,0,0,0),(192,'2019-08-16 00:00:00',31,2,1,0),(193,'2019-08-17 00:00:00',19,0,0,0),(194,'2019-08-18 00:00:00',16,2,0,0),(195,'2019-08-19 00:00:00',25,2,1,0),(196,'2019-08-20 00:00:00',34,2,0,0),(197,'2019-08-21 00:00:00',27,2,2,0),(198,'2019-08-22 00:00:00',34,2,0,0),(199,'2019-08-23 00:00:00',15,1,0,0),(200,'2019-08-24 00:00:00',17,0,0,0),(201,'2019-08-25 00:00:00',10,0,0,0),(202,'2019-08-26 00:00:00',15,0,0,0),(203,'2019-08-27 00:00:00',26,3,1,0),(204,'2019-08-28 00:00:00',27,3,1,0),(205,'2019-08-29 00:00:00',6,0,2,0),(206,'2019-08-30 00:00:00',9,2,0,0),(207,'2019-08-31 00:00:00',3,0,0,0),(208,'2019-09-01 00:00:00',5,1,0,0),(209,'2019-09-02 00:00:00',27,3,1,0),(210,'2019-09-03 00:00:00',9,1,0,0),(211,'2019-09-04 00:00:00',21,0,0,0),(212,'2019-09-05 00:00:00',10,1,0,0),(213,'2019-09-06 00:00:00',17,4,1,0),(214,'2019-09-07 00:00:00',76,1,0,0),(215,'2019-09-08 00:00:00',46,0,1,0),(216,'2019-09-09 00:00:00',91,4,1,0),(217,'2019-09-10 00:00:00',53,4,0,0),(218,'2019-09-11 00:00:00',34,0,1,0),(219,'2019-09-12 00:00:00',43,3,0,0),(220,'2019-09-13 00:00:00',29,3,0,0),(221,'2019-09-14 00:00:00',27,3,1,0),(222,'2019-09-15 00:00:00',25,0,0,0),(223,'2019-09-16 00:00:00',29,3,0,0),(224,'2019-09-17 00:00:00',14,2,0,0),(225,'2019-09-18 00:00:00',15,5,1,0),(226,'2019-09-19 00:00:00',9,1,2,0),(227,'2019-09-20 00:00:00',3,1,1,0),(228,'2019-09-21 00:00:00',11,1,0,0),(229,'2019-09-22 00:00:00',3,0,1,0),(230,'2019-09-23 00:00:00',9,2,1,0),(231,'2019-09-24 00:00:00',10,1,2,0),(232,'2019-09-25 00:00:00',8,2,0,0),(233,'2019-09-26 00:00:00',4,0,1,0),(234,'2019-09-27 00:00:00',3,0,0,0),(235,'2019-09-28 00:00:00',4,1,0,0),(236,'2019-09-29 00:00:00',6,2,1,0),(237,'2019-09-30 00:00:00',14,5,0,0),(238,'2019-10-01 00:00:00',2,0,0,0),(239,'2019-10-02 00:00:00',18,0,3,0),(240,'2019-10-03 00:00:00',11,1,2,0),(241,'2019-10-04 00:00:00',13,0,1,0),(242,'2019-10-05 00:00:00',15,0,0,0),(243,'2019-10-06 00:00:00',19,1,0,0),(244,'2019-10-07 00:00:00',16,0,1,0),(245,'2019-10-08 00:00:00',35,0,0,0),(246,'2019-10-09 00:00:00',21,1,0,0),(247,'2019-10-10 00:00:00',22,1,0,0),(248,'2019-10-11 00:00:00',22,3,1,0),(249,'2019-10-12 00:00:00',17,3,0,0),(250,'2019-10-13 00:00:00',16,1,2,0),(251,'2019-10-14 00:00:00',17,2,0,0),(252,'2019-10-15 00:00:00',26,3,0,0),(253,'2019-10-16 00:00:00',23,3,0,0),(254,'2019-10-17 00:00:00',7,2,3,0),(255,'2019-10-18 00:00:00',86,4,0,0),(256,'2019-10-19 00:00:00',36,1,0,0),(257,'2019-10-20 00:00:00',20,0,0,0),(258,'2019-10-21 00:00:00',20,3,0,0),(259,'2019-10-22 00:00:00',17,4,0,0),(260,'2019-10-23 00:00:00',18,0,1,0),(261,'2019-10-24 00:00:00',16,0,0,0),(262,'2019-10-25 00:00:00',9,1,0,0),(263,'2019-10-26 00:00:00',16,0,2,0),(264,'2019-10-27 00:00:00',9,2,0,0),(265,'2019-10-28 00:00:00',7,2,0,0),(266,'2019-10-29 00:00:00',7,0,1,0),(267,'2019-10-30 00:00:00',8,1,1,0),(268,'2019-10-31 00:00:00',8,0,0,0),(269,'2019-11-01 00:00:00',12,2,0,0),(270,'2019-11-02 00:00:00',2,1,0,0),(271,'2019-11-03 00:00:00',8,1,1,0),(272,'2019-11-04 00:00:00',15,2,1,0),(273,'2019-11-05 00:00:00',34,0,3,0),(274,'2019-11-06 00:00:00',32,2,1,0),(275,'2019-11-07 00:00:00',18,2,0,0),(276,'2019-11-08 00:00:00',19,1,1,0),(277,'2019-11-09 00:00:00',20,2,0,0),(278,'2019-11-10 00:00:00',15,0,0,0),(279,'2019-11-11 00:00:00',26,1,0,0),(280,'2019-11-12 00:00:00',23,1,3,0),(281,'2019-11-13 00:00:00',15,3,0,0),(282,'2019-11-14 00:00:00',14,2,1,0),(283,'2019-11-15 00:00:00',25,2,0,0),(284,'2019-11-16 00:00:00',24,2,3,0),(285,'2019-11-17 00:00:00',14,1,1,0),(286,'2019-11-18 00:00:00',41,6,1,0),(287,'2019-11-19 00:00:00',16,2,0,0),(288,'2019-11-20 00:00:00',24,2,1,0),(289,'2019-11-21 00:00:00',17,2,0,0),(290,'2019-11-22 00:00:00',15,3,1,0),(291,'2019-11-23 00:00:00',13,0,0,0),(292,'2019-11-24 00:00:00',17,1,0,0),(293,'2019-11-25 00:00:00',14,2,0,0),(294,'2019-11-26 00:00:00',12,2,0,0),(295,'2019-11-27 00:00:00',14,3,0,0),(296,'2019-11-28 00:00:00',12,1,0,0),(297,'2019-11-29 00:00:00',9,2,0,0),(298,'2019-11-30 00:00:00',3,0,0,0),(299,'2019-12-01 00:00:00',5,3,0,0),(300,'2019-12-02 00:00:00',5,0,0,0),(301,'2019-12-03 00:00:00',4,1,0,0),(302,'2019-12-04 00:00:00',17,3,1,0),(303,'2019-12-05 00:00:00',30,2,0,0),(304,'2019-12-06 00:00:00',227,2,0,0),(305,'2019-12-07 00:00:00',68,0,1,0),(306,'2019-12-08 00:00:00',21,1,1,0),(307,'2019-12-09 00:00:00',16,3,0,0),(308,'2019-12-10 00:00:00',20,1,1,0),(309,'2019-12-11 00:00:00',28,1,0,0),(310,'2019-12-12 00:00:00',16,3,0,0),(311,'2019-12-13 00:00:00',17,1,1,0),(312,'2019-12-14 00:00:00',13,3,0,0),(313,'2019-12-15 00:00:00',11,0,1,0),(314,'2019-12-16 00:00:00',18,0,0,0),(315,'2019-12-17 00:00:00',14,2,2,0),(316,'2019-12-18 00:00:00',14,2,0,0),(317,'2019-12-19 00:00:00',21,4,0,0),(318,'2019-12-20 00:00:00',18,1,0,0),(319,'2019-12-21 00:00:00',16,2,1,0),(320,'2019-12-22 00:00:00',22,4,0,0),(321,'2019-12-23 00:00:00',22,4,2,0),(322,'2019-12-24 00:00:00',26,3,0,0),(323,'2019-12-25 00:00:00',29,4,1,0),(324,'2019-12-26 00:00:00',17,3,0,0),(325,'2019-12-27 00:00:00',12,1,2,0),(326,'2019-12-28 00:00:00',11,2,0,0),(327,'2019-12-29 00:00:00',9,1,0,0),(328,'2019-12-30 00:00:00',5,1,0,0),(329,'2019-12-31 00:00:00',6,1,0,0),(330,'2020-01-01 00:00:00',4,0,2,0),(331,'2020-01-02 00:00:00',9,1,0,0),(332,'2020-01-03 00:00:00',9,2,0,0),(333,'2020-01-04 00:00:00',12,3,1,0),(334,'2020-01-05 00:00:00',7,0,3,0),(335,'2020-01-06 00:00:00',21,1,1,0),(336,'2020-01-07 00:00:00',14,2,0,0),(337,'2020-01-08 00:00:00',29,0,0,0),(338,'2020-01-09 00:00:00',17,2,0,0),(339,'2020-01-10 00:00:00',17,1,0,0),(340,'2020-01-11 00:00:00',24,1,0,0),(341,'2020-01-12 00:00:00',18,0,1,0),(342,'2020-01-13 00:00:00',12,1,0,0),(343,'2020-01-14 00:00:00',20,8,1,0),(344,'2020-01-15 00:00:00',134,4,1,0),(345,'2020-01-16 00:00:00',114,4,2,0),(346,'2020-01-17 00:00:00',19,2,0,0),(347,'2020-01-18 00:00:00',11,0,0,0),(348,'2020-01-19 00:00:00',10,0,0,0),(349,'2020-01-20 00:00:00',15,2,0,0),(350,'2020-01-21 00:00:00',16,3,0,0),(351,'2020-01-22 00:00:00',19,2,2,0),(352,'2020-01-23 00:00:00',15,3,0,0),(353,'2020-01-24 00:00:00',18,4,0,0),(354,'2020-01-25 00:00:00',12,3,0,0),(355,'2020-01-26 00:00:00',11,1,0,0),(356,'2020-01-27 00:00:00',19,5,1,0),(357,'2020-01-28 00:00:00',11,2,1,0),(358,'2020-01-29 00:00:00',16,4,1,0),(359,'2020-01-30 00:00:00',14,3,1,0),(360,'2020-01-31 00:00:00',11,2,1,0),(361,'2020-02-01 00:00:00',7,1,1,0),(362,'2020-02-02 00:00:00',8,3,0,0),(363,'2020-02-03 00:00:00',8,5,0,0),(364,'2020-02-04 00:00:00',9,1,0,0),(365,'2020-02-05 00:00:00',7,1,0,0),(366,'2020-02-06 00:00:00',8,1,0,0),(367,'2020-02-07 00:00:00',14,2,0,0),(368,'2020-02-08 00:00:00',11,3,0,0),(369,'2020-02-09 00:00:00',14,1,0,0),(370,'2020-02-10 00:00:00',16,2,2,0),(371,'2020-02-11 00:00:00',14,0,1,0),(372,'2020-02-12 00:00:00',20,0,2,0),(373,'2020-02-13 00:00:00',19,2,1,0),(374,'2020-02-14 00:00:00',21,2,1,0),(375,'2020-02-15 00:00:00',12,0,0,0),(376,'2020-02-16 00:00:00',11,0,0,0),(377,'2020-02-17 00:00:00',26,4,1,0),(378,'2020-02-18 00:00:00',18,0,2,0),(379,'2020-02-19 00:00:00',20,7,0,0),(380,'2020-02-20 00:00:00',11,2,1,0),(381,'2020-02-21 00:00:00',17,2,0,0),(382,'2020-02-22 00:00:00',11,1,0,0),(383,'2020-02-23 00:00:00',10,1,0,0),(384,'2020-02-24 00:00:00',12,3,0,0),(385,'2020-02-25 00:00:00',46,4,0,0),(386,'2020-02-26 00:00:00',184,4,2,0),(387,'2020-02-27 00:00:00',56,3,0,0),(388,'2020-02-28 00:00:00',12,1,0,0),(389,'2020-02-29 00:00:00',6,2,0,0),(390,'2020-03-01 00:00:00',15,1,0,0),(391,'2020-03-02 00:00:00',12,1,0,0),(392,'2020-03-03 00:00:00',21,3,3,0),(393,'2020-03-04 00:00:00',19,1,1,0),(394,'2020-03-05 00:00:00',18,7,0,0),(395,'2020-03-06 00:00:00',16,4,2,0),(396,'2020-03-07 00:00:00',12,5,0,0),(397,'2020-03-08 00:00:00',3,0,0,0),(398,'2020-03-09 00:00:00',16,0,0,0),(399,'2020-03-10 00:00:00',35,0,1,0),(400,'2020-03-11 00:00:00',44,2,1,0),(401,'2020-03-12 00:00:00',36,0,0,0),(402,'2020-03-13 00:00:00',17,0,0,0),(403,'2020-03-14 00:00:00',27,1,0,0),(404,'2020-03-15 00:00:00',22,5,0,0),(405,'2020-03-16 00:00:00',20,2,0,0),(406,'2020-03-17 00:00:00',27,1,1,0),(407,'2020-03-18 00:00:00',21,1,1,0),(408,'2020-03-19 00:00:00',22,2,1,0),(409,'2020-03-20 00:00:00',6,0,1,0),(410,'2020-03-21 00:00:00',11,0,0,0),(411,'2020-03-22 00:00:00',22,2,0,0),(412,'2020-03-23 00:00:00',16,0,1,0),(413,'2020-03-24 00:00:00',8,0,0,0),(414,'2020-03-25 00:00:00',4,1,0,0),(415,'2020-03-26 00:00:00',7,1,2,0),(416,'2020-03-27 00:00:00',7,4,0,0),(417,'2020-03-28 00:00:00',5,0,0,0),(418,'2020-03-29 00:00:00',6,3,0,0),(419,'2020-03-30 00:00:00',7,3,0,0),(420,'2020-03-31 00:00:00',10,1,0,0),(421,'2020-04-01 00:00:00',3,1,0,0),(422,'2020-04-02 00:00:00',6,3,0,0),(423,'2020-04-03 00:00:00',3,1,0,0),(424,'2020-04-04 00:00:00',9,5,0,0),(425,'2020-04-05 00:00:00',6,2,0,0),(426,'2020-04-06 00:00:00',9,0,0,0),(427,'2020-04-07 00:00:00',15,2,1,0),(428,'2020-04-08 00:00:00',14,0,1,0),(429,'2020-04-09 00:00:00',15,2,2,0),(430,'2020-04-10 00:00:00',22,1,0,0),(431,'2020-04-11 00:00:00',12,2,0,0),(432,'2020-04-12 00:00:00',12,0,1,0),(433,'2020-04-13 00:00:00',16,1,0,0),(434,'2020-04-14 00:00:00',11,1,1,0),(435,'2020-04-15 00:00:00',18,3,2,0),(436,'2020-04-16 00:00:00',15,2,0,0),(437,'2020-04-17 00:00:00',14,1,2,0),(438,'2020-04-18 00:00:00',16,4,0,0),(439,'2020-04-20 00:00:00',16,2,0,0),(440,'2020-04-21 00:00:00',17,1,0,0),(441,'2020-04-22 00:00:00',11,3,1,0),(442,'2020-04-23 00:00:00',14,4,0,0),(443,'2020-04-24 00:00:00',14,1,0,0),(444,'2020-04-25 00:00:00',17,1,0,0),(445,'2020-04-26 00:00:00',14,1,1,0),(446,'2020-04-27 00:00:00',14,2,0,0),(447,'2020-04-28 00:00:00',16,4,0,0),(448,'2020-04-29 00:00:00',7,2,0,0),(449,'2020-04-30 00:00:00',13,1,1,0),(450,'2020-05-01 00:00:00',10,1,0,0),(451,'2020-05-02 00:00:00',10,0,0,0),(452,'2020-05-03 00:00:00',15,2,1,0),(453,'2020-05-04 00:00:00',14,1,1,0),(454,'2020-05-05 00:00:00',21,1,0,0),(455,'2020-05-06 00:00:00',25,2,1,0),(456,'2020-05-07 00:00:00',9,0,1,0),(457,'2020-05-08 00:00:00',11,0,0,0),(458,'2020-05-09 00:00:00',19,1,0,0),(459,'2020-05-10 00:00:00',33,0,0,0),(460,'2020-05-11 00:00:00',164,1,0,0),(461,'2020-05-12 00:00:00',72,0,1,0),(462,'2020-05-13 00:00:00',23,4,0,0),(463,'2020-05-14 00:00:00',18,3,0,0),(464,'2020-05-15 00:00:00',6,1,0,0),(465,'2020-05-16 00:00:00',27,2,2,0),(466,'2020-05-17 00:00:00',20,0,0,0),(467,'2020-05-18 00:00:00',32,6,0,0),(468,'2020-05-19 00:00:00',28,4,1,0),(469,'2020-05-20 00:00:00',32,1,2,0),(470,'2020-05-21 00:00:00',30,2,0,0),(471,'2020-05-22 00:00:00',37,3,0,0),(472,'2020-05-23 00:00:00',14,3,0,0),(473,'2020-05-24 00:00:00',22,2,0,0),(474,'2020-05-25 00:00:00',41,1,1,0),(475,'2020-05-26 00:00:00',15,2,2,0),(476,'2020-05-27 00:00:00',43,7,1,0),(477,'2020-05-28 00:00:00',32,3,0,0),(478,'2020-05-29 00:00:00',14,3,0,0),(479,'2020-05-30 00:00:00',18,3,0,0),(480,'2020-05-31 00:00:00',39,1,0,0),(481,'2020-06-01 00:00:00',25,1,0,0),(482,'2020-06-02 00:00:00',33,5,2,0),(483,'2020-06-03 00:00:00',14,1,1,0),(484,'2020-06-04 00:00:00',23,3,2,0),(485,'2020-06-05 00:00:00',37,4,1,0),(486,'2020-06-06 00:00:00',3,0,0,0),(487,'2020-06-07 00:00:00',16,2,0,0),(488,'2020-06-08 00:00:00',15,1,0,0),(489,'2020-06-09 00:00:00',20,1,0,0),(490,'2020-06-10 00:00:00',18,2,1,0),(491,'2020-06-11 00:00:00',12,2,0,0),(492,'2020-06-12 00:00:00',18,3,0,0),(493,'2020-06-13 00:00:00',9,0,2,0),(494,'2020-06-14 00:00:00',9,1,0,0),(495,'2020-06-15 00:00:00',15,2,0,0),(496,'2020-06-16 00:00:00',19,0,1,0),(497,'2020-06-17 00:00:00',31,2,0,0),(498,'2020-06-18 00:00:00',10,0,2,0),(499,'2020-06-19 00:00:00',10,0,1,0),(500,'2020-06-20 00:00:00',54,2,2,0),(501,'2020-06-21 00:00:00',157,0,0,0),(502,'2020-06-22 00:00:00',70,2,0,0),(503,'2020-06-23 00:00:00',24,0,3,0),(504,'2020-06-24 00:00:00',33,2,1,0),(505,'2020-06-25 00:00:00',11,1,1,0),(506,'2020-06-26 00:00:00',15,1,0,0),(507,'2020-06-27 00:00:00',15,1,0,0),(508,'2020-06-28 00:00:00',18,2,1,0),(509,'2020-06-29 00:00:00',18,1,0,0),(510,'2020-06-30 00:00:00',16,1,0,0),(511,'2020-07-01 00:00:00',29,5,1,0),(512,'2020-07-02 00:00:00',24,1,3,0),(513,'2020-07-03 00:00:00',22,3,5,0),(514,'2020-07-04 00:00:00',20,0,0,0),(515,'2020-07-05 00:00:00',14,0,1,0),(516,'2020-07-06 00:00:00',22,4,4,0),(517,'2020-07-07 00:00:00',30,1,8,0),(518,'2020-07-08 00:00:00',20,1,0,0),(519,'2020-07-09 00:00:00',11,0,0,0),(520,'2020-07-10 00:00:00',22,4,1,0),(521,'2020-07-11 00:00:00',14,0,0,0),(522,'2020-07-12 00:00:00',6,0,2,0),(523,'2020-07-13 00:00:00',36,1,2,0),(524,'2020-07-14 00:00:00',19,5,1,0),(525,'2020-07-15 00:00:00',15,2,1,0),(526,'2020-07-16 00:00:00',62,2,3,0),(527,'2020-07-17 00:00:00',15,2,4,0),(528,'2020-07-18 00:00:00',32,2,2,0),(529,'2020-07-19 00:00:00',20,0,0,0),(530,'2020-07-20 00:00:00',48,2,1,0),(531,'2020-07-21 00:00:00',62,18,1,0),(532,'2020-07-22 00:00:00',48,3,5,0),(533,'2020-07-23 00:00:00',50,2,2,0),(534,'2020-07-24 00:00:00',34,2,2,0),(535,'2020-07-25 00:00:00',31,2,1,0),(536,'2020-07-26 00:00:00',56,1,3,0),(537,'2020-07-27 00:00:00',39,1,2,0),(538,'2020-07-28 00:00:00',47,2,3,0),(539,'2020-07-29 00:00:00',82,0,0,0),(540,'2020-07-30 00:00:00',163,0,3,0),(541,'2020-07-31 00:00:00',98,2,1,0),(542,'2020-08-01 00:00:00',34,1,0,0),(543,'2020-08-02 00:00:00',34,0,0,0),(544,'2020-08-03 00:00:00',48,3,2,0),(545,'2020-08-04 00:00:00',52,0,3,0),(546,'2020-08-05 00:00:00',35,3,0,0),(547,'2020-08-06 00:00:00',35,2,0,0),(548,'2020-08-07 00:00:00',17,3,2,0),(549,'2020-08-08 00:00:00',17,1,0,0),(550,'2020-08-09 00:00:00',19,1,1,0),(551,'2020-08-10 00:00:00',40,2,1,0),(552,'2020-08-11 00:00:00',28,3,3,0),(553,'2020-08-12 00:00:00',30,3,2,0),(554,'2020-08-13 00:00:00',16,0,3,0),(555,'2020-08-14 00:00:00',31,2,5,0),(556,'2020-08-15 00:00:00',98,0,0,0),(557,'2020-08-16 00:00:00',17,0,3,0),(558,'2020-08-17 00:00:00',22,3,2,0),(559,'2020-08-18 00:00:00',94,2,2,0),(560,'2020-08-19 00:00:00',42,3,3,0),(561,'2020-08-20 00:00:00',35,3,1,0),(562,'2020-08-21 00:00:00',21,0,1,0),(563,'2020-08-22 00:00:00',18,0,0,0),(564,'2020-08-23 00:00:00',16,0,1,0),(565,'2020-08-24 00:00:00',34,2,5,0),(566,'2020-08-25 00:00:00',30,1,6,0),(567,'2020-08-26 00:00:00',15,1,2,0),(568,'2020-08-27 00:00:00',15,0,2,0),(569,'2020-08-28 00:00:00',15,0,3,0),(570,'2020-08-29 00:00:00',31,2,2,0),(571,'2020-08-30 00:00:00',19,4,1,0),(572,'2020-08-31 00:00:00',32,3,4,0),(573,'2020-09-01 00:00:00',25,1,2,0),(574,'2020-09-02 00:00:00',19,3,2,0),(575,'2020-09-03 00:00:00',24,2,3,0),(576,'2020-09-04 00:00:00',19,1,2,0),(577,'2020-09-05 00:00:00',13,3,1,0),(578,'2020-09-06 00:00:00',20,0,3,0),(579,'2020-09-07 00:00:00',147,5,0,0),(580,'2020-09-08 00:00:00',92,2,7,0),(581,'2020-09-09 00:00:00',46,1,2,0),(582,'2020-09-10 00:00:00',50,2,3,0),(583,'2020-09-11 00:00:00',23,5,4,0),(584,'2020-09-12 00:00:00',25,0,2,0),(585,'2020-09-13 00:00:00',32,1,1,0),(586,'2020-09-14 00:00:00',36,0,1,0),(587,'2020-09-15 00:00:00',293,4,0,0),(588,'2020-09-16 00:00:00',47,4,3,0),(589,'2020-09-17 00:00:00',55,6,1,0),(590,'2020-09-18 00:00:00',10,2,3,0),(591,'2020-09-19 00:00:00',21,3,3,0),(592,'2020-09-23 00:00:00',24,2,4,0),(593,'2020-09-24 00:00:00',83,3,0,0),(594,'2020-09-25 00:00:00',84,2,3,0),(595,'2020-09-26 00:00:00',175,2,1,0),(596,'2020-09-27 00:00:00',14,2,5,0),(597,'2020-09-28 00:00:00',22,4,7,0),(598,'2020-09-29 00:00:00',20,2,1,0),(599,'2020-09-30 00:00:00',5,0,1,0),(600,'2020-10-01 00:00:00',15,0,2,0),(601,'2020-10-02 00:00:00',12,1,3,0),(602,'2020-10-03 00:00:00',14,0,3,0),(603,'2020-10-04 00:00:00',15,1,2,0),(604,'2020-10-05 00:00:00',21,4,3,0),(605,'2020-10-06 00:00:00',14,2,3,0),(606,'2020-10-07 00:00:00',12,2,3,0),(607,'2020-10-08 00:00:00',17,4,3,0),(608,'2020-10-09 00:00:00',3,0,1,0),(609,'2020-10-10 00:00:00',10,3,3,0),(610,'2020-10-11 00:00:00',15,1,2,0),(611,'2020-10-12 00:00:00',16,2,1,0),(612,'2020-10-13 00:00:00',26,4,1,0),(613,'2020-10-14 00:00:00',19,2,2,0),(614,'2020-10-15 00:00:00',15,1,3,0),(615,'2020-10-16 00:00:00',16,1,3,0),(616,'2020-10-17 00:00:00',9,1,0,0),(617,'2020-10-18 00:00:00',19,0,3,0),(618,'2020-10-19 00:00:00',24,4,3,0),(619,'2020-10-20 00:00:00',23,8,2,0),(620,'2020-10-21 00:00:00',19,2,4,0),(621,'2020-10-22 00:00:00',16,1,7,0),(622,'2020-10-23 00:00:00',29,3,4,0),(623,'2020-10-24 00:00:00',14,4,4,0),(624,'2020-10-25 00:00:00',13,1,1,0),(625,'2020-10-26 00:00:00',16,4,6,0),(626,'2020-10-27 00:00:00',19,3,3,0),(627,'2020-10-28 00:00:00',9,0,1,0),(628,'2020-10-29 00:00:00',18,2,3,0),(629,'2020-10-30 00:00:00',214,3,2,0),(630,'2020-10-31 00:00:00',196,1,3,0),(631,'2020-11-01 00:00:00',9,1,1,0),(632,'2020-11-02 00:00:00',220,0,8,0),(633,'2020-11-03 00:00:00',201,2,2,0),(634,'2020-11-04 00:00:00',19,4,1,0),(635,'2020-11-05 00:00:00',18,1,4,0),(636,'2020-11-06 00:00:00',10,0,3,0),(637,'2020-11-07 00:00:00',8,0,2,0),(638,'2020-11-08 00:00:00',7,0,1,0),(639,'2020-11-09 00:00:00',10,3,1,0),(640,'2020-11-10 00:00:00',13,0,1,0),(641,'2020-11-11 00:00:00',18,2,3,0),(642,'2020-11-12 00:00:00',12,1,2,0),(643,'2020-11-13 00:00:00',18,2,4,0),(644,'2020-11-14 00:00:00',14,0,0,0),(645,'2020-11-15 00:00:00',11,0,1,0),(646,'2020-11-16 00:00:00',23,4,3,0),(647,'2020-11-17 00:00:00',21,1,1,0),(648,'2020-11-18 00:00:00',26,1,5,0),(649,'2020-11-19 00:00:00',11,3,1,0),(650,'2020-11-20 00:00:00',10,0,5,0),(651,'2020-11-21 00:00:00',14,1,1,0),(652,'2020-11-22 00:00:00',15,4,2,0),(653,'2020-11-23 00:00:00',17,2,5,0),(654,'2020-11-24 00:00:00',28,4,5,0),(655,'2020-11-25 00:00:00',24,4,7,0),(656,'2020-11-26 00:00:00',17,1,1,0),(657,'2020-11-27 00:00:00',13,0,5,0),(658,'2020-11-28 00:00:00',11,2,0,0),(659,'2020-11-29 00:00:00',8,2,1,0),(660,'2020-11-30 00:00:00',21,2,1,0),(661,'2020-12-01 00:00:00',27,1,2,0),(662,'2020-12-02 00:00:00',22,2,4,0),(663,'2020-12-03 00:00:00',9,1,1,0),(664,'2020-12-04 00:00:00',24,5,3,0),(665,'2020-12-05 00:00:00',15,2,5,0),(666,'2020-12-06 00:00:00',13,2,3,0),(667,'2020-12-07 00:00:00',24,4,2,0),(668,'2020-12-08 00:00:00',17,5,4,0),(669,'2020-12-09 00:00:00',25,6,9,0),(670,'2020-12-10 00:00:00',17,0,5,0),(671,'2020-12-11 00:00:00',14,1,2,0),(672,'2020-12-12 00:00:00',5,1,0,0),(673,'2020-12-13 00:00:00',16,2,7,0),(674,'2020-12-14 00:00:00',125,2,2,0),(675,'2020-12-15 00:00:00',26,3,3,0),(676,'2020-12-16 00:00:00',165,3,4,0),(677,'2020-12-17 00:00:00',169,1,3,0),(678,'2020-12-18 00:00:00',11,1,6,0),(679,'2020-12-19 00:00:00',10,2,1,0),(680,'2020-12-20 00:00:00',5,0,1,0),(681,'2020-12-21 00:00:00',17,4,2,0),(682,'2020-12-22 00:00:00',18,4,2,0),(683,'2020-12-23 00:00:00',16,5,1,0),(684,'2020-12-24 00:00:00',12,1,3,0),(685,'2020-12-25 00:00:00',12,1,5,0),(686,'2020-12-26 00:00:00',9,1,2,0),(687,'2020-12-27 00:00:00',13,1,3,0),(688,'2020-12-28 00:00:00',14,1,3,0),(689,'2020-12-29 00:00:00',24,2,2,0),(690,'2020-12-30 00:00:00',15,0,2,0),(691,'2020-12-31 00:00:00',5,0,1,0),(692,'2021-01-01 00:00:00',9,2,1,0),(693,'2021-01-02 00:00:00',9,2,3,0),(694,'2021-01-03 00:00:00',10,0,2,0),(695,'2021-01-04 00:00:00',15,2,2,0),(696,'2021-01-05 00:00:00',16,1,1,0),(697,'2021-01-06 00:00:00',13,1,3,0),(698,'2021-01-07 00:00:00',10,2,2,0),(699,'2021-01-08 00:00:00',18,4,3,0),(700,'2021-01-09 00:00:00',12,0,3,0),(701,'2021-01-10 00:00:00',8,2,2,0),(702,'2021-01-11 00:00:00',19,4,3,0),(703,'2021-01-12 00:00:00',19,4,3,0),(704,'2021-01-13 00:00:00',38,0,6,0),(705,'2021-01-14 00:00:00',17,2,3,0),(706,'2021-01-15 00:00:00',21,3,2,0),(707,'2021-01-16 00:00:00',13,3,2,0),(708,'2021-01-17 00:00:00',14,2,2,0),(709,'2021-01-18 00:00:00',17,2,3,0),(710,'2021-01-19 00:00:00',20,5,4,0),(711,'2021-01-20 00:00:00',17,2,4,0),(712,'2021-01-21 00:00:00',11,1,2,0),(713,'2021-01-22 00:00:00',11,1,3,0),(714,'2021-01-23 00:00:00',20,1,0,0),(715,'2021-01-24 00:00:00',9,1,0,0),(716,'2021-01-25 00:00:00',21,3,4,0),(717,'2021-01-26 00:00:00',13,3,3,0),(718,'2021-01-27 00:00:00',34,4,6,0),(719,'2021-01-28 00:00:00',33,3,12,0),(720,'2021-01-29 00:00:00',18,0,6,0),(721,'2021-01-30 00:00:00',180,0,2,0),(722,'2021-01-31 00:00:00',16,1,5,0),(723,'2021-02-01 00:00:00',18,1,2,0),(724,'2021-02-02 00:00:00',14,1,5,0),(725,'2021-02-03 00:00:00',10,1,2,0),(726,'2021-02-04 00:00:00',17,0,2,0),(727,'2021-02-05 00:00:00',10,0,2,0),(728,'2021-02-06 00:00:00',9,0,2,0),(729,'2021-02-07 00:00:00',11,0,4,0),(730,'2021-02-08 00:00:00',16,2,2,0),(731,'2021-02-09 00:00:00',7,0,1,0),(732,'2021-02-10 00:00:00',34,2,4,0),(733,'2021-02-11 00:00:00',27,4,3,0),(734,'2021-02-12 00:00:00',13,2,5,0),(735,'2021-02-13 00:00:00',5,0,1,0),(736,'2021-02-14 00:00:00',16,1,3,0),(737,'2021-02-15 00:00:00',27,2,1,0),(738,'2021-02-16 00:00:00',10,0,1,0),(739,'2021-02-17 00:00:00',17,1,1,0),(740,'2021-02-18 00:00:00',18,4,2,0),(741,'2021-02-19 00:00:00',15,1,2,0),(742,'2021-02-20 00:00:00',17,3,1,0),(743,'2021-02-21 00:00:00',14,2,3,0),(744,'2021-02-22 00:00:00',31,2,2,0),(745,'2021-02-23 00:00:00',18,2,3,0),(746,'2021-02-24 00:00:00',5,0,1,0),(747,'2021-02-25 00:00:00',18,0,0,0),(748,'2021-02-26 00:00:00',27,3,3,0),(749,'2021-02-27 00:00:00',8,0,1,0),(750,'2021-02-28 00:00:00',236,0,1,0),(751,'2021-03-01 00:00:00',27,1,3,0),(752,'2021-03-02 00:00:00',12,1,1,0),(753,'2021-03-03 00:00:00',13,1,1,0),(754,'2021-03-04 00:00:00',20,2,5,0),(755,'2021-03-05 00:00:00',20,0,6,0),(756,'2021-03-06 00:00:00',18,3,4,0),(757,'2021-03-07 00:00:00',9,2,0,0),(758,'2021-03-08 00:00:00',9,0,0,0),(759,'2021-03-09 00:00:00',26,2,6,0),(760,'2021-03-10 00:00:00',12,2,2,0),(761,'2021-03-11 00:00:00',24,1,4,0),(762,'2021-03-12 00:00:00',24,2,3,0),(763,'2021-03-13 00:00:00',21,0,4,0),(764,'2021-03-14 00:00:00',10,1,1,0),(765,'2021-03-15 00:00:00',31,3,8,0),(766,'2021-03-16 00:00:00',23,0,2,0),(767,'2021-03-17 00:00:00',20,1,1,0),(768,'2021-03-18 00:00:00',14,2,4,0),(769,'2021-03-19 00:00:00',14,5,1,0),(770,'2021-03-20 00:00:00',17,4,3,0),(771,'2021-03-21 00:00:00',13,6,2,0),(772,'2021-03-22 00:00:00',21,5,6,0),(773,'2021-03-23 00:00:00',21,1,4,0),(774,'2021-03-24 00:00:00',15,2,4,0),(775,'2021-03-25 00:00:00',33,4,0,0),(776,'2021-03-26 00:00:00',31,2,2,0),(777,'2021-03-27 00:00:00',8,2,2,0),(778,'2021-03-28 00:00:00',9,0,1,0),(779,'2021-03-29 00:00:00',76,2,3,0),(780,'2021-03-30 00:00:00',18,2,4,0),(781,'2021-03-31 00:00:00',153,2,1,0),(782,'2021-04-01 00:00:00',66,0,4,0),(783,'2021-04-02 00:00:00',25,0,5,0),(784,'2021-04-03 00:00:00',14,2,2,0),(785,'2021-04-04 00:00:00',11,3,1,0),(786,'2021-04-05 00:00:00',13,1,2,0),(787,'2021-04-06 00:00:00',15,0,3,0),(788,'2021-04-07 00:00:00',10,2,2,0),(789,'2021-04-08 00:00:00',18,2,4,0),(790,'2021-04-09 00:00:00',27,2,5,0),(791,'2021-04-10 00:00:00',24,0,4,0),(792,'2021-04-11 00:00:00',18,2,5,0),(793,'2021-04-12 00:00:00',16,2,2,0),(794,'2021-04-13 00:00:00',23,1,4,0),(795,'2021-04-14 00:00:00',18,0,2,0),(796,'2021-04-15 00:00:00',20,2,5,0),(797,'2021-04-16 00:00:00',69,28,2,0),(798,'2021-04-17 00:00:00',14,3,4,0),(799,'2021-04-18 00:00:00',17,7,1,0),(800,'2021-04-19 00:00:00',19,3,4,0),(801,'2021-04-20 00:00:00',16,2,0,0),(802,'2021-04-21 00:00:00',17,2,2,0),(803,'2021-04-22 00:00:00',22,6,4,0),(804,'2021-04-23 00:00:00',20,4,1,0),(805,'2021-04-24 00:00:00',20,1,2,0),(806,'2021-04-25 00:00:00',14,3,3,0),(807,'2021-04-26 00:00:00',21,3,6,0),(808,'2021-04-27 00:00:00',24,4,5,0),(809,'2021-04-28 00:00:00',23,3,3,0),(810,'2021-04-29 00:00:00',9,0,2,0),(811,'2021-04-30 00:00:00',11,3,1,0),(812,'2021-05-01 00:00:00',6,1,1,0),(813,'2021-05-02 00:00:00',4,0,0,0),(814,'2021-05-03 00:00:00',6,0,1,0),(815,'2021-05-04 00:00:00',12,2,2,0),(816,'2021-05-05 00:00:00',12,1,3,0),(817,'2021-05-06 00:00:00',13,1,3,0),(818,'2021-05-07 00:00:00',6,0,0,0),(819,'2021-05-08 00:00:00',8,2,0,0),(820,'2021-05-09 00:00:00',11,1,3,0),(821,'2021-05-10 00:00:00',10,1,1,0),(822,'2021-05-11 00:00:00',17,2,4,0),(823,'2021-05-12 00:00:00',15,1,6,0),(824,'2021-05-13 00:00:00',11,2,3,0),(825,'2021-05-14 00:00:00',12,4,2,0),(826,'2021-05-15 00:00:00',6,1,0,0),(827,'2021-05-16 00:00:00',18,3,6,0),(828,'2021-05-17 00:00:00',16,0,2,0),(829,'2021-05-18 00:00:00',19,1,3,0),(830,'2021-05-19 00:00:00',17,3,1,0),(831,'2021-05-20 00:00:00',33,4,12,0),(832,'2021-05-21 00:00:00',16,1,5,0),(833,'2021-05-22 00:00:00',2,0,1,0),(834,'2021-05-23 00:00:00',14,0,1,0),(835,'2021-05-24 00:00:00',10,2,2,0),(836,'2021-05-25 00:00:00',14,3,2,0),(837,'2021-05-26 00:00:00',17,0,6,0),(838,'2021-05-27 00:00:00',22,2,3,0),(839,'2021-05-28 00:00:00',15,3,2,0),(840,'2021-05-29 00:00:00',12,0,5,0),(841,'2021-05-30 00:00:00',16,1,4,0),(842,'2021-05-31 00:00:00',23,1,3,0),(843,'2021-06-01 00:00:00',17,2,2,0),(844,'2021-06-02 00:00:00',13,0,1,0),(845,'2021-06-03 00:00:00',14,3,2,0),(846,'2021-06-04 00:00:00',7,1,3,0),(847,'2021-06-05 00:00:00',5,2,0,0),(848,'2021-06-06 00:00:00',19,3,2,0),(849,'2021-06-07 00:00:00',10,5,2,0),(850,'2021-06-08 00:00:00',13,5,1,0),(851,'2021-06-09 00:00:00',24,5,5,0),(852,'2021-06-10 00:00:00',13,0,1,0),(853,'2021-06-11 00:00:00',9,2,3,0),(854,'2021-06-12 00:00:00',12,1,3,0),(855,'2021-06-13 00:00:00',10,3,1,0),(856,'2021-06-14 00:00:00',29,7,7,0),(857,'2021-06-15 00:00:00',25,3,2,0),(858,'2021-06-16 00:00:00',20,0,4,0),(859,'2021-06-17 00:00:00',17,1,5,0),(860,'2021-06-18 00:00:00',14,1,6,0),(861,'2021-06-19 00:00:00',9,0,1,0),(862,'2021-06-20 00:00:00',2,0,0,0),(863,'2021-06-21 00:00:00',13,1,0,0),(864,'2021-06-22 00:00:00',14,1,2,0),(865,'2021-06-23 00:00:00',8,0,2,0),(866,'2021-06-24 00:00:00',200,0,2,0),(867,'2021-06-25 00:00:00',26,2,3,0),(868,'2021-06-26 00:00:00',15,0,3,0),(869,'2021-06-27 00:00:00',7,0,0,0),(870,'2021-06-28 00:00:00',13,1,2,0),(871,'2021-06-29 00:00:00',15,1,4,0),(872,'2021-06-30 00:00:00',16,1,3,0),(873,'2021-07-01 00:00:00',21,4,3,0),(874,'2021-07-02 00:00:00',14,2,1,0),(875,'2021-07-03 00:00:00',8,0,1,0),(876,'2021-07-04 00:00:00',11,1,1,0),(877,'2021-07-05 00:00:00',17,2,2,0),(878,'2021-07-06 00:00:00',32,1,3,0),(879,'2021-07-07 00:00:00',14,1,4,0),(880,'2021-07-08 00:00:00',12,2,2,0),(881,'2021-07-09 00:00:00',12,2,2,0),(882,'2021-07-10 00:00:00',11,0,1,0),(883,'2021-07-11 00:00:00',11,1,3,0),(884,'2021-07-12 00:00:00',15,0,1,0),(885,'2021-07-13 00:00:00',22,3,3,0),(886,'2021-07-14 00:00:00',18,2,2,0),(887,'2021-07-15 00:00:00',14,3,1,0),(888,'2021-07-16 00:00:00',26,0,5,0),(889,'2021-07-17 00:00:00',11,1,0,0),(890,'2021-07-18 00:00:00',13,0,0,0),(891,'2021-07-19 00:00:00',31,6,6,0),(892,'2021-07-20 00:00:00',29,0,3,0),(893,'2021-07-21 00:00:00',29,3,3,0),(894,'2021-07-22 00:00:00',12,1,1,0),(895,'2021-07-23 00:00:00',28,2,2,0),(896,'2021-07-24 00:00:00',10,2,1,0),(897,'2021-07-25 00:00:00',9,0,2,0),(898,'2021-07-26 00:00:00',14,0,5,0),(899,'2021-07-27 00:00:00',32,5,6,0),(900,'2021-07-28 00:00:00',13,1,4,0),(901,'2021-07-29 00:00:00',17,2,2,0),(902,'2021-07-30 00:00:00',16,1,4,0),(903,'2021-07-31 00:00:00',6,0,0,0),(904,'2021-08-01 00:00:00',10,1,2,0),(905,'2021-08-02 00:00:00',15,2,4,0),(906,'2021-08-03 00:00:00',20,0,2,0),(907,'2021-08-04 00:00:00',22,2,4,0),(908,'2021-08-05 00:00:00',20,1,5,0),(909,'2021-08-06 00:00:00',22,3,2,0),(910,'2021-08-07 00:00:00',12,0,2,0),(911,'2021-08-08 00:00:00',18,2,12,0),(912,'2021-08-09 00:00:00',19,1,2,0),(913,'2021-08-10 00:00:00',27,4,11,0),(914,'2021-08-11 00:00:00',21,2,1,0),(915,'2021-08-12 00:00:00',13,2,3,0),(916,'2021-08-13 00:00:00',10,0,1,0),(917,'2021-08-14 00:00:00',12,1,1,0),(918,'2021-08-15 00:00:00',6,0,2,0),(919,'2021-08-16 00:00:00',13,1,2,0),(920,'2021-08-17 00:00:00',19,2,3,0),(921,'2021-08-18 00:00:00',28,3,8,0),(922,'2021-08-19 00:00:00',20,1,3,0),(923,'2021-08-20 00:00:00',4,2,0,0),(924,'2021-08-21 00:00:00',10,0,0,0),(925,'2021-08-22 00:00:00',9,1,1,0),(926,'2021-08-23 00:00:00',15,2,4,0),(927,'2021-08-24 00:00:00',10,0,4,0),(928,'2021-08-25 00:00:00',22,2,4,0),(929,'2021-08-26 00:00:00',18,0,5,0),(930,'2021-08-27 00:00:00',251,0,6,0),(931,'2021-08-28 00:00:00',12,0,0,0),(932,'2021-08-29 00:00:00',11,2,2,0),(933,'2021-08-30 00:00:00',24,5,5,0),(934,'2021-08-31 00:00:00',34,6,7,0),(935,'2021-09-01 00:00:00',33,1,1,0),(936,'2021-09-02 00:00:00',18,2,2,0),(937,'2021-09-03 00:00:00',14,3,1,0),(938,'2021-09-04 00:00:00',12,5,2,0),(939,'2021-09-05 00:00:00',24,2,3,0),(940,'2021-09-06 00:00:00',31,2,11,0),(941,'2021-09-07 00:00:00',25,2,5,0),(942,'2021-09-08 00:00:00',25,1,9,0),(943,'2021-09-09 00:00:00',16,0,3,0),(944,'2021-09-10 00:00:00',25,0,1,0),(945,'2021-09-11 00:00:00',10,1,2,0),(946,'2021-09-12 00:00:00',9,0,0,0),(947,'2021-09-13 00:00:00',15,0,5,0),(948,'2021-09-14 00:00:00',22,3,6,0),(949,'2021-09-15 00:00:00',26,1,6,0),(950,'2021-09-16 00:00:00',43,2,7,0),(951,'2021-09-17 00:00:00',8,1,2,0),(952,'2021-09-18 00:00:00',7,2,1,0),(953,'2021-09-19 00:00:00',14,2,2,0),(954,'2021-09-20 00:00:00',15,2,3,0),(955,'2021-09-21 00:00:00',15,1,2,0),(956,'2021-09-22 00:00:00',14,2,4,0),(957,'2021-09-23 00:00:00',15,1,3,0),(958,'2021-09-24 00:00:00',23,2,2,0),(959,'2021-09-25 00:00:00',15,2,0,0),(960,'2021-09-26 00:00:00',12,1,0,0),(961,'2021-09-27 00:00:00',26,1,2,0),(962,'2021-09-28 00:00:00',14,1,4,0),(963,'2021-09-29 00:00:00',16,1,2,0),(964,'2021-09-30 00:00:00',179,1,3,0),(965,'2021-10-01 00:00:00',18,4,3,0),(966,'2021-10-02 00:00:00',17,1,6,0),(967,'2021-10-03 00:00:00',13,1,2,0),(968,'2021-10-04 00:00:00',34,5,5,0),(969,'2021-10-05 00:00:00',16,1,2,0),(970,'2021-10-06 00:00:00',21,3,3,0),(971,'2021-10-07 00:00:00',34,2,4,0),(972,'2021-10-08 00:00:00',75,2,7,0),(973,'2021-10-09 00:00:00',18,0,2,0),(974,'2021-10-10 00:00:00',18,0,1,0),(975,'2021-10-11 00:00:00',13,0,3,0),(976,'2021-10-12 00:00:00',19,0,2,0),(977,'2021-10-13 00:00:00',13,2,1,0),(978,'2021-10-14 00:00:00',31,3,4,0),(979,'2021-10-15 00:00:00',52,2,4,0),(980,'2021-10-16 00:00:00',47,2,2,0),(981,'2021-10-17 00:00:00',7,0,0,0),(982,'2021-10-18 00:00:00',15,1,3,0),(983,'2021-10-19 00:00:00',17,3,1,0),(984,'2021-10-20 00:00:00',23,2,4,0),(985,'2021-10-21 00:00:00',23,1,3,0),(986,'2021-10-22 00:00:00',21,2,13,0),(987,'2021-10-23 00:00:00',136,1,2,0),(988,'2021-10-24 00:00:00',18,0,2,0),(989,'2021-10-25 00:00:00',20,0,3,0),(990,'2021-10-26 00:00:00',23,8,2,0),(991,'2021-10-27 00:00:00',27,3,8,0),(992,'2021-10-28 00:00:00',17,3,3,0),(993,'2021-10-29 00:00:00',30,0,2,0),(994,'2021-10-30 00:00:00',117,0,1,0),(995,'2021-10-31 00:00:00',21,0,2,0),(996,'2021-11-01 00:00:00',25,2,3,0),(997,'2021-11-02 00:00:00',32,2,3,0),(998,'2021-11-03 00:00:00',33,1,2,0),(999,'2021-11-04 00:00:00',16,1,1,0),(1000,'2021-11-05 00:00:00',19,1,2,0),(1001,'2021-11-06 00:00:00',74,0,2,0),(1002,'2021-11-07 00:00:00',17,0,2,0),(1003,'2021-11-08 00:00:00',17,5,5,0),(1004,'2021-11-09 00:00:00',24,5,2,0),(1005,'2021-11-10 00:00:00',23,3,3,0),(1006,'2021-11-11 00:00:00',28,4,2,0),(1007,'2021-11-12 00:00:00',37,4,1,0),(1008,'2021-11-13 00:00:00',105,3,1,0),(1009,'2021-11-14 00:00:00',20,2,3,0),(1010,'2021-11-15 00:00:00',19,1,8,0),(1011,'2021-11-16 00:00:00',30,6,10,0),(1012,'2021-11-17 00:00:00',26,1,9,0),(1013,'2021-11-18 00:00:00',22,2,4,0),(1014,'2021-11-19 00:00:00',34,3,5,0),(1015,'2021-11-20 00:00:00',20,0,3,0),(1016,'2021-11-21 00:00:00',59,1,10,0),(1017,'2021-11-22 00:00:00',27,2,4,0),(1018,'2021-11-23 00:00:00',29,1,4,0),(1019,'2021-11-24 00:00:00',24,0,9,0),(1020,'2021-11-25 00:00:00',10,0,2,0),(1021,'2021-11-26 00:00:00',18,0,4,0),(1022,'2021-11-27 00:00:00',30,1,4,0),(1023,'2021-11-28 00:00:00',323,1,0,0),(1024,'2021-11-29 00:00:00',42,3,5,0),(1025,'2021-11-30 00:00:00',26,3,4,0),(1026,'2021-12-01 00:00:00',29,3,6,0),(1027,'2021-12-02 00:00:00',25,1,6,0),(1028,'2021-12-03 00:00:00',22,1,3,0),(1029,'2021-12-04 00:00:00',18,1,6,0),(1030,'2021-12-05 00:00:00',19,0,3,0),(1031,'2021-12-06 00:00:00',310,5,5,0),(1032,'2021-12-07 00:00:00',24,2,1,0),(1033,'2021-12-08 00:00:00',28,2,7,0),(1034,'2021-12-09 00:00:00',29,4,5,0),(1035,'2021-12-10 00:00:00',27,3,1,0),(1036,'2021-12-11 00:00:00',28,3,7,0),(1037,'2021-12-12 00:00:00',41,4,2,0),(1038,'2021-12-13 00:00:00',27,3,5,0),(1039,'2021-12-14 00:00:00',421,1,4,0),(1040,'2021-12-15 00:00:00',16,1,4,0),(1041,'2021-12-16 00:00:00',16,1,2,0),(1042,'2021-12-17 00:00:00',28,1,3,0),(1043,'2021-12-18 00:00:00',14,0,1,0),(1044,'2021-12-19 00:00:00',14,1,6,0),(1045,'2021-12-20 00:00:00',20,2,2,0),(1046,'2021-12-21 00:00:00',20,0,9,0),(1047,'2021-12-22 00:00:00',23,2,4,0),(1048,'2021-12-23 00:00:00',28,3,3,0),(1049,'2021-12-24 00:00:00',288,4,3,0),(1050,'2021-12-25 00:00:00',21,2,5,0),(1051,'2021-12-26 00:00:00',21,2,1,0),(1052,'2021-12-27 00:00:00',20,5,3,0),(1053,'2021-12-28 00:00:00',30,3,9,0),(1054,'2021-12-29 00:00:00',18,2,7,0),(1055,'2021-12-30 00:00:00',13,2,2,0),(1056,'2021-12-31 00:00:00',7,0,0,0),(1057,'2022-01-01 00:00:00',378,1,1,0),(1058,'2022-01-02 00:00:00',12,0,0,0),(1059,'2022-01-03 00:00:00',10,1,3,0),(1060,'2022-01-04 00:00:00',29,3,1,0),(1061,'2022-01-05 00:00:00',25,3,2,0),(1062,'2022-01-06 00:00:00',25,2,2,0),(1063,'2022-01-07 00:00:00',9,0,1,0),(1064,'2022-01-08 00:00:00',10,1,1,0),(1065,'2022-01-09 00:00:00',13,0,3,0),(1066,'2022-01-10 00:00:00',19,3,5,0),(1067,'2022-01-11 00:00:00',20,4,4,0),(1068,'2022-01-12 00:00:00',32,4,5,0),(1069,'2022-01-13 00:00:00',30,3,5,0),(1070,'2022-01-14 00:00:00',17,2,5,0),(1071,'2022-01-15 00:00:00',5,1,0,0),(1072,'2022-01-16 00:00:00',16,3,2,0),(1073,'2022-01-17 00:00:00',11,0,4,0),(1074,'2022-01-18 00:00:00',25,2,2,0),(1075,'2022-01-19 00:00:00',14,1,2,0),(1076,'2022-01-20 00:00:00',22,1,8,0),(1077,'2022-01-21 00:00:00',23,0,7,0),(1078,'2022-01-22 00:00:00',11,1,2,0),(1079,'2022-01-23 00:00:00',6,0,0,0),(1080,'2022-01-24 00:00:00',13,1,8,0),(1081,'2022-01-25 00:00:00',29,0,5,0),(1082,'2022-01-26 00:00:00',31,5,5,0),(1083,'2022-01-27 00:00:00',30,6,7,0),(1084,'2022-01-28 00:00:00',25,6,3,0),(1085,'2022-01-29 00:00:00',14,2,3,0),(1086,'2022-01-30 00:00:00',11,1,4,0),(1087,'2022-01-31 00:00:00',27,3,8,0),(1088,'2022-02-01 00:00:00',21,0,4,0),(1089,'2022-02-02 00:00:00',29,2,5,0),(1090,'2022-02-03 00:00:00',27,7,8,0),(1091,'2022-02-04 00:00:00',21,1,8,0),(1092,'2022-02-05 00:00:00',17,6,5,0),(1093,'2022-02-06 00:00:00',16,0,8,0),(1094,'2022-02-07 00:00:00',26,3,6,0),(1095,'2022-02-08 00:00:00',33,2,1,0),(1096,'2022-02-09 00:00:00',17,1,3,0),(1097,'2022-02-10 00:00:00',19,0,3,0),(1098,'2022-02-11 00:00:00',27,3,4,0),(1099,'2022-02-12 00:00:00',11,2,3,0),(1100,'2022-02-13 00:00:00',11,1,2,0),(1101,'2022-02-14 00:00:00',21,3,6,0),(1102,'2022-02-15 00:00:00',20,0,4,0),(1103,'2022-02-16 00:00:00',21,1,8,0),(1104,'2022-02-17 00:00:00',16,2,3,0),(1105,'2022-02-18 00:00:00',15,2,1,0),(1106,'2022-02-19 00:00:00',25,4,6,0),(1107,'2022-02-20 00:00:00',6,1,1,0),(1108,'2022-02-21 00:00:00',27,3,7,0),(1109,'2022-02-22 00:00:00',11,2,6,0),(1110,'2022-02-23 00:00:00',15,1,3,0),(1111,'2022-02-24 00:00:00',13,0,4,0),(1112,'2022-02-25 00:00:00',4,0,0,0),(1113,'2022-02-26 00:00:00',4,0,0,0),(1114,'2022-02-27 00:00:00',6,0,0,0),(1115,'2022-02-28 00:00:00',9,0,1,0),(1116,'2022-03-01 00:00:00',10,0,1,0),(1117,'2022-03-02 00:00:00',16,0,4,0),(1118,'2022-03-03 00:00:00',21,1,8,0),(1119,'2022-03-04 00:00:00',19,1,3,0),(1120,'2022-03-05 00:00:00',18,1,11,0),(1121,'2022-03-06 00:00:00',11,1,2,0),(1122,'2022-03-07 00:00:00',14,1,5,0),(1123,'2022-03-08 00:00:00',5,0,0,0),(1124,'2022-03-09 00:00:00',32,0,6,0),(1125,'2022-03-10 00:00:00',19,0,2,0),(1126,'2022-03-11 00:00:00',29,0,7,0),(1127,'2022-03-12 00:00:00',17,0,2,0),(1128,'2022-03-13 00:00:00',13,0,1,0),(1129,'2022-03-14 00:00:00',28,1,3,0),(1130,'2022-03-15 00:00:00',17,0,5,0),(1131,'2022-03-16 00:00:00',21,3,8,0),(1132,'2022-03-17 00:00:00',18,3,2,0),(1133,'2022-03-18 00:00:00',12,0,3,0),(1134,'2022-03-19 00:00:00',6,0,0,0),(1135,'2022-03-20 00:00:00',22,1,2,0),(1136,'2022-03-21 00:00:00',16,0,6,0),(1137,'2022-03-22 00:00:00',9,0,5,0),(1138,'2022-03-23 00:00:00',24,4,9,0),(1139,'2022-03-24 00:00:00',10,0,6,0),(1140,'2022-03-25 00:00:00',6,0,2,0),(1141,'2022-03-26 00:00:00',5,0,0,0),(1142,'2022-03-27 00:00:00',6,0,0,0),(1143,'2022-03-28 00:00:00',11,0,2,0),(1144,'2022-03-29 00:00:00',14,1,5,0),(1145,'2022-03-30 00:00:00',18,2,6,0),(1146,'2022-03-31 00:00:00',9,0,2,0),(1147,'2022-04-01 00:00:00',14,3,4,0),(1148,'2022-04-02 00:00:00',7,1,2,0),(1149,'2022-04-03 00:00:00',8,0,6,0),(1150,'2022-04-04 00:00:00',14,0,7,0),(1151,'2022-04-05 00:00:00',17,1,5,0),(1152,'2022-04-06 00:00:00',20,0,6,0),(1153,'2022-04-07 00:00:00',14,0,2,0),(1154,'2022-04-08 00:00:00',4,0,1,0),(1155,'2022-04-09 00:00:00',14,0,3,0),(1156,'2022-04-10 00:00:00',7,0,2,0),(1157,'2022-04-11 00:00:00',11,3,1,0),(1158,'2022-04-12 00:00:00',8,0,1,0),(1159,'2022-04-13 00:00:00',16,0,4,0),(1160,'2022-04-14 00:00:00',11,0,5,0),(1161,'2022-04-15 00:00:00',8,1,1,0),(1162,'2022-04-16 00:00:00',17,0,5,0),(1163,'2022-04-17 00:00:00',7,0,2,0),(1164,'2022-04-18 00:00:00',10,0,4,0),(1165,'2022-04-19 00:00:00',21,2,4,0),(1166,'2022-04-20 00:00:00',13,1,4,0),(1167,'2022-04-21 00:00:00',6,1,0,0),(1168,'2022-04-22 00:00:00',21,2,6,0),(1169,'2022-04-23 00:00:00',4,0,0,0),(1170,'2022-04-24 00:00:00',4,1,1,0),(1171,'2022-04-25 00:00:00',10,0,3,0),(1172,'2022-04-26 00:00:00',17,0,4,0),(1173,'2022-04-27 00:00:00',14,2,6,0),(1174,'2022-04-28 00:00:00',11,1,2,0),(1175,'2022-04-29 00:00:00',18,4,3,0),(1176,'2022-04-30 00:00:00',10,1,3,0),(1177,'2022-05-01 00:00:00',7,1,4,0),(1178,'2022-05-02 00:00:00',5,0,0,0),(1179,'2022-05-03 00:00:00',4,2,1,0),(1180,'2022-05-04 00:00:00',18,0,8,0),(1181,'2022-05-05 00:00:00',17,2,6,0),(1182,'2022-05-06 00:00:00',11,0,2,0),(1183,'2022-05-07 00:00:00',8,0,0,0),(1184,'2022-05-08 00:00:00',7,0,3,0),(1185,'2022-05-09 00:00:00',15,1,1,0),(1186,'2022-05-10 00:00:00',7,0,2,0),(1187,'2022-05-11 00:00:00',21,2,3,0),(1188,'2022-05-12 00:00:00',13,3,1,0),(1189,'2022-05-13 00:00:00',28,5,4,0),(1190,'2022-05-14 00:00:00',13,4,3,0),(1191,'2022-05-15 00:00:00',7,0,2,0),(1192,'2022-05-16 00:00:00',12,1,2,0),(1193,'2022-05-17 00:00:00',16,1,2,0),(1194,'2022-05-18 00:00:00',17,1,3,0),(1195,'2022-05-19 00:00:00',18,2,5,0),(1196,'2022-05-20 00:00:00',13,0,2,0),(1197,'2022-05-21 00:00:00',7,0,2,0),(1198,'2022-05-22 00:00:00',12,3,5,0),(1199,'2022-05-23 00:00:00',11,4,3,0),(1200,'2022-05-24 00:00:00',8,0,2,0),(1201,'2022-05-25 00:00:00',9,2,0,0),(1202,'2022-05-26 00:00:00',11,1,5,0),(1203,'2022-05-27 00:00:00',169,0,2,0),(1204,'2022-05-28 00:00:00',14,1,3,0),(1205,'2022-05-29 00:00:00',9,4,1,0),(1206,'2022-05-30 00:00:00',14,1,2,0),(1207,'2022-05-31 00:00:00',6,4,0,0),(1208,'2022-06-01 00:00:00',12,0,3,0),(1209,'2022-06-02 00:00:00',87,1,3,0),(1210,'2022-06-03 00:00:00',10,0,3,0),(1211,'2022-06-04 00:00:00',9,2,2,0),(1212,'2022-06-05 00:00:00',12,2,5,0),(1213,'2022-06-06 00:00:00',18,4,2,0),(1214,'2022-06-07 00:00:00',3,1,2,0),(1215,'2022-06-08 00:00:00',10,2,0,0),(1216,'2022-06-09 00:00:00',17,2,2,0),(1217,'2022-06-10 00:00:00',4,0,1,0),(1218,'2022-06-11 00:00:00',5,0,1,0),(1219,'2022-06-12 00:00:00',12,1,0,0),(1220,'2022-06-13 00:00:00',18,1,1,0),(1221,'2022-06-14 00:00:00',17,3,7,0),(1222,'2022-06-15 00:00:00',15,2,2,0),(1223,'2022-06-16 00:00:00',12,1,3,0),(1224,'2022-06-17 00:00:00',14,0,4,0),(1225,'2022-06-18 00:00:00',10,1,1,0),(1226,'2022-06-19 00:00:00',14,2,2,0),(1227,'2022-06-20 00:00:00',18,3,5,0),(1228,'2022-06-21 00:00:00',6,1,2,0),(1229,'2022-06-22 00:00:00',18,3,1,0),(1230,'2022-06-23 00:00:00',16,3,1,0),(1231,'2022-06-24 00:00:00',16,2,1,0),(1232,'2022-06-25 00:00:00',8,0,0,0),(1233,'2022-06-26 00:00:00',10,2,0,0),(1234,'2022-06-27 00:00:00',13,1,1,0),(1235,'2022-06-28 00:00:00',11,1,3,0),(1236,'2022-06-29 00:00:00',8,1,3,0),(1237,'2022-06-30 00:00:00',13,1,2,0),(1238,'2022-07-01 00:00:00',11,1,1,0),(1239,'2022-07-02 00:00:00',9,2,1,0),(1240,'2022-07-03 00:00:00',10,0,0,0),(1241,'2022-07-04 00:00:00',15,2,1,0),(1242,'2022-07-05 00:00:00',21,3,3,0),(1243,'2022-07-06 00:00:00',20,0,5,0),(1244,'2022-07-07 00:00:00',63,2,34,0),(1245,'2022-07-08 00:00:00',35,3,7,0),(1246,'2022-07-09 00:00:00',7,1,2,0),(1247,'2022-07-10 00:00:00',24,4,0,0),(1248,'2022-07-11 00:00:00',13,2,1,0),(1249,'2022-07-12 00:00:00',32,1,1,0),(1250,'2022-07-13 00:00:00',20,1,1,0),(1251,'2022-07-14 00:00:00',18,0,0,0),(1252,'2022-07-15 00:00:00',28,2,2,0),(1253,'2022-07-16 00:00:00',9,0,1,0),(1254,'2022-07-17 00:00:00',15,1,2,0),(1255,'2022-07-18 00:00:00',21,2,4,0),(1256,'2022-07-19 00:00:00',9,0,2,0),(1257,'2022-07-20 00:00:00',22,0,6,0),(1258,'2022-07-21 00:00:00',20,1,2,0),(1259,'2022-07-22 00:00:00',24,5,1,0),(1260,'2022-07-23 00:00:00',12,0,0,0),(1261,'2022-07-24 00:00:00',5,1,0,0),(1262,'2022-07-25 00:00:00',24,2,1,0),(1263,'2022-07-26 00:00:00',18,4,1,0),(1264,'2022-07-27 00:00:00',25,2,1,0),(1265,'2022-07-28 00:00:00',20,0,5,0),(1266,'2022-07-29 00:00:00',37,1,3,0),(1267,'2022-07-30 00:00:00',7,0,1,0),(1268,'2022-07-31 00:00:00',15,0,1,0),(1269,'2022-08-01 00:00:00',31,3,5,0),(1270,'2022-08-02 00:00:00',15,1,3,0),(1271,'2022-08-03 00:00:00',20,3,3,0),(1272,'2022-08-04 00:00:00',20,3,2,0),(1273,'2022-08-05 00:00:00',17,5,7,0),(1274,'2022-08-06 00:00:00',19,2,2,0),(1275,'2022-08-07 00:00:00',10,1,1,0),(1276,'2022-08-08 00:00:00',20,1,2,0),(1277,'2022-08-09 00:00:00',17,1,1,0),(1278,'2022-08-10 00:00:00',25,0,3,0),(1279,'2022-08-11 00:00:00',15,0,4,0),(1280,'2022-08-12 00:00:00',22,0,3,0),(1281,'2022-08-13 00:00:00',10,0,0,0),(1282,'2022-08-14 00:00:00',17,0,3,0),(1283,'2022-08-15 00:00:00',12,2,4,0),(1284,'2022-08-16 00:00:00',14,1,0,0),(1285,'2022-08-17 00:00:00',21,2,3,0),(1286,'2022-08-18 00:00:00',19,1,6,0),(1287,'2022-08-19 00:00:00',6,0,1,0),(1288,'2022-08-20 00:00:00',9,1,2,0),(1289,'2022-08-21 00:00:00',9,0,2,0),(1290,'2022-08-22 00:00:00',12,4,1,0),(1291,'2022-08-23 00:00:00',25,8,3,0),(1292,'2022-08-24 00:00:00',21,0,1,0),(1293,'2022-08-25 00:00:00',12,3,0,0),(1294,'2022-08-26 00:00:00',19,0,2,0),(1295,'2022-08-27 00:00:00',9,2,0,0),(1296,'2022-08-28 00:00:00',14,3,3,0),(1297,'2022-08-29 00:00:00',15,0,4,0),(1298,'2022-08-30 00:00:00',14,0,3,0),(1299,'2022-08-31 00:00:00',11,4,1,0),(1300,'2022-09-01 00:00:00',12,0,2,0),(1301,'2022-09-02 00:00:00',8,1,1,0),(1302,'2022-09-03 00:00:00',10,0,3,0),(1303,'2022-09-04 00:00:00',13,2,1,0),(1304,'2022-09-05 00:00:00',14,3,0,0),(1305,'2022-09-06 00:00:00',14,1,6,0),(1306,'2022-09-07 00:00:00',13,1,2,0),(1307,'2022-09-08 00:00:00',25,0,7,0),(1308,'2022-09-09 00:00:00',12,1,3,0),(1309,'2022-09-15 00:00:00',6,0,2,0),(1310,'2022-09-16 00:00:00',11,1,4,0),(1311,'2022-09-17 00:00:00',7,0,0,0),(1312,'2022-09-18 00:00:00',5,0,0,0),(1313,'2022-09-19 00:00:00',11,0,2,0),(1314,'2022-09-20 00:00:00',15,0,6,0),(1315,'2022-09-21 00:00:00',6,1,1,0),(1316,'2022-09-22 00:00:00',18,3,5,0),(1317,'2022-09-23 00:00:00',20,0,0,0),(1318,'2022-09-24 00:00:00',6,0,0,0),(1319,'2022-09-25 00:00:00',15,0,3,0),(1320,'2022-09-26 00:00:00',9,0,2,0),(1321,'2022-09-27 00:00:00',10,2,2,0),(1322,'2022-09-28 00:00:00',13,0,3,0),(1323,'2022-09-29 00:00:00',22,4,4,0),(1324,'2022-09-30 00:00:00',8,1,2,0),(1325,'2022-10-01 00:00:00',5,0,2,0),(1326,'2022-10-02 00:00:00',15,0,2,0),(1327,'2022-10-03 00:00:00',12,1,1,0),(1328,'2022-10-04 00:00:00',16,3,2,0),(1329,'2022-10-05 00:00:00',25,0,2,0),(1330,'2022-10-06 00:00:00',9,1,0,0),(1331,'2022-10-07 00:00:00',35,2,2,0),(1332,'2022-10-08 00:00:00',8,1,0,0),(1333,'2022-10-09 00:00:00',7,0,0,0),(1334,'2022-10-10 00:00:00',16,2,2,0),(1335,'2022-10-11 00:00:00',25,1,3,0),(1336,'2022-10-12 00:00:00',22,0,7,0),(1337,'2022-10-13 00:00:00',17,1,3,0),(1338,'2022-10-14 00:00:00',20,1,3,0),(1339,'2022-10-15 00:00:00',447,1,2,0),(1340,'2022-10-16 00:00:00',15,1,2,0),(1341,'2022-10-17 00:00:00',17,0,5,0),(1342,'2022-10-18 00:00:00',16,0,1,0),(1343,'2022-10-19 00:00:00',13,1,2,0),(1344,'2022-10-20 00:00:00',25,0,5,0),(1345,'2022-10-21 00:00:00',36,2,3,0),(1346,'2022-10-22 00:00:00',15,2,3,0),(1347,'2022-10-23 00:00:00',16,2,2,0),(1348,'2022-10-24 00:00:00',32,1,6,0),(1349,'2022-10-25 00:00:00',24,3,3,0),(1350,'2022-10-26 00:00:00',14,0,0,0),(1351,'2022-10-27 00:00:00',23,3,1,0),(1352,'2022-10-28 00:00:00',14,0,2,0),(1353,'2022-10-29 00:00:00',16,1,4,0),(1354,'2022-10-30 00:00:00',32,1,2,0),(1355,'2022-10-31 00:00:00',25,1,0,0),(1356,'2022-11-01 00:00:00',17,1,2,0),(1357,'2022-11-02 00:00:00',28,1,0,0),(1358,'2022-11-03 00:00:00',14,2,1,0),(1359,'2022-11-04 00:00:00',16,0,2,0),(1360,'2022-11-07 00:00:00',8,0,4,0),(1361,'2022-11-08 00:00:00',28,1,3,0),(1362,'2022-11-09 00:00:00',22,1,5,0),(1363,'2022-11-10 00:00:00',23,1,3,0),(1364,'2022-11-11 00:00:00',28,1,2,0),(1365,'2022-11-12 00:00:00',14,0,1,0),(1366,'2022-11-13 00:00:00',17,0,2,0),(1367,'2022-11-14 00:00:00',26,1,9,0),(1368,'2022-11-15 00:00:00',28,2,2,0),(1369,'2022-11-16 00:00:00',23,0,3,0),(1370,'2022-11-17 00:00:00',15,0,3,0),(1371,'2022-11-18 00:00:00',22,0,5,0),(1372,'2022-11-19 00:00:00',40,0,2,0),(1373,'2022-11-20 00:00:00',27,1,2,0),(1374,'2022-11-21 00:00:00',28,0,6,0),(1375,'2022-11-22 00:00:00',19,0,3,0),(1376,'2022-11-23 00:00:00',19,0,1,0),(1377,'2022-11-24 00:00:00',14,0,3,0),(1378,'2022-11-25 00:00:00',19,0,7,0),(1379,'2022-11-26 00:00:00',7,3,1,0),(1380,'2022-11-27 00:00:00',16,0,2,0),(1381,'2022-11-28 00:00:00',18,1,5,0),(1382,'2022-11-29 00:00:00',16,0,3,0),(1383,'2022-11-30 00:00:00',22,1,5,0),(1384,'2022-12-01 00:00:00',12,0,4,0),(1385,'2022-12-02 00:00:00',13,0,2,0),(1386,'2022-12-03 00:00:00',29,0,3,0),(1387,'2022-12-04 00:00:00',25,2,0,0),(1388,'2022-12-05 00:00:00',20,1,4,0),(1389,'2022-12-06 00:00:00',18,2,2,0),(1390,'2022-12-07 00:00:00',8,0,1,0),(1391,'2022-12-08 00:00:00',16,0,2,0),(1392,'2022-12-09 00:00:00',14,0,2,0),(1393,'2022-12-10 00:00:00',17,0,0,0),(1394,'2022-12-11 00:00:00',12,0,2,0),(1395,'2022-12-12 00:00:00',15,2,1,0),(1396,'2022-12-13 00:00:00',16,1,3,0),(1397,'2022-12-14 00:00:00',13,3,1,0),(1398,'2022-12-15 00:00:00',29,1,2,0),(1399,'2022-12-16 00:00:00',23,0,6,0),(1400,'2022-12-17 00:00:00',19,0,1,0),(1401,'2022-12-18 00:00:00',62,1,3,0),(1402,'2022-12-19 00:00:00',20,1,0,0),(1403,'2022-12-20 00:00:00',21,3,1,0),(1404,'2022-12-21 00:00:00',13,1,3,0),(1405,'2022-12-22 00:00:00',11,1,0,0),(1406,'2022-12-23 00:00:00',23,1,4,0),(1407,'2022-12-24 00:00:00',20,1,3,0),(1408,'2022-12-25 00:00:00',5,0,4,0),(1409,'2022-12-26 00:00:00',12,1,4,0),(1410,'2022-12-27 00:00:00',13,1,1,0),(1411,'2022-12-28 00:00:00',11,2,0,0),(1412,'2022-12-29 00:00:00',22,2,0,0),(1413,'2022-12-30 00:00:00',17,3,0,0),(1414,'2022-12-31 00:00:00',5,0,0,0),(1415,'2023-01-01 00:00:00',19,1,1,0),(1416,'2023-01-02 00:00:00',25,0,2,0),(1417,'2023-01-03 00:00:00',14,1,0,0),(1418,'2023-01-04 00:00:00',9,0,1,0),(1419,'2023-01-05 00:00:00',15,2,2,0),(1420,'2023-01-06 00:00:00',17,1,3,0),(1421,'2023-01-07 00:00:00',10,0,0,0),(1422,'2023-01-08 00:00:00',12,1,1,0),(1423,'2023-01-09 00:00:00',13,1,2,0),(1424,'2023-01-10 00:00:00',27,0,5,0),(1425,'2023-01-11 00:00:00',17,0,4,0),(1426,'2023-01-12 00:00:00',23,0,5,0),(1427,'2023-01-13 00:00:00',13,0,4,0),(1428,'2023-01-14 00:00:00',7,0,1,0),(1429,'2023-01-15 00:00:00',10,0,4,0),(1430,'2023-01-16 00:00:00',24,0,4,0),(1431,'2023-01-17 00:00:00',24,2,4,0),(1432,'2023-01-18 00:00:00',16,1,0,0),(1433,'2023-01-19 00:00:00',17,1,5,0),(1434,'2023-01-20 00:00:00',16,0,2,0),(1435,'2023-01-21 00:00:00',25,0,3,0),(1436,'2023-01-22 00:00:00',7,0,2,0),(1437,'2023-01-23 00:00:00',19,0,3,0),(1438,'2023-01-24 00:00:00',18,0,2,0),(1439,'2023-01-25 00:00:00',18,1,4,0),(1440,'2023-01-26 00:00:00',26,0,4,0),(1441,'2023-01-27 00:00:00',38,2,2,0),(1442,'2023-01-28 00:00:00',21,2,0,0),(1443,'2023-01-29 00:00:00',20,0,0,0),(1444,'2023-01-30 00:00:00',24,0,5,0),(1445,'2023-01-31 00:00:00',16,0,1,0),(1446,'2023-02-01 00:00:00',20,0,5,0),(1447,'2023-02-02 00:00:00',27,1,2,0),(1448,'2023-02-03 00:00:00',25,0,3,0),(1449,'2023-02-04 00:00:00',14,1,0,0),(1450,'2023-02-05 00:00:00',27,0,1,0),(1451,'2023-02-06 00:00:00',19,6,3,0),(1452,'2023-02-07 00:00:00',22,4,1,0),(1453,'2023-02-08 00:00:00',24,1,4,0),(1454,'2023-02-09 00:00:00',22,1,2,0),(1455,'2023-02-10 00:00:00',54,1,3,0),(1456,'2023-02-11 00:00:00',12,0,1,0),(1457,'2023-02-12 00:00:00',18,1,1,0),(1458,'2023-02-13 00:00:00',14,1,4,0),(1459,'2023-02-14 00:00:00',15,1,0,0),(1460,'2023-02-15 00:00:00',20,3,5,0),(1461,'2023-02-16 00:00:00',20,0,6,0),(1462,'2023-02-17 00:00:00',18,0,3,0),(1463,'2023-02-18 00:00:00',39,2,1,0),(1464,'2023-02-19 00:00:00',13,3,0,0),(1465,'2023-02-20 00:00:00',29,1,4,0),(1466,'2023-02-21 00:00:00',29,1,5,0),(1467,'2023-02-22 00:00:00',34,1,2,0),(1468,'2023-02-23 00:00:00',24,0,2,0),(1469,'2023-02-24 00:00:00',36,2,1,0),(1470,'2023-02-25 00:00:00',37,0,2,0),(1471,'2023-02-26 00:00:00',25,3,2,0),(1472,'2023-02-27 00:00:00',22,3,0,0),(1473,'2023-02-28 00:00:00',28,9,3,0),(1474,'2023-03-01 00:00:00',16,0,6,0),(1475,'2023-03-02 00:00:00',36,3,9,0),(1476,'2023-03-03 00:00:00',19,1,5,0),(1477,'2023-03-04 00:00:00',21,0,4,0),(1478,'2023-03-05 00:00:00',17,1,5,0),(1479,'2023-03-06 00:00:00',33,1,2,0),(1480,'2023-03-07 00:00:00',14,0,7,0),(1481,'2023-03-08 00:00:00',15,0,0,0),(1482,'2023-03-09 00:00:00',35,0,8,0),(1483,'2023-03-10 00:00:00',37,6,5,0),(1484,'2023-03-11 00:00:00',15,2,2,0),(1485,'2023-03-12 00:00:00',15,2,2,0),(1486,'2023-03-13 00:00:00',20,1,7,0),(1487,'2023-03-14 00:00:00',24,3,1,0),(1488,'2023-03-15 00:00:00',23,1,5,0),(1489,'2023-03-16 00:00:00',34,2,7,0),(1490,'2023-03-17 00:00:00',16,3,4,0),(1491,'2023-03-18 00:00:00',9,0,2,0),(1492,'2023-03-19 00:00:00',10,0,1,0),(1493,'2023-03-20 00:00:00',6,1,1,0),(1494,'2023-03-21 00:00:00',17,0,4,0),(1495,'2023-03-22 00:00:00',12,0,4,0),(1496,'2023-03-23 00:00:00',11,0,4,0),(1497,'2023-03-24 00:00:00',18,1,6,0),(1498,'2023-03-25 00:00:00',20,2,6,0),(1499,'2023-03-26 00:00:00',35,4,1,0),(1500,'2023-03-27 00:00:00',18,0,4,0),(1501,'2023-03-28 00:00:00',24,0,2,0),(1502,'2023-03-29 00:00:00',26,0,4,0),(1503,'2023-03-30 00:00:00',17,1,5,0),(1504,'2023-03-31 00:00:00',21,0,7,0),(1505,'2023-04-01 00:00:00',23,0,5,0),(1506,'2023-04-02 00:00:00',31,1,1,0),(1507,'2023-04-03 00:00:00',28,2,1,0),(1508,'2023-04-04 00:00:00',45,0,3,0),(1509,'2023-04-05 00:00:00',23,0,7,0),(1510,'2023-04-06 00:00:00',25,2,4,0),(1511,'2023-04-07 00:00:00',32,1,1,0),(1512,'2023-04-08 00:00:00',27,3,2,0),(1513,'2023-04-09 00:00:00',33,1,5,0),(1514,'2023-04-10 00:00:00',19,1,1,0),(1515,'2023-04-11 00:00:00',27,1,2,0),(1516,'2023-04-12 00:00:00',26,1,4,0),(1517,'2023-04-13 00:00:00',22,0,7,0),(1518,'2023-04-14 00:00:00',24,3,3,0),(1519,'2023-04-15 00:00:00',20,1,0,0),(1520,'2023-04-16 00:00:00',27,1,1,0),(1521,'2023-04-17 00:00:00',24,0,4,0),(1522,'2023-04-18 00:00:00',22,3,6,0),(1523,'2023-04-19 00:00:00',17,1,2,0),(1524,'2023-04-20 00:00:00',31,3,6,0),(1525,'2023-04-21 00:00:00',27,1,0,0),(1526,'2023-04-22 00:00:00',35,0,2,0),(1527,'2023-04-23 00:00:00',18,0,4,0),(1528,'2023-04-24 00:00:00',31,4,2,0),(1529,'2023-04-25 00:00:00',40,2,10,0),(1530,'2023-04-26 00:00:00',35,0,6,0),(1531,'2023-04-27 00:00:00',10,0,3,0),(1532,'2023-04-28 00:00:00',6,0,2,0),(1533,'2023-04-29 00:00:00',11,0,2,0),(1534,'2023-04-30 00:00:00',11,0,3,0),(1535,'2023-05-01 00:00:00',17,1,1,0),(1536,'2023-05-02 00:00:00',20,0,5,0),(1537,'2023-05-03 00:00:00',27,6,5,0),(1538,'2023-05-04 00:00:00',36,2,7,0),(1539,'2023-05-05 00:00:00',11,0,2,0),(1540,'2023-05-06 00:00:00',13,0,6,0),(1541,'2023-05-07 00:00:00',17,0,2,0),(1542,'2023-05-08 00:00:00',15,2,8,0),(1543,'2023-05-09 00:00:00',29,2,3,0),(1544,'2023-05-10 00:00:00',16,0,2,0),(1545,'2023-05-11 00:00:00',20,3,2,0),(1546,'2023-05-12 00:00:00',14,0,1,0),(1547,'2023-05-13 00:00:00',11,2,1,0),(1548,'2023-05-14 00:00:00',15,0,5,0),(1549,'2023-05-15 00:00:00',22,0,2,0),(1550,'2023-05-16 00:00:00',24,2,3,0),(1551,'2023-05-17 00:00:00',19,0,5,0),(1552,'2023-05-18 00:00:00',19,0,3,0),(1553,'2023-05-19 00:00:00',12,3,1,0),(1554,'2023-05-20 00:00:00',10,0,5,0),(1555,'2023-05-21 00:00:00',9,0,2,0),(1556,'2023-05-22 00:00:00',19,1,4,0),(1557,'2023-05-23 00:00:00',27,2,5,0),(1558,'2023-05-24 00:00:00',14,1,2,0),(1559,'2023-05-25 00:00:00',18,1,3,0),(1560,'2023-05-26 00:00:00',12,0,0,0),(1561,'2023-05-27 00:00:00',7,0,3,0),(1562,'2023-05-28 00:00:00',40,0,3,0),(1563,'2023-05-29 00:00:00',22,1,2,0),(1564,'2023-05-30 00:00:00',16,1,1,0),(1565,'2023-05-31 00:00:00',19,0,4,0),(1566,'2023-06-01 00:00:00',16,0,3,0),(1567,'2023-06-02 00:00:00',18,1,0,0),(1568,'2023-06-03 00:00:00',17,0,1,0),(1569,'2023-06-04 00:00:00',7,1,0,0),(1570,'2023-06-05 00:00:00',15,0,4,0),(1571,'2023-06-06 00:00:00',22,2,1,0),(1572,'2023-06-07 00:00:00',39,3,4,0),(1573,'2023-06-08 00:00:00',31,0,2,0),(1574,'2023-06-09 00:00:00',7,0,0,0),(1575,'2023-06-10 00:00:00',8,1,0,0),(1576,'2023-06-11 00:00:00',15,1,3,0),(1577,'2023-06-12 00:00:00',16,3,4,0),(1578,'2023-06-13 00:00:00',22,2,8,0),(1579,'2023-06-14 00:00:00',77,2,4,0),(1580,'2023-06-15 00:00:00',14,2,2,0),(1581,'2023-06-16 00:00:00',22,0,1,0),(1582,'2023-06-17 00:00:00',39,0,1,0),(1583,'2023-06-18 00:00:00',24,3,0,0),(1584,'2023-06-19 00:00:00',17,1,3,0),(1585,'2023-06-20 00:00:00',29,1,3,0),(1586,'2023-06-21 00:00:00',29,4,4,0),(1587,'2023-06-22 00:00:00',12,0,0,0),(1588,'2023-06-23 00:00:00',19,0,3,0),(1589,'2023-06-24 00:00:00',14,0,2,0),(1590,'2023-06-25 00:00:00',13,0,2,0),(1591,'2023-06-26 00:00:00',15,1,2,0),(1592,'2023-06-27 00:00:00',7,0,0,0),(1593,'2023-06-28 00:00:00',26,0,3,0),(1594,'2023-06-29 00:00:00',15,2,0,0),(1595,'2023-06-30 00:00:00',12,1,2,0),(1596,'2023-07-01 00:00:00',11,1,1,0),(1597,'2023-07-02 00:00:00',15,2,0,0),(1598,'2023-07-03 00:00:00',24,0,2,0),(1599,'2023-07-04 00:00:00',22,0,7,0),(1600,'2023-07-05 00:00:00',18,0,1,0),(1601,'2023-07-06 00:00:00',25,1,2,0),(1602,'2023-07-07 00:00:00',23,2,3,0),(1603,'2023-07-08 00:00:00',16,1,2,0),(1604,'2023-07-09 00:00:00',3,1,1,0),(1605,'2023-07-10 00:00:00',28,2,2,0),(1606,'2023-07-11 00:00:00',26,0,3,0),(1607,'2023-07-12 00:00:00',37,1,5,0),(1608,'2023-07-13 00:00:00',20,0,3,0),(1609,'2023-07-14 00:00:00',14,0,1,0),(1610,'2023-07-15 00:00:00',17,0,6,0),(1611,'2023-07-16 00:00:00',10,0,0,0),(1612,'2023-07-17 00:00:00',19,0,3,0),(1613,'2023-07-18 00:00:00',28,4,3,0),(1614,'2023-07-19 00:00:00',18,4,4,0),(1615,'2023-07-20 00:00:00',18,0,6,0),(1616,'2023-07-21 00:00:00',16,0,5,0),(1617,'2023-07-22 00:00:00',6,1,0,0),(1618,'2023-07-23 00:00:00',7,0,1,0),(1619,'2023-07-24 00:00:00',9,1,1,0),(1620,'2023-07-25 00:00:00',14,1,4,0),(1621,'2023-07-26 00:00:00',16,1,5,0),(1622,'2023-07-27 00:00:00',34,0,6,0),(1623,'2023-07-28 00:00:00',9,0,2,0),(1624,'2023-07-29 00:00:00',21,1,3,0),(1625,'2023-07-30 00:00:00',10,1,2,0),(1626,'2023-07-31 00:00:00',10,0,0,0),(1627,'2023-08-01 00:00:00',9,0,2,0),(1628,'2023-08-02 00:00:00',20,1,3,0),(1629,'2023-08-03 00:00:00',18,1,8,0),(1630,'2023-08-04 00:00:00',18,1,2,0),(1631,'2023-08-05 00:00:00',5,0,1,0),(1632,'2023-08-06 00:00:00',16,2,4,0),(1633,'2023-08-07 00:00:00',23,2,4,0),(1634,'2023-08-08 00:00:00',17,2,1,0),(1635,'2023-08-09 00:00:00',17,0,3,0),(1636,'2023-08-10 00:00:00',29,2,0,0),(1637,'2023-08-11 00:00:00',27,1,5,0),(1638,'2023-08-12 00:00:00',6,0,1,0),(1639,'2023-08-13 00:00:00',10,2,1,0),(1640,'2023-08-14 00:00:00',29,2,7,0),(1641,'2023-08-15 00:00:00',15,1,6,0),(1642,'2023-08-16 00:00:00',8,0,3,0),(1643,'2023-08-17 00:00:00',12,1,5,0),(1644,'2023-08-18 00:00:00',15,0,3,0),(1645,'2023-08-19 00:00:00',19,2,7,0),(1646,'2023-08-20 00:00:00',13,3,4,0),(1647,'2023-08-21 00:00:00',21,1,4,0),(1648,'2023-08-22 00:00:00',18,3,2,0),(1649,'2023-08-23 00:00:00',18,3,2,0),(1650,'2023-08-24 00:00:00',13,0,5,0),(1651,'2023-08-25 00:00:00',18,2,4,0),(1652,'2023-08-26 00:00:00',15,0,5,0),(1653,'2023-08-27 00:00:00',16,0,3,0),(1654,'2023-08-28 00:00:00',23,1,4,0),(1655,'2023-08-29 00:00:00',12,0,1,0),(1656,'2023-08-30 00:00:00',19,0,8,0),(1657,'2023-08-31 00:00:00',11,0,4,0),(1658,'2023-09-01 00:00:00',11,0,3,0),(1659,'2023-09-02 00:00:00',13,2,0,0),(1660,'2023-09-03 00:00:00',12,1,2,0),(1661,'2023-09-04 00:00:00',23,0,5,0),(1662,'2023-09-05 00:00:00',20,1,6,0),(1663,'2023-09-06 00:00:00',10,1,2,0),(1664,'2023-09-07 00:00:00',16,0,3,0),(1665,'2023-09-08 00:00:00',15,2,2,0),(1666,'2023-09-09 00:00:00',24,2,2,0),(1667,'2023-09-10 00:00:00',15,1,1,0),(1668,'2023-09-11 00:00:00',15,0,1,0),(1669,'2023-09-12 00:00:00',30,1,5,0),(1670,'2023-09-13 00:00:00',34,3,4,0),(1671,'2023-09-14 00:00:00',16,2,6,0),(1672,'2023-09-15 00:00:00',30,2,8,0),(1673,'2023-09-16 00:00:00',11,0,6,0),(1674,'2023-09-17 00:00:00',20,2,6,0),(1675,'2023-09-18 00:00:00',19,0,4,0),(1676,'2023-09-19 00:00:00',27,0,3,0),(1677,'2023-09-20 00:00:00',18,3,6,0),(1678,'2023-09-21 00:00:00',13,1,3,0),(1679,'2023-09-22 00:00:00',12,2,1,0),(1680,'2023-09-23 00:00:00',14,1,2,0),(1681,'2023-09-24 00:00:00',17,4,3,0),(1682,'2023-09-25 00:00:00',30,2,6,0),(1683,'2023-09-26 00:00:00',34,1,5,0),(1684,'2023-09-27 00:00:00',16,2,3,0),(1685,'2023-09-28 00:00:00',25,0,5,0),(1686,'2023-09-29 00:00:00',23,0,3,0),(1687,'2023-09-30 00:00:00',10,1,1,0),(1688,'2023-10-01 00:00:00',20,0,4,0),(1689,'2023-10-02 00:00:00',33,1,5,0),(1690,'2023-10-03 00:00:00',22,1,6,0),(1691,'2023-10-04 00:00:00',31,2,6,0),(1692,'2023-10-05 00:00:00',16,0,4,0),(1693,'2023-10-06 00:00:00',25,0,7,0),(1694,'2023-10-07 00:00:00',21,1,5,0),(1695,'2023-10-08 00:00:00',24,4,4,0),(1696,'2023-10-09 00:00:00',32,2,7,0),(1697,'2023-10-10 00:00:00',32,1,7,0),(1698,'2023-10-11 00:00:00',31,2,1,0),(1699,'2023-10-12 00:00:00',21,1,3,0),(1700,'2023-10-13 00:00:00',30,2,6,0),(1701,'2023-10-14 00:00:00',19,1,3,0),(1702,'2023-10-15 00:00:00',16,0,5,0),(1703,'2023-10-16 00:00:00',26,2,7,0),(1704,'2023-10-17 00:00:00',16,1,1,0),(1705,'2023-10-18 00:00:00',21,0,5,0),(1706,'2023-10-19 00:00:00',19,3,2,0),(1707,'2023-10-20 00:00:00',17,0,1,0),(1708,'2023-10-21 00:00:00',17,0,6,0),(1709,'2023-10-22 00:00:00',29,2,1,0),(1710,'2023-10-23 00:00:00',24,2,2,0),(1711,'2023-10-24 00:00:00',20,0,4,0),(1712,'2023-10-25 00:00:00',15,1,2,0),(1713,'2023-10-26 00:00:00',31,2,7,0),(1714,'2023-10-27 00:00:00',22,0,6,0),(1715,'2023-10-28 00:00:00',25,1,0,0),(1716,'2023-10-29 00:00:00',17,1,2,0),(1717,'2023-10-30 00:00:00',17,0,3,0),(1718,'2023-10-31 00:00:00',14,1,1,0),(1719,'2023-11-01 00:00:00',15,1,2,0),(1720,'2023-11-02 00:00:00',26,1,3,0),(1721,'2023-11-03 00:00:00',15,0,3,0),(1722,'2023-11-04 00:00:00',10,0,3,0),(1723,'2023-11-05 00:00:00',22,2,2,0),(1724,'2023-11-06 00:00:00',21,1,2,0),(1725,'2023-11-07 00:00:00',22,2,1,0),(1726,'2023-11-08 00:00:00',21,0,3,0),(1727,'2023-11-09 00:00:00',40,2,6,0),(1728,'2023-11-10 00:00:00',24,1,3,0),(1729,'2023-11-11 00:00:00',17,0,2,0),(1730,'2023-11-12 00:00:00',17,0,1,0),(1731,'2023-11-13 00:00:00',23,1,9,0),(1732,'2023-11-14 00:00:00',17,2,1,0),(1733,'2023-11-15 00:00:00',29,3,3,0),(1734,'2023-11-16 00:00:00',21,0,9,0),(1735,'2023-11-17 00:00:00',20,1,3,0),(1736,'2023-11-18 00:00:00',14,0,2,0),(1737,'2023-11-19 00:00:00',21,1,2,0),(1738,'2023-11-20 00:00:00',29,4,3,0),(1739,'2023-11-21 00:00:00',25,1,2,0),(1740,'2023-11-22 00:00:00',16,0,5,0),(1741,'2023-11-23 00:00:00',23,7,2,0),(1742,'2023-11-24 00:00:00',38,0,3,0),(1743,'2023-11-25 00:00:00',15,0,5,0),(1744,'2023-11-26 00:00:00',23,1,7,0),(1745,'2023-11-27 00:00:00',22,1,3,0),(1746,'2023-11-28 00:00:00',17,1,3,0),(1747,'2023-11-29 00:00:00',18,4,0,0),(1748,'2023-11-30 00:00:00',18,1,1,0),(1749,'2023-12-01 00:00:00',7,0,0,0),(1750,'2023-12-02 00:00:00',7,2,0,0),(1751,'2023-12-03 00:00:00',17,0,2,0),(1752,'2023-12-04 00:00:00',24,3,4,0),(1753,'2023-12-05 00:00:00',22,0,2,0),(1754,'2023-12-06 00:00:00',13,0,3,0),(1755,'2023-12-07 00:00:00',15,2,1,0),(1756,'2023-12-08 00:00:00',20,4,3,0),(1757,'2023-12-09 00:00:00',22,0,2,0),(1758,'2023-12-10 00:00:00',11,1,1,0),(1759,'2023-12-11 00:00:00',29,4,2,0),(1760,'2023-12-12 00:00:00',10,1,1,0),(1761,'2023-12-13 00:00:00',22,2,4,0),(1762,'2023-12-14 00:00:00',17,3,2,0),(1763,'2023-12-15 00:00:00',17,0,2,0),(1764,'2023-12-16 00:00:00',22,1,2,0),(1765,'2023-12-17 00:00:00',11,0,1,0),(1766,'2023-12-18 00:00:00',10,1,1,0),(1767,'2023-12-19 00:00:00',13,0,2,0),(1768,'2023-12-20 00:00:00',9,3,0,0),(1769,'2023-12-21 00:00:00',23,0,5,0),(1770,'2023-12-22 00:00:00',27,5,1,0),(1771,'2023-12-23 00:00:00',14,1,0,0),(1772,'2023-12-24 00:00:00',17,1,3,0),(1773,'2023-12-25 00:00:00',20,2,2,0),(1774,'2023-12-26 00:00:00',17,0,3,0),(1775,'2023-12-27 00:00:00',20,1,3,0),(1776,'2023-12-28 00:00:00',13,0,4,0),(1777,'2023-12-29 00:00:00',16,1,1,0),(1778,'2023-12-30 00:00:00',12,4,1,0),(1779,'2023-12-31 00:00:00',12,1,0,0),(1780,'2024-01-01 00:00:00',10,1,1,0),(1781,'2024-01-02 00:00:00',22,4,0,0),(1782,'2024-01-03 00:00:00',18,1,2,0),(1783,'2024-01-04 00:00:00',9,0,0,0),(1784,'2024-01-05 00:00:00',28,6,1,0),(1785,'2024-01-06 00:00:00',8,2,0,0),(1786,'2024-01-07 00:00:00',32,2,4,0),(1787,'2024-01-08 00:00:00',18,3,1,0),(1788,'2024-01-09 00:00:00',23,0,2,0),(1789,'2024-01-10 00:00:00',12,1,3,0),(1790,'2024-01-11 00:00:00',22,3,1,0),(1791,'2024-01-12 00:00:00',13,1,1,0),(1792,'2024-01-13 00:00:00',14,0,1,0),(1793,'2024-01-14 00:00:00',2,0,2,0),(1794,'2024-01-15 00:00:00',15,0,5,0),(1795,'2024-01-16 00:00:00',12,2,3,0),(1796,'2024-01-17 00:00:00',13,1,2,0),(1797,'2024-01-18 00:00:00',13,0,0,0),(1798,'2024-01-19 00:00:00',17,2,2,0),(1799,'2024-01-20 00:00:00',15,2,0,0),(1800,'2024-01-21 00:00:00',20,0,2,0),(1801,'2024-01-22 00:00:00',39,0,4,0),(1802,'2024-01-23 00:00:00',26,2,5,0),(1803,'2024-01-24 00:00:00',19,2,3,0),(1804,'2024-01-25 00:00:00',8,3,0,0),(1805,'2024-01-26 00:00:00',26,0,9,0),(1806,'2024-01-27 00:00:00',13,1,2,0),(1807,'2024-01-28 00:00:00',26,2,3,0),(1808,'2024-01-29 00:00:00',24,2,3,0),(1809,'2024-01-30 00:00:00',33,2,7,0),(1810,'2024-01-31 00:00:00',21,5,3,0),(1811,'2024-02-01 00:00:00',29,2,6,0),(1812,'2024-02-02 00:00:00',20,1,6,0),(1813,'2024-02-03 00:00:00',25,0,2,0),(1814,'2024-02-04 00:00:00',17,0,2,0),(1815,'2024-02-05 00:00:00',22,1,1,0),(1816,'2024-02-06 00:00:00',20,2,1,0),(1817,'2024-02-07 00:00:00',25,1,4,0),(1818,'2024-02-08 00:00:00',17,0,2,0),(1819,'2024-02-09 00:00:00',15,1,2,0),(1820,'2024-02-10 00:00:00',17,2,2,0),(1821,'2024-02-11 00:00:00',22,1,4,0),(1822,'2024-02-12 00:00:00',16,1,3,0),(1823,'2024-02-13 00:00:00',14,1,3,0),(1824,'2024-02-14 00:00:00',29,1,5,0),(1825,'2024-02-15 00:00:00',18,2,2,0),(1826,'2024-02-16 00:00:00',19,1,2,0),(1827,'2024-02-17 00:00:00',20,2,1,0),(1828,'2024-02-18 00:00:00',18,1,4,0),(1829,'2024-02-19 00:00:00',37,4,7,0),(1830,'2024-02-20 00:00:00',14,0,2,0),(1831,'2024-02-21 00:00:00',19,4,2,0),(1832,'2024-02-22 00:00:00',15,2,3,0),(1833,'2024-02-23 00:00:00',7,0,1,0),(1834,'2024-02-24 00:00:00',10,1,3,0),(1835,'2024-02-25 00:00:00',17,0,4,0),(1836,'2024-02-26 00:00:00',24,1,5,0),(1837,'2024-02-27 00:00:00',28,0,5,0),(1838,'2024-02-28 00:00:00',27,3,7,0),(1839,'2024-02-29 00:00:00',23,1,7,0),(1840,'2024-03-01 00:00:00',25,1,6,0),(1841,'2024-03-02 00:00:00',17,0,3,0),(1842,'2024-03-03 00:00:00',15,5,4,0),(1843,'2024-03-04 00:00:00',38,0,8,0),(1844,'2024-03-05 00:00:00',30,1,7,0),(1845,'2024-03-06 00:00:00',16,1,6,0),(1846,'2024-03-07 00:00:00',16,1,3,0),(1847,'2024-03-08 00:00:00',11,4,3,0),(1848,'2024-03-09 00:00:00',28,0,5,0),(1849,'2024-03-10 00:00:00',12,0,4,0),(1850,'2024-03-11 00:00:00',30,2,9,0),(1851,'2024-03-12 00:00:00',29,1,10,0),(1852,'2024-03-13 00:00:00',22,2,7,0),(1853,'2024-03-14 00:00:00',27,4,3,0),(1854,'2024-03-15 00:00:00',19,3,1,0),(1855,'2024-03-16 00:00:00',18,3,2,0),(1856,'2024-03-17 00:00:00',19,2,0,0),(1857,'2024-03-18 00:00:00',18,0,5,0),(1858,'2024-03-19 00:00:00',39,2,5,0),(1859,'2024-03-20 00:00:00',24,5,5,0),(1860,'2024-03-21 00:00:00',21,0,3,0),(1861,'2024-03-22 00:00:00',31,4,7,0),(1862,'2024-03-23 00:00:00',9,0,2,0),(1863,'2024-03-24 00:00:00',10,0,4,0),(1864,'2024-03-25 00:00:00',22,0,3,0),(1865,'2024-03-26 00:00:00',13,1,1,0),(1866,'2024-03-27 00:00:00',38,4,5,0),(1867,'2024-03-28 00:00:00',20,3,4,0),(1868,'2024-03-29 00:00:00',39,3,11,0),(1869,'2024-03-30 00:00:00',19,1,5,0),(1870,'2024-03-31 00:00:00',19,2,1,0),(1871,'2024-04-01 00:00:00',28,0,4,0),(1872,'2024-04-02 00:00:00',15,0,2,0),(1873,'2024-04-03 00:00:00',41,4,6,0),(1874,'2024-04-04 00:00:00',25,1,3,0),(1875,'2024-04-05 00:00:00',22,1,4,0),(1876,'2024-04-06 00:00:00',15,1,1,0),(1877,'2024-04-07 00:00:00',18,0,5,0),(1878,'2024-04-08 00:00:00',15,1,4,0),(1879,'2024-04-09 00:00:00',15,0,5,0),(1880,'2024-04-10 00:00:00',14,3,3,0),(1881,'2024-04-11 00:00:00',22,1,4,0),(1882,'2024-04-12 00:00:00',17,1,3,0),(1883,'2024-04-13 00:00:00',10,0,2,0),(1884,'2024-04-14 00:00:00',20,1,4,0),(1885,'2024-04-15 00:00:00',25,0,6,0),(1886,'2024-04-16 00:00:00',23,1,4,0),(1887,'2024-04-17 00:00:00',34,4,3,0),(1888,'2024-04-18 00:00:00',19,0,3,0),(1889,'2024-04-19 00:00:00',17,0,4,0),(1890,'2024-04-20 00:00:00',17,0,3,0),(1891,'2024-04-21 00:00:00',9,2,2,0),(1892,'2024-04-22 00:00:00',24,2,5,0),(1893,'2024-04-23 00:00:00',32,3,7,0),(1894,'2024-04-24 00:00:00',11,0,1,0),(1895,'2024-04-25 00:00:00',24,1,2,0),(1896,'2024-04-26 00:00:00',16,0,5,0),(1897,'2024-04-27 00:00:00',18,1,5,0),(1898,'2024-04-28 00:00:00',18,2,1,0),(1899,'2024-04-29 00:00:00',14,0,1,0),(1900,'2024-04-30 00:00:00',14,1,2,0),(1901,'2024-05-01 00:00:00',9,1,2,0),(1902,'2024-05-02 00:00:00',36,2,8,0),(1903,'2024-05-03 00:00:00',33,2,8,0),(1904,'2024-05-04 00:00:00',22,1,0,0),(1905,'2024-05-05 00:00:00',23,1,4,0),(1906,'2024-05-06 00:00:00',18,1,3,0),(1907,'2024-05-07 00:00:00',33,2,8,0),(1908,'2024-05-08 00:00:00',18,0,2,0),(1909,'2024-05-09 00:00:00',16,4,3,0),(1910,'2024-05-10 00:00:00',21,0,2,0),(1911,'2024-05-11 00:00:00',17,2,2,0),(1912,'2024-05-12 00:00:00',18,3,2,0),(1913,'2024-05-13 00:00:00',13,0,1,0),(1914,'2024-05-14 00:00:00',30,2,4,0),(1915,'2024-05-15 00:00:00',19,1,1,0),(1916,'2024-05-16 00:00:00',23,0,8,0),(1917,'2024-05-17 00:00:00',15,3,1,0),(1918,'2024-05-18 00:00:00',25,2,2,0),(1919,'2024-05-19 00:00:00',28,2,1,0),(1920,'2024-05-20 00:00:00',17,3,0,0),(1921,'2024-05-21 00:00:00',27,2,5,0),(1922,'2024-05-22 00:00:00',12,2,1,0),(1923,'2024-05-23 00:00:00',28,2,6,0),(1924,'2024-05-24 00:00:00',23,2,6,0),(1925,'2024-05-25 00:00:00',20,0,2,0),(1926,'2024-05-26 00:00:00',17,1,3,0),(1927,'2024-05-27 00:00:00',20,2,10,0),(1928,'2024-05-28 00:00:00',28,1,7,0),(1929,'2024-05-29 00:00:00',17,0,3,0),(1930,'2024-05-30 00:00:00',19,3,5,0),(1931,'2024-05-31 00:00:00',19,0,6,0),(1932,'2024-06-01 00:00:00',26,0,3,0),(1933,'2024-06-02 00:00:00',19,1,4,0),(1934,'2024-06-03 00:00:00',21,0,4,0),(1935,'2024-06-04 00:00:00',16,2,2,0),(1936,'2024-06-05 00:00:00',20,0,1,0),(1937,'2024-06-06 00:00:00',21,3,6,0),(1938,'2024-06-07 00:00:00',25,1,4,0),(1939,'2024-06-08 00:00:00',14,1,0,0),(1940,'2024-06-09 00:00:00',18,0,5,0),(1941,'2024-06-10 00:00:00',20,5,4,0),(1942,'2024-06-11 00:00:00',30,1,1,0),(1943,'2024-06-12 00:00:00',33,1,6,0),(1944,'2024-06-13 00:00:00',13,1,4,0),(1945,'2024-06-14 00:00:00',21,5,2,0),(1946,'2024-06-15 00:00:00',10,0,3,0),(1947,'2024-06-16 00:00:00',12,0,1,0),(1948,'2024-06-17 00:00:00',20,0,5,0),(1949,'2024-06-18 00:00:00',26,1,6,0),(1950,'2024-06-19 00:00:00',12,1,4,0),(1951,'2024-06-20 00:00:00',20,1,4,0),(1952,'2024-06-21 00:00:00',24,1,7,0),(1953,'2024-06-22 00:00:00',17,1,2,0),(1954,'2024-06-23 00:00:00',16,1,2,0),(1955,'2024-06-24 00:00:00',24,1,4,0),(1956,'2024-06-25 00:00:00',22,0,2,0),(1957,'2024-06-26 00:00:00',13,1,2,0),(1958,'2024-06-27 00:00:00',21,1,3,0),(1959,'2024-06-28 00:00:00',21,0,3,0),(1960,'2024-06-29 00:00:00',15,1,1,0),(1961,'2024-06-30 00:00:00',10,0,0,0),(1962,'2024-07-01 00:00:00',25,1,3,0),(1963,'2024-07-02 00:00:00',16,0,3,0),(1964,'2024-07-03 00:00:00',20,0,3,0),(1965,'2024-07-04 00:00:00',17,2,2,0),(1966,'2024-07-05 00:00:00',29,1,9,0),(1967,'2024-07-06 00:00:00',14,0,2,0),(1968,'2024-07-07 00:00:00',12,0,2,0),(1969,'2024-07-08 00:00:00',28,2,2,0),(1970,'2024-07-09 00:00:00',9,0,1,0),(1971,'2024-07-10 00:00:00',10,0,1,0),(1972,'2024-07-11 00:00:00',15,1,1,0),(1973,'2024-07-12 00:00:00',12,0,0,0),(1974,'2024-07-13 00:00:00',15,2,4,0),(1975,'2024-07-14 00:00:00',15,0,4,0),(1976,'2024-07-15 00:00:00',9,0,1,0),(1977,'2024-07-16 00:00:00',35,0,12,0),(1978,'2024-07-17 00:00:00',18,0,6,0),(1979,'2024-07-18 00:00:00',16,1,2,0),(1980,'2024-07-19 00:00:00',20,1,2,0),(1981,'2024-07-20 00:00:00',17,2,2,0),(1982,'2024-07-21 00:00:00',15,0,2,0),(1983,'2024-07-22 00:00:00',20,0,2,0),(1984,'2024-07-23 00:00:00',22,0,1,0),(1985,'2024-07-24 00:00:00',51,5,4,0),(1986,'2024-07-25 00:00:00',30,1,4,0),(1987,'2024-07-26 00:00:00',14,1,1,0),(1988,'2024-07-27 00:00:00',14,0,2,0),(1989,'2024-07-28 00:00:00',15,0,3,0),(1990,'2024-07-29 00:00:00',15,1,5,0),(1991,'2024-07-30 00:00:00',17,1,0,0),(1992,'2024-07-31 00:00:00',21,0,3,0),(1993,'2024-08-01 00:00:00',14,0,3,0),(1994,'2024-08-02 00:00:00',19,1,2,0),(1995,'2024-08-03 00:00:00',11,0,1,0),(1996,'2024-08-04 00:00:00',16,2,0,0),(1997,'2024-08-05 00:00:00',16,1,5,0),(1998,'2024-08-06 00:00:00',25,2,1,0),(1999,'2024-08-07 00:00:00',15,1,1,0),(2000,'2024-08-08 00:00:00',18,3,2,0),(2001,'2024-08-09 00:00:00',10,0,1,0),(2002,'2024-08-10 00:00:00',14,0,4,0),(2003,'2024-08-11 00:00:00',13,0,1,0),(2004,'2024-08-12 00:00:00',20,2,0,0),(2005,'2024-08-13 00:00:00',20,1,6,0),(2006,'2024-08-14 00:00:00',12,0,2,0),(2007,'2024-08-15 00:00:00',12,2,1,0),(2008,'2024-08-16 00:00:00',18,1,2,0),(2009,'2024-08-17 00:00:00',12,1,0,0),(2010,'2024-08-18 00:00:00',14,0,2,0),(2011,'2024-08-19 00:00:00',19,4,2,0),(2012,'2024-08-20 00:00:00',18,0,1,0),(2013,'2024-08-21 00:00:00',16,4,3,0),(2014,'2024-08-22 00:00:00',19,1,2,0),(2015,'2024-08-23 00:00:00',23,3,6,0),(2016,'2024-08-24 00:00:00',11,0,1,0),(2017,'2024-08-25 00:00:00',14,0,2,0),(2018,'2024-08-26 00:00:00',23,0,3,0),(2019,'2024-08-27 00:00:00',11,0,1,0),(2020,'2024-08-28 00:00:00',10,0,2,0),(2021,'2024-08-29 00:00:00',23,3,3,0),(2022,'2024-08-30 00:00:00',22,3,5,0),(2023,'2024-08-31 00:00:00',19,0,4,0),(2024,'2024-09-01 00:00:00',11,1,3,0),(2025,'2024-09-02 00:00:00',21,1,4,0),(2026,'2024-09-03 00:00:00',20,2,2,0),(2027,'2024-09-04 00:00:00',15,0,2,0),(2028,'2024-09-05 00:00:00',17,0,3,0),(2029,'2024-09-06 00:00:00',17,1,2,0),(2030,'2024-09-07 00:00:00',21,2,4,0),(2031,'2024-09-08 00:00:00',18,1,3,0),(2032,'2024-09-09 00:00:00',24,1,4,0),(2033,'2024-09-10 00:00:00',17,2,1,0),(2034,'2024-09-11 00:00:00',24,4,5,0),(2035,'2024-09-12 00:00:00',29,2,5,0),(2036,'2024-09-13 00:00:00',31,3,0,0),(2037,'2024-09-14 00:00:00',14,0,3,0),(2038,'2024-09-15 00:00:00',21,1,2,0),(2039,'2024-09-16 00:00:00',19,0,2,0),(2040,'2024-09-17 00:00:00',32,0,3,0),(2041,'2024-09-18 00:00:00',23,1,4,0),(2042,'2024-09-19 00:00:00',33,4,4,0),(2043,'2024-09-20 00:00:00',30,1,7,0),(2044,'2024-09-21 00:00:00',20,0,0,0),(2045,'2024-09-22 00:00:00',34,1,5,0),(2046,'2024-09-23 00:00:00',22,2,3,0),(2047,'2024-09-24 00:00:00',24,1,4,0),(2048,'2024-09-25 00:00:00',19,2,3,0),(2049,'2024-09-26 00:00:00',24,1,3,0),(2050,'2024-09-27 00:00:00',29,3,4,0),(2051,'2024-09-28 00:00:00',16,0,1,0),(2052,'2024-09-29 00:00:00',16,4,2,0),(2053,'2024-09-30 00:00:00',32,3,2,0),(2054,'2024-10-01 00:00:00',32,1,3,0),(2055,'2024-10-02 00:00:00',32,3,4,0),(2056,'2024-10-03 00:00:00',20,1,4,0),(2057,'2024-10-04 00:00:00',12,0,0,0),(2058,'2024-10-05 00:00:00',18,1,1,0),(2059,'2024-10-06 00:00:00',13,0,2,0),(2060,'2024-10-07 00:00:00',23,3,2,0),(2061,'2024-10-08 00:00:00',22,1,5,0),(2062,'2024-10-09 00:00:00',17,3,0,0),(2063,'2024-10-10 00:00:00',17,1,0,0),(2064,'2024-10-11 00:00:00',12,6,1,0),(2065,'2024-10-12 00:00:00',20,1,4,0),(2066,'2024-10-13 00:00:00',20,1,2,0),(2067,'2024-10-14 00:00:00',24,2,4,0),(2068,'2024-10-15 00:00:00',19,2,1,0),(2069,'2024-10-16 00:00:00',19,2,2,0),(2070,'2024-10-17 00:00:00',22,2,1,0),(2071,'2024-10-18 00:00:00',33,1,0,0),(2072,'2024-10-19 00:00:00',48,2,0,0),(2073,'2024-10-20 00:00:00',20,2,2,0),(2074,'2024-10-21 00:00:00',22,1,1,0),(2075,'2024-10-22 00:00:00',24,2,4,0),(2076,'2024-10-23 00:00:00',21,1,5,0),(2077,'2024-10-24 00:00:00',23,2,1,0),(2078,'2024-10-25 00:00:00',22,3,4,0),(2079,'2024-10-26 00:00:00',15,0,1,0),(2080,'2024-10-27 00:00:00',31,0,1,0),(2081,'2024-10-28 00:00:00',14,0,1,0),(2082,'2024-10-29 00:00:00',23,1,2,0),(2083,'2024-10-30 00:00:00',23,3,1,0),(2084,'2024-10-31 00:00:00',34,2,3,0),(2085,'2024-11-01 00:00:00',22,3,2,0),(2086,'2024-11-02 00:00:00',20,3,2,0),(2087,'2024-11-03 00:00:00',11,0,0,0),(2088,'2024-11-04 00:00:00',28,0,1,0),(2089,'2024-11-05 00:00:00',29,3,2,0),(2090,'2024-11-06 00:00:00',25,3,1,0),(2091,'2024-11-07 00:00:00',17,1,1,0),(2092,'2024-11-08 00:00:00',37,4,1,0),(2093,'2024-11-09 00:00:00',20,1,1,0),(2094,'2024-11-10 00:00:00',12,0,1,0),(2095,'2024-11-11 00:00:00',20,2,5,0),(2096,'2024-11-12 00:00:00',25,1,3,0),(2097,'2024-11-13 00:00:00',25,4,9,0),(2098,'2024-11-14 00:00:00',25,0,2,0),(2099,'2024-11-15 00:00:00',18,3,2,0),(2100,'2024-11-16 00:00:00',15,0,1,0),(2101,'2024-11-17 00:00:00',10,0,1,0),(2102,'2024-11-18 00:00:00',18,1,7,0),(2103,'2024-11-19 00:00:00',15,2,3,0),(2104,'2024-11-20 00:00:00',14,1,2,0),(2105,'2024-11-21 00:00:00',17,0,6,0),(2106,'2024-11-22 00:00:00',29,0,2,0),(2107,'2024-11-23 00:00:00',17,2,5,0),(2108,'2024-11-24 00:00:00',17,0,3,0),(2109,'2024-11-25 00:00:00',17,1,1,0),(2110,'2024-11-26 00:00:00',25,3,6,0),(2111,'2024-11-27 00:00:00',9,0,1,0),(2112,'2024-11-28 00:00:00',17,0,2,0),(2113,'2024-11-29 00:00:00',13,2,2,0),(2114,'2024-11-30 00:00:00',18,0,5,0),(2115,'2024-12-01 00:00:00',18,2,1,0),(2116,'2024-12-02 00:00:00',27,3,3,0),(2117,'2024-12-03 00:00:00',28,2,4,0),(2118,'2024-12-04 00:00:00',25,0,2,0),(2119,'2024-12-05 00:00:00',17,0,2,0),(2120,'2024-12-06 00:00:00',17,0,6,0),(2121,'2024-12-07 00:00:00',30,0,0,0),(2122,'2024-12-08 00:00:00',22,1,1,0),(2123,'2024-12-09 00:00:00',26,2,3,0),(2124,'2024-12-10 00:00:00',13,0,1,0),(2125,'2024-12-11 00:00:00',9,0,4,0),(2126,'2024-12-12 00:00:00',22,4,4,0),(2127,'2024-12-13 00:00:00',19,1,6,0),(2128,'2024-12-14 00:00:00',12,0,2,0),(2129,'2024-12-15 00:00:00',16,1,1,0),(2130,'2024-12-16 00:00:00',13,2,2,0),(2131,'2024-12-17 00:00:00',20,3,5,0),(2132,'2024-12-18 00:00:00',25,0,7,0),(2133,'2024-12-19 00:00:00',22,0,7,0),(2134,'2024-12-20 00:00:00',25,2,2,0),(2135,'2024-12-21 00:00:00',25,1,1,0),(2136,'2024-12-22 00:00:00',22,0,3,0),(2137,'2024-12-23 00:00:00',11,1,1,0),(2138,'2024-12-24 00:00:00',22,1,5,0),(2139,'2024-12-25 00:00:00',18,7,0,0),(2140,'2024-12-26 00:00:00',20,0,6,0),(2141,'2024-12-27 00:00:00',11,0,2,0),(2142,'2024-12-28 00:00:00',5,0,0,0),(2143,'2024-12-29 00:00:00',16,1,2,0),(2144,'2024-12-30 00:00:00',15,3,2,0),(2145,'2024-12-31 00:00:00',16,2,3,0),(2146,'2025-01-01 00:00:00',8,2,1,0),(2147,'2025-01-02 00:00:00',20,3,5,0),(2148,'2025-01-03 00:00:00',8,0,0,0),(2149,'2025-01-04 00:00:00',18,2,2,0),(2150,'2025-01-05 00:00:00',26,1,3,0),(2151,'2025-01-06 00:00:00',11,0,2,0),(2152,'2025-01-07 00:00:00',17,3,1,0),(2153,'2025-01-08 00:00:00',14,0,3,0),(2154,'2025-01-09 00:00:00',30,1,11,0),(2155,'2025-01-10 00:00:00',19,2,3,0),(2156,'2025-01-11 00:00:00',25,3,6,0),(2157,'2025-01-12 00:00:00',22,1,4,0),(2158,'2025-01-13 00:00:00',25,2,6,0),(2159,'2025-01-14 00:00:00',13,0,3,0),(2160,'2025-01-15 00:00:00',13,0,4,0),(2161,'2025-01-16 00:00:00',14,2,6,0),(2162,'2025-01-17 00:00:00',19,0,1,0),(2163,'2025-01-18 00:00:00',12,3,2,0),(2164,'2025-01-19 00:00:00',23,2,2,0),(2165,'2025-01-20 00:00:00',17,2,5,0),(2166,'2025-01-21 00:00:00',12,0,3,0),(2167,'2025-01-22 00:00:00',20,1,1,0),(2168,'2025-01-23 00:00:00',23,0,6,0),(2169,'2025-01-24 00:00:00',14,0,4,0);

--
-- Table structure for table `menu`
--

CREATE TABLE `menu` (
  `id` int(10) unsigned NOT NULL AUTO_INCREMENT,
  `name` varchar(255) CHARACTER SET utf8 COLLATE utf8_unicode_ci NOT NULL,
  `parent_id` int(10) unsigned DEFAULT NULL,
  `link_type` enum('internal','external','dropdown') NOT NULL,
  `link_url` varchar(512) NOT NULL,
  `sort_order` int(11) DEFAULT '0',
  `class` varchar(255) DEFAULT NULL,
  `rel` varchar(255) DEFAULT NULL,
  PRIMARY KEY (`id`),
  KEY `fk_menu_1_idx` (`parent_id`),
  CONSTRAINT `fk_menu_1` FOREIGN KEY (`parent_id`) REFERENCES `menu` (`id`) ON DELETE SET NULL ON UPDATE NO ACTION
) ENGINE=InnoDB AUTO_INCREMENT=27 DEFAULT CHARSET=utf8;

--
-- Dumping data for table `menu`
--

INSERT INTO `menu` VALUES (1,'',NULL,'internal','',0,'',''),(2,'Products',1,'internal','catalog',1,'',''),(3,'Cooperation & Support',1,'internal','support.html',2,'',''),(5,'Where to buy',1,'internal','contacts',4,'',''),(6,'footer menu',NULL,'internal','/',0,'',''),(7,'Products',6,'internal','/',0,'',''),(8,'Support',6,'internal','/',0,'',''),(9,'Company',6,'internal','/',0,'',''),(10,'Contacts',6,'internal','/',0,'',''),(12,'Video intercoms',7,'internal','/catalog/intercoms',0,'',''),(13,'Outdoor panels',7,'internal','/catalog/panels',0,'',''),(14,'Other equipment',7,'internal','/catalog/other',0,'',''),(15,'FAQ',8,'internal','faq',0,'',''),(16,'About us',9,'internal','about.html',0,'',''),(17,'News',9,'internal','news',0,'',''),(19,'Where to buy',10,'internal','contacts',0,'',''),(20,'Articles',8,'internal','/articles',0,'',''),(21,'About',1,'internal','about.html',3,'',''),(22,'New menu item ',9,'internal','/',0,NULL,NULL),(23,'New menu item ',16,'internal','/',0,NULL,NULL),(24,'New menu item ',9,'internal','/',0,NULL,NULL),(25,'New menu item ',17,'internal','/',0,NULL,NULL),(26,'New menu item ',9,'internal','/',0,NULL,NULL);

--
-- Table structure for table `menu_translations`
--

CREATE TABLE `menu_translations` (
  `id` int(10) unsigned NOT NULL AUTO_INCREMENT,
  `menu_id` int(10) unsigned NOT NULL,
  `language_key` varchar(10) NOT NULL,
  `name` varchar(255) CHARACTER SET utf8 COLLATE utf8_unicode_ci DEFAULT NULL,
  PRIMARY KEY (`id`),
  UNIQUE KEY `menu_id` (`menu_id`,`language_key`),
  KEY `language_key` (`language_key`),
  CONSTRAINT `menu_translations_ibfk_1` FOREIGN KEY (`menu_id`) REFERENCES `menu` (`id`) ON DELETE CASCADE ON UPDATE NO ACTION,
  CONSTRAINT `menu_translations_ibfk_2` FOREIGN KEY (`language_key`) REFERENCES `languages` (`key`) ON DELETE CASCADE ON UPDATE CASCADE
) ENGINE=InnoDB AUTO_INCREMENT=22 DEFAULT CHARSET=utf8;

--
-- Dumping data for table `menu_translations`
--

INSERT INTO `menu_translations` VALUES (1,1,'uk','Головне меню'),(2,1,'ru','Главное меню'),(3,2,'uk','Новий пункт меню'),(4,3,'uk','Новий пункт меню'),(5,5,'uk','Новий пункт меню'),(6,6,'uk','Новий пункт меню'),(7,6,'ru','Нижнее меню'),(8,7,'uk','Новий пункт меню'),(9,8,'uk','Новий пункт меню'),(10,9,'uk','Новий пункт меню'),(11,10,'uk','Новий пункт меню'),(12,12,'uk','Новий пункт меню'),(13,13,'uk','Новий пункт меню'),(14,14,'uk','Новий пункт меню'),(15,15,'uk','Новий пункт меню'),(16,16,'uk','Новий пункт меню'),(17,17,'uk','Новий пункт меню'),(18,19,'uk','Новий пункт меню'),(19,20,'uk','Новий пункт меню'),(20,21,'uk','Новий пункт меню'),(21,21,'ru','Новый пункт меню');

--
-- Table structure for table `migrations`
--

CREATE TABLE `migrations` (
  `migration_id` varchar(64) NOT NULL,
  PRIMARY KEY (`migration_id`)
) ENGINE=InnoDB DEFAULT CHARSET=latin1;

--
-- Dumping data for table `migrations`
--

INSERT INTO `migrations` VALUES ('201901142021'),('201903171308'),('201903171338'),('202001051545');

--
-- Table structure for table `page_translations`
--

CREATE TABLE `page_translations` (
  `id` int(10) unsigned NOT NULL AUTO_INCREMENT,
  `page_id` int(10) unsigned NOT NULL,
  `country_key` varchar(10) NOT NULL,
  `language_key` varchar(10) NOT NULL,
  `title` varchar(1024) CHARACTER SET utf8 COLLATE utf8_unicode_ci DEFAULT NULL,
  `text` text CHARACTER SET utf8 COLLATE utf8_unicode_ci,
  `meta_description` varchar(300) CHARACTER SET utf8 COLLATE utf8_unicode_ci DEFAULT NULL,
  `meta_keywords` varchar(300) CHARACTER SET utf8 COLLATE utf8_unicode_ci DEFAULT NULL,
  PRIMARY KEY (`id`),
  UNIQUE KEY `page_id` (`page_id`,`country_key`,`language_key`),
  KEY `country_key` (`country_key`),
  KEY `language_key` (`language_key`),
  CONSTRAINT `page_translations_ibfk_1` FOREIGN KEY (`page_id`) REFERENCES `pages` (`id`) ON DELETE CASCADE ON UPDATE NO ACTION,
  CONSTRAINT `page_translations_ibfk_2` FOREIGN KEY (`country_key`) REFERENCES `countries` (`key`) ON DELETE CASCADE ON UPDATE CASCADE,
  CONSTRAINT `page_translations_ibfk_3` FOREIGN KEY (`language_key`) REFERENCES `languages` (`key`) ON DELETE CASCADE ON UPDATE CASCADE
) ENGINE=InnoDB AUTO_INCREMENT=16 DEFAULT CHARSET=utf8;

--
-- Dumping data for table `page_translations`
--

INSERT INTO `page_translations` VALUES (1,1,'ukr','ru','Главная страиница, текст','<h3>Концепция Slinex – это оптимальное сочетание функциональности и качественного дизайна.</h3>\n                            <p>Именно эти требования предъявляют современные пользователи к домофонным системам.</p>\n                            <p><a href=\"/about.html\">About us</a></p>','',''),(2,1,'rus','ru','Главная страиница, текст','<h3>Концепция Slinex – это оптимальное сочетание функциональности и качественного дизайна.</h3>\n                            <p>Именно эти требования предъявляют современные пользователи к домофонным системам.</p>\n                            <p><a href=\"/about.html\">About us</a></p>','',''),(3,2,'ukr','ru','Home, category ','<div class=\"col-md-4 col-lg-4 col-sm-4 col-xs-12\">\n                            <div class=\"type_of_device fu_ll\">\n                            	<a href=\"/catalog/intercoms\"><div class=\"device_img\"><img alt=\"\" src=\"/img/dev_img_1.jpg\" /></div></a>\n                                <div class=\"img_description\">\n                                    <h4><a href=\"/catalog/intercoms\">Video intercoms</a></h4>\n                                    <p>Самые современные модели</p>\n                                </div>\n                            </div>\n                        </div>\n                        <div class=\"col-md-4 col-lg-4 col-sm-4 col-xs-12\">\n                            <div class=\"type_of_device fu_ll\">\n                                <a href=\"/catalog/panels\"><div class=\"device_img\"><img alt=\"\" src=\"/img/dev_img_2.jpg\" /></div></a>\n                                <div class=\"img_description\">\n                                    <h4><a href=\"/catalog/panels\">Outdoor panels</a></h4>\n                                    <p>Новейшие дизайнерские решения</p>\n                                </div>\n                            </div>\n                        </div>\n                        <div class=\"col-md-4 col-lg-4 col-sm-4 col-xs-12\">\n                            <div class=\"type_of_device fu_ll\">\n                            	<a href=\"/catalog/other\"><div class=\"device_img\"><img alt=\"\" src=\"/img/dev_img_3_v2.jpg\" /></div></a>\n                                <div class=\"img_description\">\n                                    <h4><a href=\"/catalog/other\">Other equipment</a></h4>\n                                    <p>Полный спектр оборудования для домашних систем безопасности</p>\n                                </div>\n                            </div>\n                        </div>','',''),(4,2,'rus','ru','Home, category ','<div class=\"col-md-4 col-lg-4 col-sm-4 col-xs-12\">\n                            <div class=\"type_of_device fu_ll\">\n                            	<a href=\"/catalog/intercoms\"><div class=\"device_img\"><img alt=\"\" src=\"/img/dev_img_1.jpg\" /></div></a>\n                                <div class=\"img_description\">\n                                    <h4><a href=\"/catalog/intercoms\">Video intercoms</a></h4>\n                                    <p>Самые современные модели</p>\n                                </div>\n                            </div>\n                        </div>\n                        <div class=\"col-md-4 col-lg-4 col-sm-4 col-xs-12\">\n                            <div class=\"type_of_device fu_ll\">\n                                <a href=\"/catalog/panels\"><div class=\"device_img\"><img alt=\"\" src=\"/img/dev_img_2.jpg\" /></div></a>\n                                <div class=\"img_description\">\n                                    <h4><a href=\"/catalog/panels\">Outdoor panels</a></h4>\n                                    <p>Новейшие дизайнерские решения</p>\n                                </div>\n                            </div>\n                        </div>\n                        <div class=\"col-md-4 col-lg-4 col-sm-4 col-xs-12\">\n                            <div class=\"type_of_device fu_ll\">\n                            	<a href=\"/catalog/other\"><div class=\"device_img\"><img alt=\"\" src=\"/img/dev_img_3_v2.jpg\" /></div></a>\n                                <div class=\"img_description\">\n                                    <h4><a href=\"/catalog/other\">Other equipment</a></h4>\n                                    <p>Полный спектр оборудования для домашних систем безопасности</p>\n                                </div>\n                            </div>\n                        </div>','',''),(5,3,'ukr','ru','Главная страница, Концепция Slinex','<h3>Концепция Slinex – это оптимальное сочетание функциональности и качественного дизайна.</h3>\n<p>Именно эти требования предъявляют современные пользователи к домофонным системам.</p>','',''),(6,3,'rus','ru','Главная страница, Концепция Slinex','<h3>Концепция Slinex – это оптимальное сочетание функциональности и качественного дизайна.</h3>\n<p>Именно эти требования предъявляют современные пользователи к домофонным системам.</p>','',''),(7,4,'ukr','ru','Главная страница, иконки','<div class=\"col-md-4 col-lg-4 col-sm-6 col-xs-12 fu_ll\">\n                        	<img alt=\"\" class=\"demands_img dem_1\" src=\"/img/demands_1.png\" />\n                            <div class=\"demands_inner\">\n                                <h6>ГАРАНТИЯ 24 МЕСЯЦА</h6>\n                                <p>На всё наше оборудование предоставляется официальная гарантия 24 месяца.\n                                </p>\n                            </div>\n                    	</div>\n                		<div class=\"col-md-4 col-lg-4 col-sm-6 col-xs-12 fu_ll\">\n                        	<img alt=\"\" class=\"demands_img dem_2\" src=\"/img/demands_2.png\" />\n                            <div class=\"demands_inner\">\n                                <h6>НИЗКАЯ ЦЕНА</h6>\n                                <p>Понимая ситуацию на рынке, мы продаём устройства по максимально низкой стоимости, при этом качество остаётся на неизменно высоком уровне.\n</p>\n                            </div>\n                    	</div>\n                		<div class=\"col-md-4 col-lg-4 col-sm-6 col-xs-12 fu_ll\">\n                        	<img alt=\"\" class=\"demands_img dem_3\" src=\"/img/demands_3.png\" />\n                            <div class=\"demands_inner\">\n                                <h6>НАДЕЖНОСТЬ</h6>\n                                <p>Всё наше оборудование проходит входной и выходной контроли качества. Вы можете быть уверены в надежности устройств.</p>\n                            </div>\n                    	</div>\n                		<div class=\"col-md-4 col-lg-4 col-sm-6 col-xs-12 fu_ll\">\n                        	<img alt=\"\" class=\"demands_img dem_4\" src=\"/img/demands_4.png\" />\n                            <div class=\"demands_inner\">\n                                <h6>ШИРОКАЯ ЛИНЕЙКА</h6>\n                                <p>В нашей линейке есть всё необходимое - вызывные панели, видеодомофоны и дополнительные аксуссуары. </p>\n                            </div>\n                    	</div>\n                		<div class=\"col-md-4 col-lg-4 col-sm-6 col-xs-12 fu_ll\">\n                        	<img alt=\"\" class=\"demands_img dem_5\" src=\"/img/demands_5.png\" />\n                            <div class=\"demands_inner\">\n                                <h6>БЕЗОПАСНОСТЬ</h6>\n                                <p>Всё наше оборудование соответствует всем требованиям по безопасности, что подтверждается многочисленными сертификатами, которые мы получили на территории Украины.\n                                </p>\n                            </div>\n                    	</div>\n                		<div class=\"col-md-4 col-lg-4 col-sm-6 col-xs-12 fu_ll\">\n                        	<img alt=\"\" class=\"demands_img dem_6\" src=\"/img/demands_6.png\" />\n                        	<div class=\"demands_inner\">\n                                <h6>ОНЛАЙН ПОДДЕРЖКА ПОЛЬЗОВАТЕЛЕЙ</h6>\n                                <p>По любым вопросам, связанным с оборудованием Slinex вы можете связаться по live-чату или e-mail, и наши технические специалисты ответят вам в кратчайшие сроки.</p>\n                            </div>\n                    	</div>','',''),(8,4,'rus','ru','Главная страница, иконки','<div class=\"col-md-4 col-lg-4 col-sm-6 col-xs-12 fu_ll\">\n                        	<img alt=\"\" class=\"demands_img dem_1\" src=\"/img/demands_1.png\" />\n                            <div class=\"demands_inner\">\n                                <h6>ГАРАНТИЯ 24 МЕСЯЦА</h6>\n                                <p>На всё наше оборудование предоставляется официальная гарантия 24 месяца.\n                                </p>\n                            </div>\n                    	</div>\n                		<div class=\"col-md-4 col-lg-4 col-sm-6 col-xs-12 fu_ll\">\n                        	<img alt=\"\" class=\"demands_img dem_2\" src=\"/img/demands_2.png\" />\n                            <div class=\"demands_inner\">\n                                <h6>НИЗКАЯ ЦЕНА</h6>\n                                <p>Понимая ситуацию на рынке, мы продаём устройства по максимально низкой стоимости, при этом качество остаётся на неизменно высоком уровне.\n</p>\n                            </div>\n                    	</div>\n                		<div class=\"col-md-4 col-lg-4 col-sm-6 col-xs-12 fu_ll\">\n                        	<img alt=\"\" class=\"demands_img dem_3\" src=\"/img/demands_3.png\" />\n                            <div class=\"demands_inner\">\n                                <h6>НАДЕЖНОСТЬ</h6>\n                                <p>Всё наше оборудование проходит входной и выходной контроли качества. Вы можете быть уверены в надежности устройств.</p>\n                            </div>\n                    	</div>\n                		<div class=\"col-md-4 col-lg-4 col-sm-6 col-xs-12 fu_ll\">\n                        	<img alt=\"\" class=\"demands_img dem_4\" src=\"/img/demands_4.png\" />\n                            <div class=\"demands_inner\">\n                                <h6>ШИРОКАЯ ЛИНЕЙКА</h6>\n                                <p>В нашей линейке есть всё необходимое - вызывные панели, видеодомофоны и дополнительные аксуссуары. </p>\n                            </div>\n                    	</div>\n                		<div class=\"col-md-4 col-lg-4 col-sm-6 col-xs-12 fu_ll\">\n                        	<img alt=\"\" class=\"demands_img dem_5\" src=\"/img/demands_5.png\" />\n                            <div class=\"demands_inner\">\n                                <h6>БЕЗОПАСНОСТЬ</h6>\n                                <p>Всё наше оборудование соответствует всем требованиям по безопасности, что подтверждается многочисленными сертификатами, которые мы получили на территории Украины.\n                                </p>\n                            </div>\n                    	</div>\n                		<div class=\"col-md-4 col-lg-4 col-sm-6 col-xs-12 fu_ll\">\n                        	<img alt=\"\" class=\"demands_img dem_6\" src=\"/img/demands_6.png\" />\n                        	<div class=\"demands_inner\">\n                                <h6>ОНЛАЙН ПОДДЕРЖКА ПОЛЬЗОВАТЕЛЕЙ</h6>\n                                <p>По любым вопросам, связанным с оборудованием Slinex вы можете связаться по live-чату или e-mail, и наши технические специалисты ответят вам в кратчайшие сроки.</p>\n                            </div>\n                    	</div>','',''),(9,5,'ukr','ru','Video intercoms Slinex - official website','','Video intercoms Slinex',''),(10,5,'rus','ru','Video intercoms Slinex - official website','','Video intercoms Slinex',''),(11,6,'ukr','ru','faq_text_block','<h6>Не нашли ответ на свой вопрос?</h6>\n                                <p>\n                                	Если вы не смогли найти ответ на интересующий вас вопрос в списке – воспользуйтесь нашей формой и мы обязательно ответим                                    вам в кратчайшие сроки.\n                                </p>\n                                <a href=\"#\">Задать вопрос</a>\n','',''),(12,6,'rus','ru','faq_text_block','<h6>Не нашли ответ на свой вопрос?</h6>\n                                <p>\n                                	Если вы не смогли найти ответ на интересующий вас вопрос в списке – воспользуйтесь нашей формой и мы обязательно ответим                                    вам в кратчайшие сроки.\n                                </p>\n                                <a href=\"#\">Задать вопрос</a>\n','',''),(13,7,'ukr','ru','footer_socials','','',''),(14,7,'rus','ru','footer_socials','','',''),(15,7,'lth','lt','footer_socials','<li><a href=\"https://www.youtube.com/channel/UCZf903oKkPPXAHKKRCAx2VA\" target=\"_blank\" class=\"youtube_play\"><i class=\"fa fa-youtube-play\"></i></a></li>','','');

--
-- Table structure for table `pages`
--

CREATE TABLE `pages` (
  `id` int(10) unsigned NOT NULL AUTO_INCREMENT,
  `title` varchar(1024) CHARACTER SET utf8 COLLATE utf8_unicode_ci DEFAULT NULL,
  `text` text CHARACTER SET utf8 COLLATE utf8_unicode_ci,
  `meta_description` varchar(300) CHARACTER SET utf8 COLLATE utf8_unicode_ci DEFAULT NULL,
  `meta_keywords` varchar(300) CHARACTER SET utf8 COLLATE utf8_unicode_ci DEFAULT NULL,
  `seoname` varchar(250) CHARACTER SET utf8 COLLATE utf8_unicode_ci NOT NULL,
  PRIMARY KEY (`id`),
  UNIQUE KEY `seoname_UNIQUE` (`seoname`)
) ENGINE=InnoDB AUTO_INCREMENT=21 DEFAULT CHARSET=utf8;

--
-- Dumping data for table `pages`
--

INSERT INTO `pages` VALUES (1,'Главная страиница, текст','<h3>Slinex concept - an optimal combination of functionality and design quality.</h3>\n<p>These requirements are imposed by modern users to the intercom system.</p>\n <p><a href=\"/about.html\">ABOUT US</a></p>','','','blue_box_text'),(2,'Главная страница,  категории','<div class=\"col-md-4 col-lg-4 col-sm-4 col-xs-12\">\n                            <div class=\"type_of_device fu_ll\">\n                            	<a href=\"/catalog/intercoms\"><div class=\"device_img\"><img alt=\"\" src=\"/img/dev_img_111.jpg\" /></div></a>\n                                <div class=\"img_description\">\n                                    <h4><a href=\"/catalog/intercoms\">Video intercoms</a></h4>\n                                    <p>The newest models</p>\n                                </div>\n                            </div>\n                        </div>\n                        <div class=\"col-md-4 col-lg-4 col-sm-4 col-xs-12\">\n                            <div class=\"type_of_device fu_ll\">\n                                <a href=\"/catalog/panels\"><div class=\"device_img\"><img alt=\"\" src=\"/img/dev_img_222.jpg\" /></div></a>\n                                <div class=\"img_description\">\n                                    <h4><a href=\"/catalog/panels\">Outdoor panels</a></h4>\n                                    <p>The latest design solutions</p>\n                                </div>\n                            </div>\n                        </div>\n                        <div class=\"col-md-4 col-lg-4 col-sm-4 col-xs-12\">\n                            <div class=\"type_of_device fu_ll\">\n                            	<a href=\"/catalog/other\"><div class=\"device_img\"><img alt=\"\" src=\"/img/dev_img_3.jpg\" /></div></a>\n                                <div class=\"img_description\">\n                                    <h4><a href=\"/catalog/other\">Other equipment</a></h4>\n                                    <p>Full range of equipment for home security systems</p>\n                                </div>\n                            </div>\n                        </div>','','','homepage_categories'),(3,'Главная страница, Концепция Slinex','<h3>Slinex concept - an optimal combination of functionality and design quality.</h3>\n<p>These requirements are imposed by modern users to the intercom system.</p>','','','homepage_concept'),(4,'Главная страница, иконки','<div class=\"col-md-4 col-lg-4 col-sm-6 col-xs-12 fu_ll\">\n                        	<img alt=\"\" class=\"demands_img dem_1\" src=\"/img/demands_1.png\" />\n                            <div class=\"demands_inner\">\n                                <h6>WARRANTY 24 MONTHS</h6>\n                                <p>All our equipment is provided an official guarantee of 24 months.\n                                </p>\n                            </div>\n                    	</div>\n                		<div class=\"col-md-4 col-lg-4 col-sm-6 col-xs-12 fu_ll\">\n                        	<img alt=\"\" class=\"demands_img dem_2\" src=\"/img/demands_2.png\" />\n                            <div class=\"demands_inner\">\n                                <h6>LOW PRICE</h6>\n                                <p>Knowing the situation in the market, we sell devices at the lowest possible cost, while the quality remains at a consistently high level.</p>\n                            </div>\n                    	</div>\n                		<div class=\"col-md-4 col-lg-4 col-sm-6 col-xs-12 fu_ll\">\n                        	<img alt=\"\" class=\"demands_img dem_3\" src=\"/img/demands_3.png\" />\n                            <div class=\"demands_inner\">\n                                <h6>RELIABILITY</h6>\n                                <p>All our equipment passes input and output quality control. You can be confident in the reliability of the devices.</p>\n                            </div>\n                    	</div>\n                		<div class=\"col-md-4 col-lg-4 col-sm-6 col-xs-12 fu_ll\">\n                        	<img alt=\"\" class=\"demands_img dem_4\" src=\"/img/demands_4.png\" />\n                            <div class=\"demands_inner\">\n                                <h6>A WIDE RANGE OF</h6>\n                                <p>Our range has everything you need - calling panels, video intercoms and additional accessories.</p>\n                            </div>\n                    	</div>\n                		<div class=\"col-md-4 col-lg-4 col-sm-6 col-xs-12 fu_ll\">\n                        	<img alt=\"\" class=\"demands_img dem_5\" src=\"/img/demands_5.png\" />\n                            <div class=\"demands_inner\">\n                                <h6>SECURITY</h6>\n                                <p>All our equipment complies with all safety requirements\n                                </p>\n                            </div>\n                    	</div>\n                		<div class=\"col-md-4 col-lg-4 col-sm-6 col-xs-12 fu_ll\">\n                        	<img alt=\"\" class=\"demands_img dem_6\" src=\"/img/demands_6.png\" />\n                        	<div class=\"demands_inner\">\n                                <h6>ONLINE CUSTOMER SUPPORT</h6>\n                                <p>For any questions related to Slinex equipment you can contact by live-chat or e-mail, and our experts will answer you as soon as possible.</p>\n                            </div>\n                    	</div>','','','homepage_icons'),(5,'Video intercoms Slinex - official website','<a href=\"/feedback\">Ask a question</a>','Video intercoms Slinex - official website','','homepage_metadata'),(6,'faq_text_block','<h6>Did not find an answer to your question?</h6>\n                                <p>\n                                	If you can not find the answer to your question in the list - use our form and we will reply to you as soon as possible.\n                                </p>\n                                <a href=\"/feedback\">Ask a question</a>','','','faq_text_block'),(7,'footer_socials','<li><a href=\"https://www.facebook.com/SlinexInternational\" target=\"_blank\" class=\"facebook\"><i class=\"fa fa-facebook\"></i></a></li>\n<li><a href=\"https://www.youtube.com/channel/UCZf903oKkPPXAHKKRCAx2VA?sub_confirmation=1\" target=\"_blank\" class=\"youtube_play\"><i class=\"fa fa-youtube-play\"></i></a></li>\n<li><a href=\"https://www.instagram.com/slinex_international/\" target=\"_blank\" class=\"instagram\"><i class=\"fa fa-instagram\"></i></a></li>\n<li><a href=\"https://www.linkedin.com/company/slinex-international/\" target=\"_blank\" class=\"linkedin\"><i class=\"fa fa-linkedin\"></i></a></li>\n</ul>\n</div>\n<div class=\"col-md-3 col-lg-3 col-sm-3 col-xs-3 last-col store-list\">\n<ul>\n<li>\n<a href=\"https://itunes.apple.com/ru/app/slinex-cloud-call/id1356395043?platform=iphone&amp;preserveScrollPosition=true#platform/iphone\" target=\"_blank\" class=\"\"><img src=\"/img/icons/app_store_eng.png\" style=\"width: 88px;\">\n</a>\n</li>\n<li>\n<a href=\"https://play.google.com/store/apps/details?id=com.slinex.com.cloudcall\" target=\"_blank\" class=\"\">\n<img src=\"/img/icons/gp_eng.png\" style=\"width: 88px;\">\n</a>\n</li>\n</ul>','','','footer_socials'),(8,'Check cloud application availbility','<h2>On this page you can check if you able to use  Cloud Call Application.</h2>','','','cloud_check_page'),(9,'Unfortunately, your device can\'t be upgraded to a version that can work with the Slinex Cloud Call application.','','','','cloud_app_not_available'),(10,'Slinex Cloud Call is supported by your SL-10IPT!','<h2>In order to use the <strong>Slinex Cloud Call</strong> application, please update the firmware of the device.\n</br></br>\nThe latest version of the firmware you can download<a href=\"https://cdn.slinex.com/Firmwares/SL-10IPT/r1/latest/\"> from this link.</a></h2>','','','cloud_app_info_SL-10IPT'),(11,'Slinex Cloud Call is supported by your SL-10IP!','<h2>In order to use the <strong>Slinex Cloud Call</strong> application, please update the firmware of the device.\n</br></br>\nThe latest version of the firmware you can download<a href=\"https://cdn.slinex.com/Firmwares/SL-10IP/r1/latest\"> from this link.</a></h2>','','','cloud_app_info_SL-10IP'),(12,'Slinex Cloud Call is supported by your SL-07IP!','<h2>In order to use the <strong>Slinex Cloud Call</strong> application, please update the firmware of the device.\n</br></br>\nThe latest version of the firmware you can download<a href=\"https://cdn.slinex.com/Firmwares/SL-07IP/r2/latest\"> from this link.</a></h2>','','','cloud_app_info_SL-07IP_r2'),(13,'Slinex Cloud Call is supported by your SL-07IP!','<h2>In order to use the <strong>Slinex Cloud Call</strong> application, please update the firmware of the device.\n</br></br>\nThe latest version of the firmware you can download<a href=\"https://cdn.slinex.com/Firmwares/SL-07IP/r1/latest\"> from this link.</a></h2>','','','cloud_app_info_SL-07IP_r1'),(14,'Slinex Cloud Call is supported by your ML-20IP!','<h2>In order to use the <strong>Slinex Cloud Call</strong> application, please update the firmware of the device.\n</br></br>\nThe latest version of the firmware you can download<a href=\"https://cdn.slinex.com//Firmwares/ML-20IP/r2/latest\"> from this link.</a></h2>','','','cloud_app_info_ML-20IP_r2'),(15,'Slinex Cloud Call is supported by your ML-20IP!','<h2>In order to use the <strong>Slinex Cloud Call</strong> application, please update the firmware of the device.\n</br></br>\nThe latest version of the firmware you can download<a href=\"https://cdn.slinex.com//Firmwares/ML-20IP/r1/latest\"> from this link.</a></h2>','','','cloud_app_info_ML-20IP_r1'),(16,'Slinex Cloud Call is supported by your XR-30IP!','<h2>In order to use the <strong>Slinex Cloud Call</strong> application, please update the firmware of the device.\n</br></br>\nThe latest version of the firmware you can download<a href=\"https://cdn.slinex.com/Firmwares_app2/XR-30IP/r2/4.1.0.5/XR-30IP_v2_V4.1.0.5R_20180711.ov\"> from this link.</a></h2>','','','cloud_app_info_XR-30IP'),(17,'Slinex Cloud Call is supported by your SL-07IP!','<h2>In order to use the <strong>Slinex Cloud Call</strong> application, please update the firmware of the device.\n</br></br>\nThe latest version of the firmware you can download<a href=\"https://cdn.slinex.com/Firmwares/SL-07IP/r3/latest\"> from this link.</a></h2>','','','cloud_app_info_SL-07IP_r3'),(18,'Slinex Cloud Call is supported by your ML-20IP!','<h2>In order to use the <strong>Slinex Cloud Call</strong> application, please update the firmware of the device.\n</br></br>\nThe latest version of the firmware you can download<a href=\"https://cdn.slinex.com/Firmwares/ML-20IP/r3/latest\"> from this link.</a></h2>','','','cloud_app_info_ML-20IP_r3'),(19,'Coockies Disclimer','<h3>\n	We use cookies to personalise content and ads, to provide social media features and to analyse our traffic.</h3>\n<h3>\n	 </h3>\n<h3>\n	We also share information about your use of our site with our social media, advertising and analytics partners.</h3>','','','accept_cookies'),(20,'Slinex Cloud Call is supported by your SL-10IPTHD!','<h2>In order to use the <strong>Slinex Cloud Call</strong> application, please update the firmware of the device.\n</br></br>\nThe latest version of the firmware you can download<a href=\"https://cdn.slinex.com/Firmwares/SL-10IPTHD/r1/latest?lang=en\"> from this link.</a></h2>','','','cloud_app_info_SL-10IPTHD');

--
-- Table structure for table `product_attribute_translations`
--

CREATE TABLE `product_attribute_translations` (
  `id` int(10) unsigned NOT NULL AUTO_INCREMENT,
  `product_attribute_id` int(10) unsigned NOT NULL,
  `language_key` varchar(10) NOT NULL,
  `value` text CHARACTER SET utf8 COLLATE utf8_unicode_ci,
  PRIMARY KEY (`id`),
  UNIQUE KEY `product_attribute_id` (`product_attribute_id`,`language_key`),
  KEY `language_key` (`language_key`),
  CONSTRAINT `product_attribute_translations_ibfk_1` FOREIGN KEY (`product_attribute_id`) REFERENCES `product_attributes` (`id`) ON DELETE CASCADE ON UPDATE NO ACTION,
  CONSTRAINT `product_attribute_translations_ibfk_2` FOREIGN KEY (`language_key`) REFERENCES `languages` (`key`) ON DELETE CASCADE ON UPDATE CASCADE
) ENGINE=InnoDB AUTO_INCREMENT=6 DEFAULT CHARSET=utf8;

--
-- Dumping data for table `product_attribute_translations`
--

INSERT INTO `product_attribute_translations` VALUES (1,27293,'lt','119×168×25 mm'),(2,27337,'lt','119×168×25 mm'),(3,28203,'lt','Iki 400 mW'),(4,28205,'lt','Paviršinis montavimas'),(5,28210,'lt','4-ų laidų analoginiai monitoriai ir iškvietimo moduliai');

--
-- Table structure for table `product_attributes`
--

CREATE TABLE `product_attributes` (
  `id` int(10) unsigned NOT NULL AUTO_INCREMENT,
  `product_id` int(10) unsigned NOT NULL,
  `store_attribute_id` int(10) unsigned NOT NULL,
  `value` text CHARACTER SET utf8 COLLATE utf8_unicode_ci,
  `attribute_value_id` int(10) unsigned DEFAULT NULL,
  PRIMARY KEY (`id`),
  KEY `fk_product_attributes_products1_idx` (`product_id`),
  KEY `fk_product_attributes_store_attributes1_idx` (`store_attribute_id`),
  KEY `fk_product_attributes_attribute_values1_idx` (`attribute_value_id`),
  CONSTRAINT `fk_product_attributes_attribute_values1` FOREIGN KEY (`attribute_value_id`) REFERENCES `attribute_values` (`id`) ON DELETE CASCADE ON UPDATE CASCADE,
  CONSTRAINT `fk_product_attributes_products1` FOREIGN KEY (`product_id`) REFERENCES `products` (`id`) ON DELETE CASCADE ON UPDATE CASCADE,
  CONSTRAINT `fk_product_attributes_store_attributes1` FOREIGN KEY (`store_attribute_id`) REFERENCES `store_attributes` (`id`) ON DELETE CASCADE ON UPDATE CASCADE
) ENGINE=InnoDB AUTO_INCREMENT=30248 DEFAULT CHARSET=utf8;

--
-- Dumping data for table `product_attributes`
--

INSERT INTO `product_attributes` VALUES (23774,64,38,'IP65',NULL),(23775,64,42,'Basic unit 118x127x38 mm, External panel 60x15 mm ',NULL),(23776,64,45,'100 - 15000 hz',NULL),(23777,64,54,'3-wire',NULL),(23778,64,55,'+ 12V',NULL),(23779,64,56,'+ 12V',NULL),(23780,64,57,' 0,2 А',NULL),(23781,64,58,'Basic unit: -51 dB, External panel: -51 dB ',NULL),(23782,64,59,'Basic unit: 1 W (100 hz - 15 khz), External panel: 1 W (100 hz - 15 khz) ',NULL),(23783,64,3,NULL,NULL),(23784,64,11,NULL,NULL),(23785,64,66,NULL,NULL),(23786,64,76,NULL,NULL),(23787,64,12,NULL,NULL),(23788,64,13,NULL,NULL),(23789,64,17,NULL,NULL),(23790,64,16,NULL,NULL),(23791,64,75,NULL,NULL),(24603,105,4,'9999 panels',NULL),(24604,105,5,'unlimited',NULL),(24605,105,7,'7” color TFT touch screen 16:9',NULL),(24606,105,8,'300×187×113 mm',NULL),(24607,105,9,'Handset for confidential communication, Forwarding all calls received on the internal monitors to the guard station at night, The mechanical buttons for quick access to the most useful features',NULL),(24608,105,10,'Maximum quantity of panels: 9999',NULL),(24609,105,18,'800×480',NULL),(24610,105,21,'100 last calls, 100 last alarm events',NULL),(24611,105,22,'Up to 6.6W',NULL),(24612,105,23,'AC12-28V',NULL),(24613,105,24,'Audio intercom with all monitors on the object',NULL),(24614,105,27,'White',NULL),(25268,75,4,'Number of ind. panels: 2 panels, Number multiapart. panels: 99 panels',NULL),(25269,75,5,'unlimited',NULL),(25270,75,7,'10” color TFT touch screen 16:9',NULL),(25271,75,8,'235×139×18 mm',NULL),(25272,75,9,'Voicemail for 30 messages, Voice recorder, The event log',NULL),(25273,75,10,'10 polyphonic ringtones',NULL),(25274,75,18,'1024×600',NULL),(25275,75,21,'Internal, 30 photos, 30 voice messages and 30 text messages',NULL),(25276,75,22,'up to 5.5W',NULL),(25277,75,23,'AC13.5V',NULL),(25278,75,24,'Audio intercom with all monitors at the object',NULL),(25279,75,25,'Wall mount',NULL),(25280,75,27,'White, black',NULL),(25281,75,68,'8 inputs for sensors, Output for connection the siren',NULL),(25282,75,69,'4 customizable scenes',NULL),(25316,97,4,'• Number of ind. panels: 2 panels <br> • Number multiapart. panels: 99 panels',NULL),(25317,97,5,'Unlimited',NULL),(25318,97,7,'7” color TFT touch screen 16:9',NULL),(25319,97,8,'When folded: 215×171×27 mm, When unfolded: 215×281×27 mm',NULL),(25320,97,9,'• Sliding screen <br> • Voicemail for 30 messages <br> • Mode “Do Not Disturb” <br> • Button for emergency contact with security <br> • Voice recorder',NULL),(25321,97,10,'10 polyphonic ringtones',NULL),(25322,97,18,'800×480',NULL),(25323,97,21,'Internal, 30 photos, 30 voice messages and 30 text messages',NULL),(25324,97,22,'up to 5.5W',NULL),(25325,97,23,'AC 13.5V',NULL),(25326,97,24,'Audio intercom with all monitors at the object',NULL),(25327,97,25,'Wall mount',NULL),(25328,97,27,'Silver',NULL),(25329,97,68,'8 inputs for sensors, Output for connection the siren',NULL),(25330,97,69,'4 customizable scenes',NULL),(25331,97,3,'https://cdn.slinex.com/360dm/14209',NULL),(25340,109,4,'Number of ind. panels: 2 panels, Number multiapart. panels: 99 panels',NULL),(25341,109,5,'unlimited',NULL),(25342,109,7,'10” color TFT touch screen 16:9',NULL),(25343,109,8,'235×139×18 mm',NULL),(25344,109,9,'Voicemail for 30 messages, Voice recorder, The event log',NULL),(25345,109,10,'10 polyphonic ringtones',NULL),(25346,109,18,'1024×600',NULL),(25347,109,21,'Internal, 30 photos, 30 voice messages and 30 text messages',NULL),(25348,109,22,'up to 5.5W',NULL),(25349,109,23,'AC13.5V',NULL),(25350,109,24,'Audio intercom with all monitors at the object',NULL),(25351,109,25,'Wall mount',NULL),(25352,109,27,'White, black',NULL),(25353,109,68,'8 inputs for sensors, Output for connection the siren',NULL),(25354,109,69,'4 customizable scenes',NULL),(25388,98,4,'Number of ind. panels: 2 panels, Number multiapart. panels: 99 panels',NULL),(25389,98,5,'Unlimited',NULL),(25390,98,7,'7” color TFT touch screen 16:9',NULL),(25391,98,8,'200×186×18 mm',NULL),(25392,98,9,'Voicemail for 30 messages, Mode “Do Not Disturb”, The event log, Voice recorder',NULL),(25393,98,10,'10 polyphonic ringtones',NULL),(25394,98,18,'800×480',NULL),(25395,98,21,'Internal, 30 photos, 30 voice messages and 30 text messages',NULL),(25396,98,22,'Up to 5.5W',NULL),(25397,98,23,'AC13.5V',NULL),(25398,98,24,'Audio intercom with all monitors at the object',NULL),(25399,98,25,'Wall mount',NULL),(25400,98,27,'Silver',NULL),(25401,98,68,'8 inputs for sensors, Output for connection the siren',NULL),(25402,98,69,'4 customizable scenes',NULL),(25589,83,8,'372×135×41 mm',NULL),(25590,83,9,'Stylish segment screen, Piezoelectric buttons, Tamper (protection against panel’s theft)',NULL),(25591,83,32,'Color, CMOS IP',NULL),(25592,83,35,'IR LED, up to 3 m',NULL),(25593,83,36,'0.01 Lux',NULL),(25594,83,38,'IP65',NULL),(25595,83,44,'Silver biometric, gold',NULL),(25596,83,70,'Multi apartment IP outdoor panel',NULL),(25597,83,73,'From monitor, By password, By card (Mifare), By fingerprint (optional)',NULL),(25598,83,86,'5 MP',NULL),(25608,111,8,'372×135×41 mm',NULL),(25609,111,9,'Stylish segment screen, Piezoelectric buttons, Tamper (protection against panel’s theft)',NULL),(25610,111,32,'Color, CMOS IP',NULL),(25611,111,35,'IR LED, up to 3 m',NULL),(25612,111,36,'0.01 Lux',NULL),(25613,111,38,'IP65',NULL),(25614,111,44,'Silver biometric, gold',NULL),(25615,111,70,'Multi apartment IP outdoor panel',NULL),(25616,111,73,'From monitor, By password, By card (Mifare), By fingerprint (optional)',NULL),(25617,111,86,'5 MP',NULL),(25667,102,7,'Color 4 “TFT',NULL),(25668,102,8,'335×140×41 mm',NULL),(25669,102,9,'Piezoelectric buttons, Tamper (protection against panel’s theft)',NULL),(25670,102,32,'Color, CMOS IP',NULL),(25671,102,35,'IR LED, up to 3 m',NULL),(25672,102,36,'0.01 Lux',NULL),(25673,102,38,'IP65',NULL),(25674,102,44,'Silver',NULL),(25675,102,70,'Multi apartment IP outdoor panel',NULL),(25676,102,73,'From monitor, By password, By card (Mifare), By fingerprint (optional)',NULL),(25677,102,86,'5 MP',NULL),(25707,103,8,'90×143×33 mm',NULL),(25708,103,9,'Tamper (protection against panel’s theft)',NULL),(25709,103,32,'1/4\" CMOS',NULL),(25710,103,35,'IR LED, up to 1,5 m',NULL),(25711,103,36,'0.01 Lux',NULL),(25712,103,37,'Aluminum',NULL),(25713,103,38,'IP65',NULL),(25714,103,44,'Silver',NULL),(25715,103,70,'Individual IP outdoor panel',NULL),(25716,103,83,'60° ',NULL),(25717,103,86,'800 TVL',NULL),(25815,99,4,'Number of ind. panels: 2 panels, Number multiapart. panels: 99 panels',NULL),(25816,99,5,'Unlimited',NULL),(25817,99,7,'7” color TFT screen 16:9',NULL),(25818,99,8,'220×136×18 mm',NULL),(25819,99,9,'Voicemail for 30 messages, Mode “Do Not Disturb”, The event log',NULL),(25820,99,10,'10 polyphonic ringtones',NULL),(25821,99,18,'800×480',NULL),(25822,99,21,'Internal, 30 photos, 30 voice messages and 30 text messages',NULL),(25823,99,22,'Up to 5.5W',NULL),(25824,99,23,'AC13.5V',NULL),(25825,99,24,'Audio intercom with all monitors at the object',NULL),(25826,99,25,'Wall mount',NULL),(25827,99,27,'White',NULL),(25828,99,68,'8 inputs for sensors, Output for connection the siren',NULL),(25829,99,69,'4 customizable scenes',NULL),(25839,110,4,'Number of ind. panels: 2 panels, Number multiapart. panels: 99 panels',NULL),(25840,110,5,'Unlimited',NULL),(25841,110,7,'7” color TFT screen 16:9',NULL),(25842,110,8,'220×136×18 mm',NULL),(25843,110,9,'Voicemail for 30 messages, Mode “Do Not Disturb”, The event log',NULL),(25844,110,10,'10 polyphonic ringtones',NULL),(25845,110,18,'800×480',NULL),(25846,110,21,'Internal, 30 photos, 30 voice messages and 30 text messages',NULL),(25847,110,22,'Up to 5.5W',NULL),(25848,110,23,'AC13.5V',NULL),(25849,110,24,'Audio intercom with all monitors at the object',NULL),(25850,110,25,'Wall mount',NULL),(25851,110,27,'White',NULL),(25852,110,68,'8 inputs for sensors, Output for connection the siren',NULL),(25853,110,69,'4 customizable scenes',NULL),(27184,95,8,'41×122×23 mm',NULL),(27185,95,11,'https://cdn.slinex.com/Manuals_en/Slinex_ML-16HR_User_Manual_eng.pdf',NULL),(27186,95,32,'1/3\" CMOS',NULL),(27187,95,35,'IR LED, up to 1.5 m',NULL),(27188,95,36,'0.01 Lux',NULL),(27189,95,37,'Metal alloy',NULL),(27190,95,38,'IP65',NULL),(27191,95,43,'12V DC',NULL),(27192,95,44,'Black',NULL),(27193,95,65,'• Rain cover <br> • Angle bracket <br> • Flush mount bracket',NULL),(27194,95,82,'-40 – +65 °С',NULL),(27195,95,83,'65º',NULL),(27196,95,86,'800 TVL',NULL),(27205,70,8,'45×130×24 mm',NULL),(27206,70,9,'• Mechanical IR cut filter <br> • Ethernet network connection <br>  • Built-in Wi-Fi (external remote antenna) <br>  • Receiving a call using aplication on smartphone <br>  • Remote viewing from smartphone',NULL),(27207,70,10,'• Touch call button <br> • Call button backlight <br> • Wide-angle lens',NULL),(27208,70,11,'https://cdn.slinex.com/Manuals_en/Slinex_ML-20IP_CC_User_Manual_eng.pdf',NULL),(27209,70,32,'1/4\" CMOS',NULL),(27210,70,35,'IR LED, up to 1 m',NULL),(27211,70,36,'0,01 Lux',NULL),(27212,70,38,'IP65',NULL),(27213,70,43,'DC 12V (power supply included)',NULL),(27214,70,44,'• Silver + black <br> • Gold + black',NULL),(27215,70,66,'https://cdn.slinex.com/Manuals_en/IP_models_web_interface_eng.pdf',NULL),(27216,70,82,'-40 – +50 °С',NULL),(27217,70,83,'145° ',NULL),(27218,70,86,'1920×1080',NULL),(27226,73,8,'45×130×24 mm',NULL),(27227,73,9,'• Mechanical IR cut filter <br> • Ethernet network connection <br>  • Built-in Wi-Fi (external remote antenna) <br>  • Receiving a call using aplication on smartphone <br>  • Remote viewing from smartphone',NULL),(27228,73,10,'• Touch call button <br> • Call button backlight <br> • Wide-angle lens',NULL),(27229,73,11,'https://cdn.slinex.com/Manuals_en/Slinex_ML-20IP_CC_User_Manual_eng.pdf',NULL),(27230,73,32,'1/4\" CMOS',NULL),(27231,73,35,'IR LED, up to 1 m',NULL),(27232,73,36,'0,01 Lux',NULL),(27233,73,38,'IP65',NULL),(27234,73,43,'DC 12V (power supply included)',NULL),(27235,73,44,'• Silver + black <br> • Gold + black',NULL),(27236,73,66,'https://cdn.slinex.com/Manuals_en/IP_models_web_interface_eng.pdf',NULL),(27237,73,82,'-40 – +50 °С',NULL),(27238,73,83,'145° ',NULL),(27239,73,86,'1920×1080',NULL),(27247,71,8,'45×130×24 mm',NULL),(27248,71,9,'• Mechanical IR cut filter <br> • Ethernet network connection <br>  • Built-in Wi-Fi (external remote antenna) <br>  • Receiving a call using aplication on smartphone <br>  • Remote viewing from smartphone',NULL),(27249,71,10,'• Touch call button <br> • Call button backlight <br> • Wide-angle lens',NULL),(27250,71,11,'https://cdn.slinex.com/Manuals_en/Slinex_ML-20IP_CC_User_Manual_eng.pdf',NULL),(27251,71,32,'1/4\" CMOS',NULL),(27252,71,35,'IR LED, up to 1 m',NULL),(27253,71,36,'0,01 Lux',NULL),(27254,71,38,'IP65',NULL),(27255,71,43,'DC 12V (power supply included)',NULL),(27256,71,44,'• Silver + black <br> • Gold + black <br> • Gold + white',NULL),(27257,71,66,'https://cdn.slinex.com/Manuals_en/IP_models_web_interface_eng.pdf',NULL),(27258,71,82,'-40 – +50 °С',NULL),(27259,71,83,'145°',NULL),(27260,71,86,'1280×720',NULL),(27290,52,4,'2',NULL),(27291,52,5,'1',NULL),(27292,52,7,'4” color TFT screen 4:3',NULL),(27293,52,8,'119×168×25 mm',NULL),(27294,52,9,'• Compact size <br> • Built-in power supply',NULL),(27295,52,10,'Touch buttons',NULL),(27296,52,11,'https://cdn.slinex.com/Manuals_eng/Slinex_MS-04_User_Manual_eng.pdf',NULL),(27297,52,18,'320x240',NULL),(27298,52,21,'No',NULL),(27299,52,22,'Up to 7W',NULL),(27300,52,23,'DC100-240V or AC13.5V',NULL),(27301,52,24,'SL-10IP, SL-10M, SL-07IP, SL-07M, SQ-07MT, SM-07M, SQ-04M, SM-04M, MS-04, up to 4 monitors in the intercom. Monitors SL-10IP and SL-07IP can only be main in the intercom.',NULL),(27302,52,25,'Wall mount',NULL),(27303,52,27,'• White <br> • Black',NULL),(27334,51,4,'2',NULL),(27335,51,5,'1',NULL),(27336,51,7,'4” color TFT screen 4:3',NULL),(27337,51,8,'119×168×25 mm',NULL),(27338,51,9,'• Compact size <br> • Built-in power supply',NULL),(27339,51,10,'Touch buttons',NULL),(27340,51,11,'https://cdn.slinex.com/Manuals_eng/Slinex_MS-04_User_Manual_eng.pdf',NULL),(27341,51,18,'320x240',NULL),(27342,51,21,'No',NULL),(27343,51,22,'Up to 7W',NULL),(27344,51,23,'DC100-240V or AC13.5V',NULL),(27345,51,24,'SL-10IP, SL-10M, SL-07IP, SL-07M, SQ-07MT, SM-07M, SQ-04M, SM-04M, MS-04, up to 4 monitors in the intercom. Monitors SL-10IP and SL-07IP can only be main in the intercom.',NULL),(27346,51,25,'Wall mount',NULL),(27347,51,27,'• White <br> • Black',NULL),(27381,56,18,'320×240',NULL),(27382,56,21,'Internal, up to 100 photos',NULL),(27384,56,36,'0,1 Lux, (light-emitting-diode) up to 2,5 m',NULL),(27385,56,45,'2.4 – 2.4835 GHz',NULL),(27386,56,46,'GFSK/FSK',NULL),(27387,56,47,'2 LR14 batteries “C” type, not included',NULL),(27388,56,48,'80×95×104 mm',NULL),(27389,56,49,'53×188×26 mm',NULL),(27390,56,50,'105×167×50 mm',NULL),(27391,56,51,'Up to 150 m in open areas',NULL),(27392,56,52,'1 Li-ion battery',NULL),(27393,56,53,'2.4” color TFT screen 4:3',NULL),(27402,18,4,'2',NULL),(27403,18,5,'2',NULL),(27404,18,7,'7” color IPS screen 16:9',NULL),(27405,18,8,'230×165×22 mm',NULL),(27406,18,9,'• Receiving a call on application on smartphone <br> • Wi-Fi <br> • Ethernet network connection <br> • Remote viewing of panels and stored archive',NULL),(27407,18,10,'16 polyphonic ringtones',NULL),(27408,18,11,'https://cdn.slinex.com/Manuals_en/Slinex_SL-07IP_CC_User_Manual_eng.pdf',NULL),(27409,18,18,'800×480',NULL),(27410,18,21,'MicroSD card, up to 32GB',NULL),(27411,18,22,'Up to 10 W',NULL),(27412,18,23,'DC100-240V or AC13.5V',NULL),(27413,18,24,'SL-10M, SL-07M, SQ-07MT, SM-07M, SQ-04M, SM-04M, MS-04, up to 4 monitors in the intercom. Monitor SL-07IP can only be main in the intercom.',NULL),(27414,18,25,'Wall mount',NULL),(27415,18,27,'• Silver + white <br> • Silver + black',NULL),(27416,18,66,'https://cdn.slinex.com/Manuals_en/IP_models_web_interface_eng.pdf',NULL),(27424,19,4,'2',NULL),(27425,19,5,'2',NULL),(27426,19,7,'7” color IPS screen 16:9',NULL),(27427,19,8,'230×165×22 mm',NULL),(27428,19,9,'• Receiving a call on application on smartphone <br> • Wi-Fi <br> • Ethernet network connection <br> • Remote viewing of panels and stored archive',NULL),(27429,19,10,'16 polyphonic ringtones',NULL),(27430,19,11,'https://cdn.slinex.com/Manuals_en/Slinex_SL-07IP_CC_User_Manual_eng.pdf',NULL),(27431,19,18,'800×480',NULL),(27432,19,21,'MicroSD card, up to 32GB',NULL),(27433,19,22,'Up to 10 W',NULL),(27434,19,23,'DC100-240V or AC13.5V',NULL),(27435,19,24,'SL-10M, SL-07M, SQ-07MT, SM-07M, SQ-04M, SM-04M, MS-04, up to 4 monitors in the intercom. Monitor SL-07IP can only be main in the intercom.',NULL),(27436,19,25,'Wall mount',NULL),(27437,19,27,'• Silver + white <br> • Silver + black',NULL),(27438,19,66,'https://cdn.slinex.com/Manuals_en/IP_models_web_interface_eng.pdf',NULL),(27446,90,4,'2',NULL),(27447,90,5,'2',NULL),(27448,90,7,'7” color TFT screen 16:9',NULL),(27449,90,8,'230×165×22 mm',NULL),(27450,90,9,'• Software motion detection <br> • “Do not disturb” mode <br> • Individual melody of call for each panel <br> • Adjustable time of opening the door for each panel',NULL),(27451,90,10,'Adjustable brightness, contrast, and saturation for each channel separately',NULL),(27452,90,11,'https://cdn.slinex.com/Manuals_en/Slinex_SL-07M_User_Manual_eng.pdf',NULL),(27453,90,18,'800x480',NULL),(27454,90,21,'Support of microSD card up to 32GB',NULL),(27455,90,22,'Up to 12W',NULL),(27456,90,23,'DC100-240V or AC13.5V',NULL),(27457,90,24,'SL-10IP, SL-10M, SL-07IP, SL-07M, SQ-07MT, SM-07M, SQ-04M, SM-04M, MS-04, up to 4 monitors in the intercom. Monitors SL-10IP and SL-07IP can only be main in the intercom.',NULL),(27458,90,25,'Wall mount',NULL),(27459,90,27,'• Silver + white <br> • Silver + black',NULL),(27468,91,4,'2',NULL),(27469,91,5,'2',NULL),(27470,91,7,'7” color TFT screen 16:9',NULL),(27471,91,8,'230×165×22 mm',NULL),(27472,91,9,'• Software motion detection <br> • “Do not disturb” mode <br> • Individual melody of call for each panel <br> • Adjustable time of opening the door for each panel',NULL),(27473,91,10,'Adjustable brightness, contrast, and saturation for each channel separately',NULL),(27474,91,11,'https://cdn.slinex.com/Manuals_en/Slinex_SL-07M_User_Manual_eng.pdf',NULL),(27475,91,18,'800x480',NULL),(27476,91,21,'Support of microSD card up to 32GB',NULL),(27477,91,22,'Up to 12W',NULL),(27478,91,23,'DC100-240V or AC13.5V',NULL),(27479,91,24,'SL-10IP, SL-10M, SL-07IP, SL-07M, SQ-07MT, SM-07M, SQ-04M, SM-04M, MS-04, up to 4 monitors in the intercom. Monitors SL-10IP and SL-07IP can only be main in the intercom.',NULL),(27480,91,25,'Wall mount',NULL),(27481,91,27,'• Silver + white <br> • Silver + black',NULL),(27534,72,4,'2',NULL),(27535,72,5,'2',NULL),(27536,72,7,'10” color TFT screen 16:9',NULL),(27537,72,8,'305×190×23 mm',NULL),(27538,72,9,'Receiving an incoming call from the calling panel to your device, connection to the Ethernet network, quadrator, the DVR function, integrated Wi-Fi.',NULL),(27539,72,10,'16 polyphonic ringtones',NULL),(27540,72,18,'1024×600',NULL),(27541,72,21,'SD card, up to 64 GB',NULL),(27542,72,22,'Up to 12 W',NULL),(27543,72,23,'DC100-240V or AC13.5V',NULL),(27544,72,24,'SL-10M, SL-07M, SQ-07MT, SM-07M, SQ-04M, SM-04M, MS-04, up to 4 monitors in the intercom. Monitor SL-10IP can only be main in the intercom.',NULL),(27545,72,25,'Wall mount',NULL),(27546,72,27,'Black + silver, white, + silver, black + gold',NULL),(27547,72,66,'https://cdn.slinex.com/Manuals_eng/IP_models_web_interface_eng.pdf',NULL),(27556,108,4,'2',NULL),(27557,108,5,'2',NULL),(27558,108,7,'10” color TFT screen 16:9',NULL),(27559,108,8,'305×190×23 mm',NULL),(27560,108,9,'Receiving an incoming call from the calling panel to your device, connection to the Ethernet network, quadrator, the DVR function, integrated Wi-Fi.',NULL),(27561,108,10,'16 polyphonic ringtones',NULL),(27562,108,11,'https://cdn.slinex.com/Manuals_eng/Slinex_SL-10IP_User_Manual_eng.pdf',NULL),(27563,108,18,'1024×600',NULL),(27564,108,21,'SD card, up to 64 GB',NULL),(27565,108,22,'Up to 12 W',NULL),(27566,108,23,'DC100-240V or AC13.5V',NULL),(27567,108,24,'SL-10M, SL-07M, SQ-07MT, SM-07M, SQ-04M, SM-04M, MS-04, up to 4 monitors in the intercom. Monitor SL-10IP can only be main in the intercom.',NULL),(27568,108,25,'Wall mount',NULL),(27569,108,27,'Black + silver, white, + silver, black + gold',NULL),(27570,108,66,'https://cdn.slinex.com/Manuals_eng/IP_models_web_interface_eng.pdf',NULL),(27624,39,4,'2',NULL),(27625,39,5,'2',NULL),(27626,39,7,'10” color TFT screen 16:9',NULL),(27627,39,8,'305×190×23 mm',NULL),(27628,39,9,'• Software motion detection <br> • “Do not disturb” mode <br> • Three volume modes according to time <br> • Adjustable call and conversation volume <br> • Brightness, contrast, and saturation for each channel',NULL),(27629,39,10,'12 polyphonic ringtones',NULL),(27630,39,11,'https://cdn.slinex.com/Manuals_en/Slinex_SL-10M_User_Manual_eng.pdf',NULL),(27631,39,18,'1024×600',NULL),(27632,39,21,'Support of SD card up to 32GB',NULL),(27633,39,22,'Up to 12 W',NULL),(27634,39,23,'DC100-240V or AC13.5V',NULL),(27635,39,24,'SL-10IP, SL-10M, SL-07IP, SL-07M, SQ-07MT, SM-07M, SQ-04M, SM-04M, MS-04, up to 4 monitors in the intercom. Monitors SL-10IP and SL-07IP can only be main in the intercom.',NULL),(27636,39,25,'Wall mount',NULL),(27637,39,27,'• Silver + white <br> • Silver + black',NULL),(27646,38,4,'2',NULL),(27647,38,5,'2',NULL),(27648,38,7,'10” color TFT screen 16:9',NULL),(27649,38,8,'305×190×23 mm',NULL),(27650,38,9,'• Software motion detection <br> • “Do not disturb” mode <br> • Three volume modes according to time <br> • Adjustable call and conversation volume <br> • Brightness, contrast, and saturation for each channel',NULL),(27651,38,10,'12 polyphonic ringtones',NULL),(27652,38,11,'https://cdn.slinex.com/Manuals_en/Slinex_SL-10M_User_Manual_eng.pdf',NULL),(27653,38,18,'1024×600',NULL),(27654,38,20,'720×288',NULL),(27655,38,21,'Support of SD card up to 32GB',NULL),(27656,38,22,'Up to 12 W',NULL),(27657,38,23,'DC100-240V or AC13.5V',NULL),(27658,38,24,'SL-10IP, SL-10M, SL-07IP, SL-07M, SQ-07MT, SM-07M, SQ-04M, SM-04M, MS-04, up to 4 monitors in the intercom. Monitors SL-10IP and SL-07IP can only be main in the intercom.',NULL),(27659,38,25,'Wall mount',NULL),(27660,38,27,'• Silver + white <br> • Silver + black',NULL),(27669,67,4,'2',NULL),(27670,67,5,'2',NULL),(27671,67,7,'4” color TFT screen 4:3',NULL),(27672,67,8,'118×169×20 mm',NULL),(27673,67,9,'Adjustable call and conversation volume',NULL),(27674,67,10,'• Separate melody of call for each panel <br> • 16 polyphonic ringtones <br> • Adjustable time of lock opening',NULL),(27675,67,11,'https://cdn.slinex.com/Manuals_eng/Slinex_SM-04M_User_Manual_eng.pdf',NULL),(27676,67,18,'320x240',NULL),(27677,67,21,'250 photos in the internal memory',NULL),(27678,67,22,'Up to 6W',NULL),(27679,67,23,'DC100-240V or AC13.5V',NULL),(27680,67,24,'SL-10IP, SL-10M, SL-07IP, SL-07M, SQ-07MT, SM-07M, SQ-04M, SM-04M, MS-04, up to 4 monitors in the intercom. Monitors SL-10IP and SL-07IP can only be main in the intercom.',NULL),(27681,67,25,'Wall mount',NULL),(27682,67,27,'• Silver <br> • Black',NULL),(27691,68,4,'2',NULL),(27692,68,5,'2',NULL),(27693,68,7,'4” color TFT screen 4:3',NULL),(27694,68,8,'118×169×20 mm',NULL),(27695,68,9,'Adjustable call and conversation volume',NULL),(27696,68,10,'• Separate melody of call for each panel <br> • 16 polyphonic ringtones <br> • Adjustable time of lock opening',NULL),(27697,68,11,'https://cdn.slinex.com/Manuals_eng/Slinex_SM-04M_User_Manual_eng.pdf',NULL),(27698,68,18,'320x240',NULL),(27699,68,21,'250 photos in the internal memory',NULL),(27700,68,22,'Up to 6W',NULL),(27701,68,23,'DC100-240V or AC13.5V',NULL),(27702,68,24,'SL-10IP, SL-10M, SL-07IP, SL-07M, SQ-07MT, SM-07M, SQ-04M, SM-04M, MS-04, up to 4 monitors in the intercom. Monitors SL-10IP and SL-07IP can only be main in the intercom.',NULL),(27703,68,25,'Wall mount',NULL),(27704,68,27,'• Silver <br> • Black',NULL),(27735,65,4,'2',NULL),(27736,65,5,'2',NULL),(27737,65,7,'7” color TFT screen 16:9',NULL),(27738,65,8,'193×123×18 mm',NULL),(27739,65,9,'Ultra-thin body',NULL),(27740,65,10,'• 16 polyphonic ringtones <br> • Adjustable time of lock opening <br> • Adjustable call and conversation volume',NULL),(27741,65,11,'https://cdn.slinex.com/Manuals_en/Slinex_SM-07M_User_Manual_eng.pdf',NULL),(27742,65,18,'800×480',NULL),(27743,65,21,'Support of microSD card up to 32GB',NULL),(27744,65,22,'Up to 7W',NULL),(27745,65,23,'DC100-240V or AC13.5V',NULL),(27746,65,24,'SL-10IP, SL-10M, SL-07IP, SL-07M, SQ-07MT, SM-07M, SQ-04M, SM-04M, MS-04, up to 4 monitors in the intercom. Monitors SL-10IP and SL-07IP can only be main in the intercom.',NULL),(27747,65,25,'Wall mount',NULL),(27748,65,27,'• Graphite <br> • White',NULL),(27757,66,4,'2',NULL),(27758,66,5,'2',NULL),(27759,66,7,'7” color TFT screen 16:9',NULL),(27760,66,8,'193×123×18 mm',NULL),(27761,66,9,'Ultra-thin body',NULL),(27762,66,10,'• 16 polyphonic ringtones <br> • Adjustable time of lock opening <br> • Adjustable call and conversation volume',NULL),(27763,66,11,'https://cdn.slinex.com/Manuals_en/Slinex_SM-07M_User_Manual_eng.pdf',NULL),(27764,66,18,'800×480',NULL),(27765,66,21,'Support of microSD card up to 32GB',NULL),(27766,66,22,'Up to 7W',NULL),(27767,66,23,'DC100-240V or AC13.5V',NULL),(27768,66,24,'SL-10IP, SL-10M, SL-07IP, SL-07M, SQ-07MT, SM-07M, SQ-04M, SM-04M, MS-04, up to 4 monitors in the intercom. Monitors SL-10IP and SL-07IP can only be main in the intercom.',NULL),(27769,66,25,'Wall mount',NULL),(27770,66,27,'• Graphite <br> • White',NULL),(28031,107,2,'https://www.youtube.com/watch?v=TyzIjjBKqF4&feature=youtu.be',NULL),(28032,107,4,'2',NULL),(28033,107,5,'2',NULL),(28034,107,7,'7” color TFT touch screen 16:9',NULL),(28035,107,8,'197×127×20 mm',NULL),(28036,107,9,'• Software motion detection <br> • Touch screen <br> • Setting the duration of the call <br> • Turn off button’s backlight',NULL),(28037,107,10,'• Three volume modes according to time <br> • Mode “Do not disturb”',NULL),(28038,107,11,'https://cdn.slinex.com/Manuals_en/Slinex_SQ-07MT_User_Manual_eng.pdf',NULL),(28039,107,18,'800×480',NULL),(28040,107,21,'Support of microSD card up to 32GB',NULL),(28041,107,22,'Up to 10 W',NULL),(28042,107,23,'DC100-240V or AC13.5V',NULL),(28043,107,24,'SL-10IP(T), SL-10M, SL-07IP, SL-07M, SQ-07MT, SM-07M, SQ-04M, SM-04M, MS-04, up to 4 monitors in the intercom. Monitors SL-10IP(T) and SL-07IP can only be main in the intercom.',NULL),(28044,107,25,'Wall mount',NULL),(28045,107,27,'• White <br> • Black',NULL),(28054,106,2,'https://www.youtube.com/watch?v=TyzIjjBKqF4&feature=youtu.be',NULL),(28055,106,4,'2',NULL),(28056,106,5,'2',NULL),(28057,106,7,'7” color TFT touch screen 16:9',NULL),(28058,106,8,'197×127×20 mm',NULL),(28059,106,9,'• Software motion detection <br> • Touch screen <br> • Setting the duration of the call <br> • Turn off button’s backlight',NULL),(28060,106,10,'• Three volume modes according to time <br> • Mode “Do not disturb”',NULL),(28061,106,11,'https://cdn.slinex.com/Manuals_en/Slinex_SQ-07MT_User_Manual_eng.pdf',NULL),(28062,106,18,'800×480',NULL),(28063,106,21,'Support of microSD card up to 32GB',NULL),(28064,106,22,'Up to 10 W',NULL),(28065,106,23,'DC100-240V or AC13.5V',NULL),(28066,106,24,'SL-10IP(T), SL-10M, SL-07IP, SL-07M, SQ-07MT, SM-07M, SQ-04M, SM-04M, MS-04, up to 4 monitors in the intercom. Monitors SL-10IP(T) and SL-07IP can only be main in the intercom.',NULL),(28067,106,25,'Wall mount',NULL),(28068,106,27,'• White <br> • Black',NULL),(28077,58,8,'54×134×40 mm',NULL),(28078,58,9,'• Backlight of the button <br> • Output of signal on the DVR for recording on motion',NULL),(28079,58,10,'• Rain cover <br> • Angle',NULL),(28080,58,11,'https://cdn.slinex.com/Manuals_en/Slinex_ML-15HR_User_Manual_eng.pdf',NULL),(28081,58,32,'1/3\" CMOS',NULL),(28082,58,35,'IR LED, up to 1.5 m',NULL),(28083,58,36,'0,01 Lux',NULL),(28084,58,37,'Metal alloy',NULL),(28085,58,38,'IP65',NULL),(28086,58,43,'AC12V',NULL),(28087,58,44,'• Copper <br> • Gray <br> • Black',NULL),(28088,58,82,'-40 – +65 °С',NULL),(28089,58,83,'65º',NULL),(28090,58,86,'800 TVL',NULL),(28091,58,3,'https://cdn.slinex.com/360dm/06778',NULL),(28121,59,8,'54×134×40 mm',NULL),(28122,59,9,'• Backlight of the button <br> • Output of signal on the DVR for recording on motion',NULL),(28123,59,10,'• Rain cover <br> • Angle',NULL),(28124,59,11,'https://cdn.slinex.com/Manuals_en/Slinex_ML-15HR_User_Manual_eng.pdf',NULL),(28125,59,32,'1/3\" CMOS',NULL),(28126,59,35,'IR LED, up to 1.5 m',NULL),(28127,59,36,'0,01 Lux',NULL),(28128,59,37,'Metal alloy',NULL),(28129,59,38,'IP65',NULL),(28130,59,43,'AC12V',NULL),(28131,59,44,'• Copper <br> • Gray <br> • Black',NULL),(28132,59,82,'-40 – +65 °С',NULL),(28133,59,83,'65º',NULL),(28134,59,86,'800 TVL',NULL),(28135,59,3,'https://cdn.slinex.com/360dm/06778',NULL),(28143,60,8,'54×134×40 mm',NULL),(28144,60,9,'• Backlight of the button <br> • Output of signal on the DVR for recording on motion',NULL),(28145,60,10,'• Rain cover <br> • Angle',NULL),(28146,60,11,'https://cdn.slinex.com/Manuals_en/Slinex_ML-15HR_User_Manual_eng.pdf',NULL),(28147,60,32,'1/3\" CMOS',NULL),(28148,60,35,'IR LED, up to 1.5 m',NULL),(28149,60,36,'0,01 Lux',NULL),(28150,60,37,'Metal alloy',NULL),(28151,60,38,'IP65',NULL),(28152,60,43,'AC12V',NULL),(28153,60,44,'• Copper <br> • Gray <br> • Black',NULL),(28154,60,82,'-40 – +65 °С',NULL),(28155,60,83,'65º',NULL),(28156,60,86,'800 TVL',NULL),(28157,60,3,'https://cdn.slinex.com/360dm/06778',NULL),(28201,69,11,'https://cdn.slinex.com/Manuals_en/Slinex_XR-30IP_CC_User_Manual_eng.pdf',NULL),(28202,69,21,'MicroSD card slot, up to 32GB',NULL),(28203,69,22,'Up to 400 mW',NULL),(28204,69,23,'+12 V, 1 А ',NULL),(28205,69,25,'Wall mount',NULL),(28206,69,42,'80×120×22 mm',NULL),(28207,69,60,'10/100M and Wi-Fi',NULL),(28208,69,61,'1',NULL),(28209,69,62,'PAL / NTSC',NULL),(28210,69,63,'4-wire outdoor panels and intercoms',NULL),(28211,69,65,'Software motion detection',NULL),(28212,69,66,'https://cdn.slinex.com/Manuals_en/IP_models_web_interface_eng.pdf',NULL),(28220,112,8,'45×130×24 mm',NULL),(28221,112,11,'https://cdn.slinex.com/Manuals_eng/Slinex_ML-20CR_User_Manual_eng.pdf',NULL),(28222,112,32,'1/4\" CMOS',NULL),(28223,112,35,'IR LED, up to 1.5 m',NULL),(28224,112,36,'0,01 Lux',NULL),(28225,112,37,'Metal alloy',NULL),(28226,112,38,'IP65',NULL),(28227,112,43,'+12V from power supply',NULL),(28228,112,44,'• Gold + black <br> • Gold + white <br> • Silver + black',NULL),(28229,112,74,'• Supports both AHD and CVBS <br> • Sensor type call button <br> • Access control - card reader EM-Marin',NULL),(28230,112,82,'-40 – +50 °С',NULL),(28231,112,83,'120° ',NULL),(28232,112,86,'1 MP (AHD) / 960 TVL (CVBS)',NULL),(28241,113,8,'45×130×24 mm',NULL),(28242,113,11,'https://cdn.slinex.com/Manuals_eng/Slinex_ML-20CR_User_Manual_eng.pdf',NULL),(28243,113,32,'1/4\" CMOS',NULL),(28244,113,35,'IR LED, up to 1.5 m',NULL),(28245,113,36,'0,01 Lux',NULL),(28246,113,37,'Metal alloy',NULL),(28247,113,38,'IP65',NULL),(28248,113,43,'+12V from power supply',NULL),(28249,113,44,'• Gold + black <br> • Gold + white <br> • Silver + black',NULL),(28250,113,74,'• Supports both AHD and CVBS <br> • Sensor type call button <br> • Access control - card reader EM-Marin',NULL),(28251,113,82,'-40 – +50 °С',NULL),(28252,113,83,'120° ',NULL),(28253,113,86,'1 MP (AHD) / 960 TVL (CVBS)',NULL),(28262,114,8,'45×130×24 mm',NULL),(28263,114,11,'https://cdn.slinex.com/Manuals_eng/Slinex_ML-20CR_User_Manual_eng.pdf',NULL),(28264,114,32,'1/4\" CMOS',NULL),(28265,114,35,'IR LED, up to 1.5 m',NULL),(28266,114,36,'0,01 Lux',NULL),(28267,114,37,'Metal alloy',NULL),(28268,114,38,'IP65',NULL),(28269,114,43,'+12V from power supply',NULL),(28270,114,44,'• Gold + black <br> • Gold + white <br> • Silver + black',NULL),(28271,114,74,'• Supports both AHD and CVBS <br> • Sensor type call button <br> • Access control - card reader EM-Marin',NULL),(28272,114,82,'-40 – +50 °С',NULL),(28273,114,83,'120° ',NULL),(28274,114,86,'1 MP (AHD) / 960 TVL (CVBS)',NULL),(28305,36,4,'2',NULL),(28306,36,5,'2',NULL),(28307,36,7,'10” color TFT screen 16:9',NULL),(28308,36,8,'305×190×23 mm',NULL),(28309,36,9,'Receiving an incoming call from the calling panel to your device, connection to the Ethernet network, quadrator, the DVR function, integrated Wi-Fi.',NULL),(28310,36,10,'16 polyphonic ringtones',NULL),(28311,36,11,'https://cdn.slinex.com/Manuals_eng/Slinex_SL-10IP_User_Manual_eng.pdf',NULL),(28312,36,18,'1024×600',NULL),(28313,36,21,'SD card, up to 64 GB',NULL),(28314,36,22,'Up to 12 W',NULL),(28315,36,23,'DC100-240V or AC13.5V',NULL),(28316,36,24,'SL-10M, SL-07M, SQ-07MT, SM-07M, SQ-04M, SM-04M, MS-04, up to 4 monitors in the intercom. Monitor SL-10IP can only be main in the intercom.',NULL),(28317,36,25,'Wall mount',NULL),(28318,36,27,'Black + silver, white, + silver, black + gold',NULL),(28319,36,66,'https://cdn.slinex.com/Manuals_eng/IP_models_web_interface_eng.pdf',NULL),(28547,63,3,'https://cdn.slinex.com/360dm/11143',NULL),(28556,74,3,'https://cdn.slinex.com/360dm/14387',NULL),(28557,74,8,'101×180×28 mm',NULL),(28558,74,9,'Backlight of the button',NULL),(28559,74,11,'https://cdn.slinex.com/Manuals_en/Slinex_VR-16_User_Manual_eng.pdf',NULL),(28560,74,32,'1/3\" CMOS',NULL),(28561,74,35,'IR LED, up to 1.5 m',NULL),(28562,74,36,'0,01 Lux',NULL),(28563,74,37,'Metal alloy + polycarbonate',NULL),(28564,74,38,'IP65',NULL),(28565,74,39,'A normally open contact (dry steam)',NULL),(28566,74,43,'+12 V',NULL),(28567,74,44,'Silver + white',NULL),(28568,74,70,'Individual outdoor panel',NULL),(28569,74,82,'-40 – +65 °С',NULL),(28570,74,83,'80° ',NULL),(28571,74,86,'800 TVL',NULL),(28579,116,4,'2',NULL),(28580,116,5,'2',NULL),(28581,116,7,'4.3” color TFT screen 16:9',NULL),(28582,116,8,'119×175×21 mm',NULL),(28583,116,9,'• Software motion detection (one channel) <br> • Call melody duration setting <br> • Time display in standby mode',NULL),(28584,116,10,'• Three volume modes according to time <br> • “Do not disturb” mode',NULL),(28585,116,11,'https://cdn.slinex.com/Manuals_en/Slinex_SQ-04M_User_Manual_eng.pdf',NULL),(28586,116,18,'480×272',NULL),(28587,116,21,'MicroSD, up to 32GB',NULL),(28588,116,22,'Up to 6W',NULL),(28589,116,23,'Built-in power supply, ~100–240V',NULL),(28590,116,24,'Up to 4 monitors in the intercom',NULL),(28591,116,25,'Surface mount',NULL),(28592,116,27,'• White <br> • Black',NULL),(28601,115,4,'2',NULL),(28602,115,5,'2',NULL),(28603,115,7,'4.3” color TFT screen 16:9',NULL),(28604,115,8,'119×175×21 mm',NULL),(28605,115,9,'• Software motion detection (one channel) <br> • Call melody duration setting <br> • Time display in standby mode',NULL),(28606,115,10,'• Three volume modes according to time <br> • “Do not disturb” mode',NULL),(28607,115,11,'https://cdn.slinex.com/Manuals_en/Slinex_SQ-04M_User_Manual_eng.pdf',NULL),(28608,115,18,'480×272',NULL),(28609,115,21,'MicroSD, up to 32GB',NULL),(28610,115,22,'Up to 6W',NULL),(28611,115,23,'Built-in power supply, ~100–240V',NULL),(28612,115,24,'Up to 4 monitors in the intercom',NULL),(28613,115,25,'Surface mount',NULL),(28614,115,27,'• White <br> • Black',NULL),(28623,119,4,'2',NULL),(28624,119,5,'2',NULL),(28625,119,7,'10” IPS touch screen 16:9',NULL),(28626,119,8,'304×190×24 mm',NULL),(28627,119,9,'• Receiving a call using application on smartphone <br> • Built-in Wi-Fi <br>  • Ethernet network connection <br> • DVR with quadrator <br> • 4 channels software motion detection <br> • Remote access to on-line video stream and stored archive <br> • Supports AHD panels and cameras (up to 1MP)',NULL),(28628,119,10,'16 polyphonic ringtones',NULL),(28629,119,18,'1024×600 pixels',NULL),(28630,119,21,'SD card, up to 128GB',NULL),(28631,119,22,'AC 100-240V or DC 13.5V',NULL),(28632,119,23,'DC100-240V',NULL),(28633,119,24,'SL-10M, SL-07M, SQ-07MT, SM-07M, SQ-04M, SM-04M, MS-04, up to 4 monitors in the intercom. Monitor SL-10IPT can only be main in the intercom.',NULL),(28634,119,25,'Wall mount',NULL),(28635,119,27,'• Silver + black <br> • Silver + white <br> • Gold + black',NULL),(28637,119,11,'https://cdn.slinex.com/Manuals_en/Slinex_SL-10IPT_CC_User_Manual_eng.pdf',NULL),(28645,117,4,'2',NULL),(28646,117,5,'2',NULL),(28647,117,7,'10” IPS touch screen 16:9',NULL),(28648,117,8,'304×190×24 mm',NULL),(28649,117,9,'• Receiving a call using application on smartphone <br> • Built-in Wi-Fi <br>  • Ethernet network connection <br> • DVR with quadrator <br> • 4 channels software motion detection <br> • Remote access to on-line video stream and stored archive <br> • Supports AHD panels and cameras (up to 1MP)',NULL),(28650,117,10,'16 polyphonic ringtones',NULL),(28651,117,18,'1024×600 pixels',NULL),(28652,117,21,'SD card, up to 128GB',NULL),(28653,117,22,'AC 100-240V or DC 13.5V',NULL),(28654,117,23,'DC100-240V',NULL),(28655,117,24,'SL-10M, SL-07M, SQ-07MT, SM-07M, SQ-04M, SM-04M, MS-04, up to 4 monitors in the intercom. Monitor SL-10IPT can only be main in the intercom.',NULL),(28656,117,25,'Wall mount',NULL),(28657,117,27,'• Silver + black <br> • Silver + white <br> • Gold + black',NULL),(28659,117,11,'https://cdn.slinex.com/Manuals_en/Slinex_SL-10IPT_CC_User_Manual_eng.pdf',NULL),(28667,118,4,'2',NULL),(28668,118,5,'2',NULL),(28669,118,7,'10” IPS touch screen 16:9',NULL),(28670,118,8,'304×190×24 mm',NULL),(28671,118,9,'• Receiving a call using application on smartphone <br> • Built-in Wi-Fi <br>  • Ethernet network connection <br> • DVR with quadrator <br> • 4 channels software motion detection <br> • Remote access to on-line video stream and stored archive <br> • Supports AHD panels and cameras (up to 1MP)',NULL),(28672,118,10,'16 polyphonic ringtones',NULL),(28673,118,18,'1024×600 pixels',NULL),(28674,118,21,'SD card, up to 128GB',NULL),(28675,118,22,'AC 100-240V or DC 13.5V',NULL),(28676,118,23,'DC100-240V',NULL),(28677,118,24,'SL-10M, SL-07M, SQ-07MT, SM-07M, SQ-04M, SM-04M, MS-04, up to 4 monitors in the intercom. Monitor SL-10IPT can only be main in the intercom.',NULL),(28678,118,25,'Wall mount',NULL),(28679,118,27,'• Silver + black <br> • Silver + white <br> • Gold + black',NULL),(28681,118,11,'https://cdn.slinex.com/Manuals_en/Slinex_SL-10IPT_CC_User_Manual_eng.pdf',NULL),(28689,70,87,'https://cdn.slinex.com/Manuals_en/Slinex_ML-20IP_Quick_Installation_Guide.pdf',NULL),(28690,71,87,'https://cdn.slinex.com/Manuals_en/Slinex_ML-20IP_Quick_Installation_Guide.pdf',NULL),(28691,73,87,'https://cdn.slinex.com/Manuals_en/Slinex_ML-20IP_Quick_Installation_Guide.pdf',NULL),(28692,70,21,'16 GB of internal memory',NULL),(28693,71,21,'MicroSD card up to 32GB (8GB pre-installed)',NULL),(28694,73,21,'16 GB of internal memory',NULL),(28695,120,8,'110×185×34 mm',NULL),(28697,120,32,'1/4\" CMOS',NULL),(28698,120,35,'IR LED, up to 1.5 m',NULL),(28699,120,36,'0,01 Lux',NULL),(28700,120,37,'Metal alloy',NULL),(28701,120,38,'IP65',NULL),(28702,120,43,'+12V',NULL),(28703,120,44,'Silver',NULL),(28705,120,82,'-40 – +65 °С',NULL),(28706,120,83,'138º ',NULL),(28707,120,86,'960 TVL',NULL),(28708,120,70,'Outdoor panel for 2 subscribers',NULL),(28709,120,11,'https://cdn.slinex.com/Manuals_en/Slinex_MA-01_02_04_08_v2_User_Manual_eng.pdf',NULL),(28711,120,88,'EM-Marin, MIFARE',NULL),(28712,120,89,'248 user cards',NULL),(28713,121,8,'110×185×34 mm',NULL),(28714,121,32,'1/4\" CMOS',NULL),(28715,121,35,'IR LED, up to 1.5 m',NULL),(28716,121,36,'0,01 Lux',NULL),(28717,121,37,'Metal alloy',NULL),(28718,121,38,'IP65',NULL),(28719,121,43,'+12V',NULL),(28720,121,44,'Silver',NULL),(28722,121,82,'-40 – +65 °С',NULL),(28723,121,83,'138º ',NULL),(28724,121,86,'960 TVL',NULL),(28725,121,70,'Outdoor panel for 4 subscribers',NULL),(28726,121,11,'https://cdn.slinex.com/Manuals_en/Slinex_MA-01_02_04_08_v2_User_Manual_eng.pdf',NULL),(28728,121,88,'EM-Marin, MIFARE',NULL),(28729,121,89,'248 user cards',NULL),(28730,122,8,'186×110×34 mm',NULL),(28734,122,37,'Metal alloy',NULL),(28735,122,38,'IP65',NULL),(28736,122,43,'From MA-01CRHD/02CRHD/03CRHD/04CRHD panel',NULL),(28737,122,44,'Silver',NULL),(28739,122,82,'-40 – +65 °С',NULL),(28742,122,70,'Extension unit for MA-01CRHD/02CRHD/03CRHD/04CRHD',NULL),(28743,122,11,'https://cdn.slinex.com/Manuals_en/Slinex_MA-01_02_03_04_08_v2_User_Manual.pdf',NULL),(28744,95,3,'https://cdn.slinex.com/360dm/15000',NULL),(28745,70,3,'https://cdn.slinex.com/360dm/15001',NULL),(28746,71,3,'https://cdn.slinex.com/360dm/15001',NULL),(28747,73,3,'https://cdn.slinex.com/360dm/15001',NULL),(28748,120,9,'• Mechanical IR cut filter <br> • Wide-angle lens <br> • Nameplates backlight <br> • Support up to 2 MA-08 extensions (18 subscribers)',NULL),(28749,121,9,'• Mechanical IR cut filter <br> • Wide-angle lens <br> • Nameplates backlight <br> • Support up to 2 MA-08 extensions (20 subscribers)',NULL),(28750,122,9,'Name plates backlight',NULL),(28751,39,20,'720×288',NULL),(28752,91,20,'720х288',NULL),(28753,90,20,'720х288',NULL),(28754,106,20,'720×288',NULL),(28755,107,20,'720×288',NULL),(28757,121,10,'• Combined EM-Marin / MIFARE reader <br> • Supports both CVBS and AHD',NULL),(28758,120,10,'• Combined EM-Marin / MIFARE reader <br> • Supports both CVBS and AHD',NULL),(28759,112,3,'https://cdn.slinex.com/360dm/15190',NULL),(28760,113,3,'https://cdn.slinex.com/360dm/15190',NULL),(28761,114,3,'https://cdn.slinex.com/360dm/15190',NULL),(28762,123,8,'45×130×24 mm',NULL),(28763,123,11,'https://cdn.slinex.com/Manuals_en/Slinex_ML-20HD_v2_User_Manual_eng.pdf',NULL),(28764,123,32,'1/4\" CMOS',NULL),(28765,123,35,'IR LED, up to 1.5 m',NULL),(28766,123,36,'0,01 Lux',NULL),(28767,123,37,'Metal alloy',NULL),(28768,123,38,'IP65',NULL),(28769,123,43,'DC 12V from a monitor   ',NULL),(28770,123,44,'• Gold + black <br> • Silver + black',NULL),(28771,123,74,'• Camera operation modes switcher (AHD-H, AHD-M, CVBS) <br> • Wide-angle lens <br> • Mechanical IR cut filter <br> • Touch call button <br> • Separate video camera power wire to use it as a source of video for DVR or motion detection recording',NULL),(28772,123,82,'-40 – +50 °С',NULL),(28773,123,83,'115° ',NULL),(28774,123,86,'• 1920×1080 (AHD-H) <br> • 1280×720 (AHD-M) <br> • 960 TVL (CVBS)',NULL),(28776,124,8,'45×130×24 mm',NULL),(28777,124,11,'https://cdn.slinex.com/Manuals_en/Slinex_ML-20HD_User_Manual_eng.pdf',NULL),(28778,124,32,'1/4\" CMOS',NULL),(28779,124,35,'IR LED, up to 1.5 m',NULL),(28780,124,36,'0,01 Lux',NULL),(28781,124,37,'Metal alloy',NULL),(28782,124,38,'IP65',NULL),(28783,124,43,'+12V from power supply',NULL),(28784,124,44,'• Gold + black <br> • Gold + white <br> • Silver + black',NULL),(28785,124,74,'• Supports both AHD and CVBS <br> • Wide-angle lens <br> • Mechanical IR cut filter <br> • Touch call button <br> • Separate video camera power wire ',NULL),(28786,124,82,'-40 – +50 °С',NULL),(28787,124,83,'150° ',NULL),(28788,124,86,'2 MP (AHD) / 960 TVL (CVBS)',NULL),(28790,125,8,'45×130×24 mm',NULL),(28791,125,11,'https://cdn.slinex.com/Manuals_en/Slinex_ML-20HD_v2_User_Manual_eng.pdf',NULL),(28792,125,32,'1/4\" CMOS',NULL),(28793,125,35,'IR LED, up to 1.5 m',NULL),(28794,125,36,'0,01 Lux',NULL),(28795,125,37,'Metal alloy',NULL),(28796,125,38,'IP65',NULL),(28797,125,43,'DC 12V from a monitor   ',NULL),(28798,125,44,'• Gold + black <br> • Silver + black',NULL),(28799,125,74,'• Camera operation modes switcher (AHD-H, AHD-M, CVBS) <br> • Wide-angle lens <br> • Mechanical IR cut filter <br> • Touch call button <br> • Separate video camera power wire ',NULL),(28800,125,82,'-40 – +50 °С',NULL),(28801,125,83,'115° ',NULL),(28802,125,86,'• 1920×1080 (AHD-H) <br> • 1280×720 (AHD-M) <br> • 960 TVL (CVBS)',NULL),(28804,73,2,'https://www.youtube.com/watch?v=gczZxNbdbY4',NULL),(28805,71,2,'https://www.youtube.com/watch?v=gczZxNbdbY4',NULL),(28806,70,2,'https://www.youtube.com/watch?v=gczZxNbdbY4',NULL),(28807,59,2,'https://www.youtube.com/watch?v=1doIrNpI32M',NULL),(28808,60,2,'https://www.youtube.com/watch?v=1doIrNpI32M',NULL),(28809,58,2,'https://www.youtube.com/watch?v=1doIrNpI32M',NULL),(28810,127,4,'2',NULL),(28811,127,7,'4.3” color TFT screen 16:9',NULL),(28812,127,8,'119×175×21 mm',NULL),(28813,127,18,'480×272',NULL),(28814,127,21,'No',NULL),(28815,127,22,'Up to 6W',NULL),(28816,127,23,'Built-in power supply, ~100–240V',NULL),(28817,127,27,'• White <br> • Black',NULL),(28818,127,82,'-10 ... +55 ˚C',NULL),(28819,128,4,'2',NULL),(28820,128,7,'4.3” color TFT screen 16:9',NULL),(28821,128,8,'119×175×21 mm',NULL),(28822,128,18,'480×272',NULL),(28823,128,21,'No',NULL),(28824,128,22,'Up to 6W',NULL),(28825,128,23,'Built-in power supply, ~100–240V',NULL),(28826,128,27,'• White <br> • Black',NULL),(28827,128,82,'-10 ... +55 ˚C',NULL),(28828,128,11,'https://cdn.slinex.com/Manuals_en/Slinex_SQ-04_User_Manual_eng.pdf',NULL),(28829,127,11,'https://cdn.slinex.com/Manuals_en/Slinex_SQ-04_User_Manual_eng.pdf',NULL),(28830,56,11,'https://cdn.slinex.com/Manuals_en/Slinex_RD-30v2_User_Manual_eng.pdf',NULL),(28832,130,11,'https://cdn.slinex.com/Manuals_en/Slinex_RD-30v2_User_Manual_eng.pdf',NULL),(28833,130,18,'320×240',NULL),(28834,130,21,'Internal, up to 100 photos',NULL),(28836,130,36,'0,1 Lux, (light-emitting-diode) up to 2,5 m',NULL),(28837,130,45,'2.4 – 2.4835 GHz',NULL),(28838,130,46,'GFSK/FSK',NULL),(28839,130,47,'2 LR14 batteries “C” type, not included',NULL),(28840,130,48,'80×95×104 mm',NULL),(28841,130,49,'53×188×26 mm',NULL),(28842,130,50,'105×167×50 mm',NULL),(28843,130,51,'Up to 150 m in open areas',NULL),(28844,130,52,'1 Li-ion battery',NULL),(28845,130,53,'2.4” color TFT screen 4:3',NULL),(28846,18,3,'https://cdn.slinex.com/360dm/16001',NULL),(28847,19,3,'https://cdn.slinex.com/360dm/16001',NULL),(28848,65,3,'https://cdn.slinex.com/360dm/16002',NULL),(28849,66,3,'https://cdn.slinex.com/360dm/16002',NULL),(28850,39,3,'https://cdn.slinex.com/360dm/16003',NULL),(28851,38,3,'https://cdn.slinex.com/360dm/16003',NULL),(28852,117,3,'https://cdn.slinex.com/360dm/16004',NULL),(28853,118,3,'https://cdn.slinex.com/360dm/16004',NULL),(28854,119,3,'https://cdn.slinex.com/360dm/16004',NULL),(28855,115,3,'https://cdn.slinex.com/360dm/16005',NULL),(28856,116,3,'https://cdn.slinex.com/360dm/16005',NULL),(28857,107,3,'https://cdn.slinex.com/360dm/16006',NULL),(28858,106,3,'https://cdn.slinex.com/360dm/16006',NULL),(28859,69,3,'https://cdn.slinex.com/360dm/16007',NULL),(28860,56,83,'120º',NULL),(28861,130,83,'120º',NULL),(28862,120,3,'https://cdn.slinex.com/360dm/16269',NULL),(28863,122,3,'https://cdn.slinex.com/360dm/16268',NULL),(28864,121,3,'https://cdn.slinex.com/360dm/16267',NULL),(28865,120,2,'https://www.youtube.com/watch?v=FSw3uTKPbCM&feature=youtu.be',NULL),(28866,121,2,'https://www.youtube.com/watch?v=FSw3uTKPbCM&feature=youtu.be',NULL),(28867,122,2,'https://www.youtube.com/watch?v=FSw3uTKPbCM&feature=youtu.be',NULL),(28886,71,90,'https://cdn.slinex.com/Manuals_en/Slinex_CloudCall_User_Manual_eng.pdf',NULL),(28887,73,90,'https://cdn.slinex.com/Manuals_en/Slinex_CloudCall_User_Manual_eng.pdf',NULL),(28888,70,90,'https://cdn.slinex.com/Manuals_en/Slinex_CloudCall_User_Manual_eng.pdf',NULL),(28889,117,90,'https://cdn.slinex.com/Manuals_en/Slinex_CloudCall_User_Manual_eng.pdf',NULL),(28890,118,90,'https://cdn.slinex.com/Manuals_en/Slinex_CloudCall_User_Manual_eng.pdf',NULL),(28891,119,90,'https://cdn.slinex.com/Manuals_en/Slinex_CloudCall_User_Manual_eng.pdf',NULL),(28892,19,90,'https://cdn.slinex.com/Manuals_en/Slinex_CloudCall_User_Manual_eng.pdf',NULL),(28893,18,90,'https://cdn.slinex.com/Manuals_en/Slinex_CloudCall_User_Manual_eng.pdf',NULL),(28894,69,90,'https://cdn.slinex.com/Manuals_en/Slinex_CloudCall_User_Manual_eng.pdf',NULL),(28895,133,8,'54×134×40 mm',NULL),(28898,133,11,'https://cdn.slinex.com/Manuals_en/Slinex_ML-15HD_User_Manual_eng.pdf',NULL),(28899,133,32,'1/4” CMOS',NULL),(28900,133,35,'IR LED, up to 1.5 m',NULL),(28901,133,36,'0,01 Lux',NULL),(28902,133,37,'Metal alloy',NULL),(28903,133,38,'IP65',NULL),(28904,133,43,'AC12V',NULL),(28905,133,44,'• Copper <br> • Gray <br> • Black',NULL),(28906,133,82,'-40 – +65 °С',NULL),(28907,133,83,'76º',NULL),(28908,133,86,'• 1920×1080 (AHD-H) <br> • 1280×720 (AHD-M) <br> • 960 TVL (CVBS)',NULL),(28909,133,3,'https://cdn.slinex.com/360dm/06778',NULL),(28911,133,65,'• Rain cover <br> • Angle',NULL),(28912,133,70,'Individual outdoor panel',NULL),(28913,133,74,'• Camera operation modes switcher (AHD-H, AHD-M, CVBS) <br> • Mechanical IR cut filter <br> • Backlight of the button <br> • Output of signal on the DVR for recording on motion',NULL),(28914,133,41,'• ML-15HD door panel − 1 pc <br> • Wall mounting bracket (rainshield type) − 1 pc <br> • Angle bracket − 1 pc <br> • Mounting screws and anchors − 1 pkg <br> • User manual − 1 pc',NULL),(28915,131,3,'https://cdn.slinex.com/360dm/06778',NULL),(28916,131,8,'54×134×40 mm',NULL),(28917,131,11,'https://cdn.slinex.com/Manuals_en/Slinex_ML-15HD_User_Manual_eng.pdf',NULL),(28918,131,32,'1/4” CMOS',NULL),(28919,131,35,'IR LED, up to 1.5 m',NULL),(28920,131,36,'0,01 Lux',NULL),(28921,131,37,'Metal alloy',NULL),(28922,131,38,'IP65',NULL),(28923,131,41,'• ML-15HD door panel − 1 pc <br> • Wall mounting bracket (rainshield type) − 1 pc <br> • Angle bracket − 1 pc <br> • Mounting screws and anchors − 1 pkg <br> • User manual − 1 pc',NULL),(28924,131,43,'AC12V',NULL),(28925,131,44,'• Copper <br> • Gray <br> • Black',NULL),(28926,131,65,'• Rain cover <br> • Angle',NULL),(28927,131,70,'Individual outdoor panel',NULL),(28928,131,74,'• Camera operation modes switcher (AHD-H, AHD-M, CVBS) <br> • Mechanical IR cut filter <br>  • Backlight of the button <br> • Output of signal on the DVR for recording on motion',NULL),(28929,131,82,'-40 – +65 °С',NULL),(28930,131,83,'76º',NULL),(28931,131,86,'• 1920×1080 (AHD-H) <br> • 1280×720 (AHD-M) <br> • 960 TVL (CVBS)',NULL),(28949,132,4,'2',NULL),(28950,132,5,'2',NULL),(28951,132,18,'1024×600',NULL),(28952,132,21,'Memory cards support up to 128GB',NULL),(28953,132,22,'Up to 7W',NULL),(28954,132,23,'AC 100-240V or DC 13.5V',NULL),(28955,132,24,'Up to 4 monitors in the intercom',NULL),(28956,132,25,'Surface mount',NULL),(28957,132,27,'• White <br> • Black',NULL),(28958,132,7,'7”, color IPS with touch screen',NULL),(28959,132,8,'197×127×20 mm',NULL),(28960,132,9,'• Support for call panels and high-resolution cameras of standards AHD, CVBS, TVI, CVI, with a resolution of up to 1080p (2 megapixel) <br> • MP3 ringing tones <br> • Software motion detection <br> • Call melody duration setting <br> • Photo frame <br> • Time display in standby mode  <br> • Turn off button’s backlight',NULL),(28961,132,10,'• \"Picture-in-picture\" function <br> • Three volume modes according to time <br> • Mode “Do not disturb”',NULL),(28962,132,11,'https://cdn.slinex.com/Manuals_en/Slinex_SQ-07MT_HD_User_Manual.pdf',NULL),(28963,135,4,'2',NULL),(28964,135,5,'2',NULL),(28965,135,18,'1024×600',NULL),(28966,135,21,'Memory cards support up to 128GB',NULL),(28967,135,22,'Up to 7W',NULL),(28968,135,23,'AC 100-240V or DC 13.5V',NULL),(28969,135,24,'Up to 4 monitors in the intercom',NULL),(28970,135,25,'Surface mount',NULL),(28971,135,27,'• White <br> • Black',NULL),(28972,135,7,'7”, color IPS with touch screen',NULL),(28973,135,8,'197×127×20 mm',NULL),(28974,135,9,'• Support for call panels and high-resolution cameras of standards AHD, CVBS, TVI, CVI, with a resolution of up to 1080p (2 megapixel) <br> • MP3 ringing tones <br> • Software motion detection <br> • Call melody duration setting <br> • Photo frame <br> • Time display in standby mode  <br> • Turn off button’s backlight',NULL),(28975,135,10,'• \"Picture-in-picture\" function <br> • Three volume modes according to time <br> • Mode “Do not disturb”',NULL),(28976,135,11,'https://cdn.slinex.com/Manuals_en/Slinex_SQ-07MT_HD_User_Manual.pdf',NULL),(28978,137,8,'56×116×33 мм (2.20×4.57×1.30\")',NULL),(28979,137,11,'https://cdn.slinex.com/Manuals_en/Slinex_CH-01_User_Manual_eng.pdf',NULL),(28980,137,23,'2 AA batteries (not included)',NULL),(28981,137,25,'Surface mount',NULL),(28982,137,41,'• CH-01 wireless chime − 1 pc. <br> • Mounting kit − 1 pc. <br> • User manual − 1 pc.',NULL),(28983,137,82,'–10 ... +55 ˚C (+14...+131 ˚F)',NULL),(28984,137,91,'38 melodies',NULL),(28985,137,92,'3 levels (high, middle and low)',NULL),(28986,137,93,'433 MHz',NULL),(28987,138,8,'45×130×24 mm',NULL),(28988,138,11,'https://cdn.slinex.com/Manuals_en/Slinex_ML-20CR_User_Manual_eng.pdf',NULL),(28989,138,32,'1/4\" CMOS',NULL),(28990,138,35,'IR LED, up to 1.5 m',NULL),(28991,138,36,'0,01 Lux',NULL),(28992,138,37,'Metal alloy',NULL),(28993,138,38,'IP65',NULL),(28994,138,43,'+12V from power supply',NULL),(28995,138,44,'• Gold + black <br> • Gold + white <br> • Silver + black',NULL),(28996,138,74,'• Camera operation modes switcher (AHD-H, AHD-M, CVBS) <br> • Mechanical IR-cut filter <br> • Sensor type call button <br> • Video format switch button <br> • Access control – card reader EM-Marin',NULL),(28997,138,82,'-40 – +50 °С',NULL),(28998,138,83,'115° ',NULL),(28999,138,86,'• 1920×1080 (AHD-H) <br> • 1280×720 (AHD-M) <br> • 960 TVL (CVBS)',NULL),(29000,138,3,'https://cdn.slinex.com/360dm/15190',NULL),(29001,139,8,'45×130×24 mm',NULL),(29002,139,11,'https://cdn.slinex.com/Manuals_en/Slinex_ML-20CR_User_Manual_eng.pdf',NULL),(29003,139,32,'1/4\" CMOS',NULL),(29004,139,35,'IR LED, up to 1.5 m',NULL),(29005,139,36,'0,01 Lux',NULL),(29006,139,37,'Metal alloy',NULL),(29007,139,38,'IP65',NULL),(29008,139,43,'+12V from power supply',NULL),(29009,139,44,'• Gold + black <br> • Gold + white <br> • Silver + black',NULL),(29010,139,74,'• Camera operation modes switcher (AHD-H, AHD-M, CVBS) <br> • Mechanical IR-cut filter <br> • Sensor type call button <br> • Video format switch button <br> • Access control – card reader EM-Marin',NULL),(29011,139,82,'-40 – +50 °С',NULL),(29012,139,83,'115° ',NULL),(29013,139,86,'• 1920×1080 (AHD-H) <br> • 1280×720 (AHD-M) <br> • 960 TVL (CVBS)',NULL),(29014,139,3,'https://cdn.slinex.com/360dm/15190',NULL),(29015,140,8,'45×130×24 mm',NULL),(29016,140,11,'https://cdn.slinex.com/Manuals_en/Slinex_ML-20CR_User_Manual_eng.pdf',NULL),(29017,140,32,'1/4\" CMOS',NULL),(29018,140,35,'IR LED, up to 1.5 m',NULL),(29019,140,36,'0,01 Lux',NULL),(29020,140,37,'Metal alloy',NULL),(29021,140,38,'IP65',NULL),(29022,140,43,'+12V from power supply',NULL),(29023,140,44,'• Gold + black <br> • Gold + white <br> • Silver + black',NULL),(29024,140,74,'• Camera operation modes switcher (AHD-H, AHD-M, CVBS) <br> • Mechanical IR-cut filter <br> • Sensor type call button <br> • Video format switch button <br> • Access control – card reader EM-Marin',NULL),(29025,140,82,'-40 – +50 °С',NULL),(29026,140,83,'115° ',NULL),(29027,140,86,'• 1920×1080 (AHD-H) <br> • 1280×720 (AHD-M) <br> • 960 TVL (CVBS)',NULL),(29028,140,3,'https://cdn.slinex.com/360dm/15190',NULL),(29031,56,94,'• White <br> • Black',NULL),(29032,130,94,'• Black <br> • White',NULL),(29033,72,11,'https://cdn.slinex.com/Manuals_eng/Slinex_SL-10IP_User_Manual_eng.pdf',NULL),(29034,139,2,'https://www.youtube.com/watch?v=QI1nEwZHHJY',NULL),(29035,140,2,'https://www.youtube.com/watch?v=QI1nEwZHHJY',NULL),(29036,138,2,'https://www.youtube.com/watch?v=QI1nEwZHHJY',NULL),(29037,143,4,'2',NULL),(29038,143,5,'2',NULL),(29039,143,18,'1024×600',NULL),(29040,143,21,'Memory cards support up to 128GB',NULL),(29041,143,22,'Up to 7W',NULL),(29042,143,23,'• Built-in power supply – ~100-240V <br> • External power supply – +12-14V',NULL),(29043,143,24,'Up to 3 monitors in the intercom',NULL),(29044,143,25,'Surface mount',NULL),(29045,143,27,'• White + Silver <br> • White + White <br> • Black + Marsala <br> • Black + Black',NULL),(29046,143,7,'7”, IPS touch screen 16:9',NULL),(29047,143,8,'176×133×20 mm',NULL),(29048,143,9,'• Two speakers in front <br>  • Separate acoustic cameras for the speakers <br> • The option to independently change the color of the cover <br> • Ultra-thin bezels around the screen <br> • Works with AHD, TVI, CVI, and CVBS doorbells / cameras up to 2MP <br> • Ability to turn off the backlight button <br> • Turn the smart photo frame on or off <br> • Set MP3 melody as a ring tone',NULL),(29049,143,10,'• Picture-in-picture function <br> • Motion detection software <br>  • Turn the sound on or off when selecting menu items <br> • 3 sound modes for different periods of the day <br> • 3-color LED event indicator',NULL),(29050,143,95,'16 million',NULL),(29051,144,4,'2',NULL),(29052,144,5,'2',NULL),(29053,144,7,'7”, IPS touch screen 16:9',NULL),(29054,144,8,'176×133×20 mm',NULL),(29055,144,9,'• Two speakers in front <br>  • Separate acoustic cameras for the speakers <br> • The option to independently change the color of the cover <br> • Ultra-thin bezels around the screen <br> • Works with AHD, TVI, CVI, and CVBS doorbells / cameras up to 2MP <br> • Ability to turn off the backlight button <br> • Turn the smart photo frame on or off <br> • Set MP3 melody as a ring tone',NULL),(29056,144,10,'• Motion detection software <br>  • Turn the sound on or off when selecting menu items <br> • 3 sound modes for different periods of the day <br> • 3-color LED event indicator',NULL),(29057,144,18,'1024×600',NULL),(29058,144,21,'Memory cards support up to 128GB',NULL),(29059,144,22,'Up to 10W',NULL),(29060,144,23,'• Built-in power supply – ~100-240 V <br> • External power supply – +12-14V',NULL),(29061,144,24,'Up to 3 video intercoms in the video intercom. Only SL-10IPT and SL-07IP monitors can be the main monitors when connecting in an intercom.',NULL),(29062,144,25,'Wall mount',NULL),(29063,144,27,'• Black + Marsala <br> • Black + Rose Gold <br>  • Black + Black <br> • White + Silver <br> • White + Golden Sand',NULL),(29064,144,95,'16 million',NULL),(29065,143,11,'https://cdn.slinex.com/Manuals_en/Slinex_Sonik-7_User_Manual_eng.pdf',NULL),(29066,144,11,'https://cdn.slinex.com/Manuals_en/Slinex_Sonik-7_User_Manual_eng.pdf',NULL),(29067,120,96,'https://cdn.slinex.com/Manuals_en/Wiring_diagrams/Slinex_MA-0X_20_users_wiring_diagram_eng.pdf',NULL),(29068,121,96,'https://cdn.slinex.com/Manuals_en/Wiring_diagrams/Slinex_MA-0X_20_users_wiring_diagram_eng.pdf',NULL),(29069,122,96,'https://cdn.slinex.com/Manuals_en/Wiring_diagrams/Slinex_MA-0X_20_users_wiring_diagram_eng.pdf',NULL),(29070,145,8,'41×122×23 mm',NULL),(29071,145,32,' 1/2.9” CMOS',NULL),(29072,145,35,'Infrared, up to 1.5 m',NULL),(29073,145,36,'0,01 Lux',NULL),(29074,145,37,'Metal alloy',NULL),(29075,145,38,'IP65',NULL),(29076,145,44,'• Black',NULL),(29077,145,65,'• Rain cover <br> • Swivel bracket',NULL),(29078,145,70,'Individual outdoor panel',NULL),(29079,145,82,'-40 to +50 ˚С',NULL),(29080,145,83,'76˚',NULL),(29081,145,86,'• 1920×1080 (AHD-H) <br> • 1280×720 (AHD-M) <br> • 960 TVL (CVBS)',NULL),(29082,145,74,'• Mechanical IR cut filter <br> • Camera operation modes switcher (AHD-H, AHD-M, CVBS)',NULL),(29083,145,11,'https://cdn.slinex.com/Manuals_en/Slinex_ML-16HD_User_Manual_eng.pdf',NULL),(29085,143,2,'https://www.youtube.com/watch?v=cXbqpqobBNI',NULL),(29086,144,2,'https://www.youtube.com/watch?v=cXbqpqobBNI',NULL),(29087,147,8,'110×185×34 mm',NULL),(29088,147,32,'1/2.9\" CMOS',NULL),(29089,147,35,'IR LED, up to 1.5 m',NULL),(29090,147,36,'0,01Lux',NULL),(29091,147,37,'Metal alloy',NULL),(29092,147,38,'IP65',NULL),(29093,147,43,'DC 12V from a monitor',NULL),(29094,147,44,'Silver',NULL),(29095,147,82,'-40 – +65 °С',NULL),(29096,147,83,'115º ',NULL),(29097,147,86,'• 1920×1080 (AHD-H) <br> • 1280×720 (AHD-M) <br> • 960 TVL (CVBS)',NULL),(29098,147,70,'Outdoor panel for 1 subscriber',NULL),(29099,147,11,'https://cdn.slinex.com/Manuals_en/Slinex_MA-01_02_04_08_v2_User_Manual_eng.pdf',NULL),(29105,147,3,'https://cdn.slinex.com/360dm/16269',NULL),(29106,147,2,'https://www.youtube.com/watch?v=FSw3uTKPbCM&feature=youtu.be',NULL),(29108,146,32,'1/2.9” CMOS',NULL),(29109,146,35,'IR LED, up to 1.5 m',NULL),(29110,146,36,'0,01 Lux',NULL),(29111,146,37,'Metal alloy',NULL),(29112,146,38,'IP65',NULL),(29113,146,44,'• Black',NULL),(29114,146,74,'• Camera operation modes switcher (AHD-H, AHD-M, CVBS) <br> • Mechanical IR-cut filter <br> • Access control – MIFARE proximity cards or 4-digit code',NULL),(29115,146,83,'115°',NULL),(29116,146,86,'• 1920×1080 (AHD-H) <br> • 1280×720 (AHD-M) <br> • 960 TVL (CVBS)',NULL),(29117,132,2,'https://www.youtube.com/watch?v=ScRtUB6Yyxw',NULL),(29118,135,2,'https://www.youtube.com/watch?v=ScRtUB6Yyxw',NULL),(29119,132,3,'https://cdn.slinex.com/360dm/17209',NULL),(29120,135,3,'https://cdn.slinex.com/360dm/17209',NULL),(29123,145,2,'https://www.youtube.com/watch?v=PF9DoXpPqpE&feature=youtu.be',NULL),(29124,146,82,'-40 – +50 °С',NULL),(29125,146,8,'48×133×19 mm',NULL),(29128,133,2,'https://www.youtube.com/watch?v=5imdjM0IGRE',NULL),(29129,131,2,'https://www.youtube.com/watch?v=5imdjM0IGRE',NULL),(29130,146,11,'https://cdn.slinex.com/Manuals_en/Slinex_ML-30CRHD_User_Manual_eng.pdf',NULL),(29133,143,97,'http://cdn.slinex.com/Firmwares/Sonik%207/latest',NULL),(29134,144,97,'http://cdn.slinex.com/Firmwares/Sonik%207/latest',NULL),(29142,148,4,'2',NULL),(29143,148,5,'2',NULL),(29144,148,18,'1024×600',NULL),(29145,148,21,'Memory cards support up to 128GB',NULL),(29146,148,22,'Up to 8W',NULL),(29147,148,23,'• Built-in power supply – ~100-240V <br> • External power supply – +12-14V',NULL),(29148,148,24,'Up to 3 video intercoms in the video intercom',NULL),(29149,148,25,'Surface mount',NULL),(29150,148,27,'• White + Silver <br> • White + White <br> • Black + Marsala <br> • Black + Black',NULL),(29151,148,7,'10”, IPS touch screen 16:9',NULL),(29152,148,8,'248×177×21 mm',NULL),(29153,148,9,'• Two speakers in front <br>  • Separate acoustic cameras for the speakers <br> • The option to independently change the color of the cover <br> • Ultra-thin bezels around the screen <br> • Works with AHD, TVI, CVI, and CVBS doorbells / cameras up to 2MP <br> • Ability to turn off the backlight button <br> • Turn the smart photo frame on or off <br> • Set MP3 melody as a ring tone',NULL),(29154,148,10,'• Picture-in-picture function <br> • Separate relay on the monitor <br> • Address intercom <br>  • Voice mail  <br> • Voice guidance for opening the door <br> • Software motion detection <br> • Enable and disable sound for selecting menu items <br> • 3 sound modes for different times of day <br> • 3-color LED event indicator',NULL),(29155,148,95,'16 million',NULL),(29156,148,11,'https://cdn.slinex.com/Manuals_en/Slinex_Sonik-10_User_Manual_eng.pdf',NULL),(29157,148,2,'https://www.youtube.com/watch?v=cgAarkaaTww',NULL),(29158,148,97,'https://cdn.slinex.com/Firmwares/Sonik%2010/latest?lang=en',NULL),(29159,149,4,'2',NULL),(29160,149,5,'2',NULL),(29161,149,18,'1024×600',NULL),(29162,149,21,'Memory cards support up to 128GB',NULL),(29163,149,22,'Up to 8W',NULL),(29164,149,23,'• Built-in power supply – ~100-240V <br> • External power supply – +12-14V',NULL),(29165,149,24,'Up to 3 video intercoms in the video intercom',NULL),(29166,149,25,'Surface mount',NULL),(29167,149,27,'• White + Silver <br> • White + White <br> • Black + Marsala <br> • Black + Black',NULL),(29168,149,7,'10”, IPS touch screen 16:9',NULL),(29169,149,8,'248×177×21 mm',NULL),(29170,149,9,'• Two speakers in front <br>  • Separate acoustic cameras for the speakers <br> • The option to independently change the color of the cover <br> • Ultra-thin bezels around the screen <br> • Works with AHD, TVI, CVI, and CVBS doorbells / cameras up to 2MP <br> • Ability to turn off the backlight button <br> • Turn the smart photo frame on or off <br> • Set MP3 melody as a ring tone',NULL),(29171,149,10,'• Picture-in-picture function <br> • Separate relay on the monitor <br> • Address intercom <br>  • Voice mail  <br> • Voice guidance for opening the door <br> • Software motion detection <br> • Enable and disable sound for selecting menu items <br> • 3 sound modes for different times of day <br> • 3-color LED event indicator',NULL),(29172,149,95,'16 million',NULL),(29174,149,2,'https://www.youtube.com/watch?v=cgAarkaaTww',NULL),(29175,149,97,'https://cdn.slinex.com/Firmwares/Sonik%2010/latest?lang=en',NULL),(29176,150,4,'2',NULL),(29177,150,5,'2',NULL),(29178,150,7,'10” IPS touch screen 16:9',NULL),(29179,150,8,'304×190×24 mm',NULL),(29180,150,9,'• Receiving a call using application on smartphone <br>  • Built-in Wi-Fi <br>   • Ethernet network connection <br>  • Connection of IP and analog video cameras up to 2MP <br>  • Supports doorbells with a resolution up to 2 MP <br>  • DVR with quadrator <br>  • 4 channels software motion detection <br>  • Remote access to on-line video stream and stored archive <br>  • A separate ringtone for each connected panel',NULL),(29181,150,10,'16 polyphonic ringtones',NULL),(29182,150,18,'1024×600 pixels',NULL),(29183,150,21,'SD card, up to 256GB',NULL),(29184,150,22,'AC 100-240V or DC 13.5V',NULL),(29185,150,23,'AC 100-240V',NULL),(29186,150,24,'Up to 4 monitors in the intercom (SL-10IPTHD can only be the main one in the intercom)',NULL),(29187,150,25,'Surface mount',NULL),(29188,150,27,'• Silver + black <br> • Silver + white <br> • Gold + black',NULL),(29189,150,11,'https://cdn.slinex.com/Manuals_en/Slinex_SL-10IPTHD_User_Manual_eng.pdf',NULL),(29190,150,3,'https://cdn.slinex.com/360dm/16004',NULL),(29191,150,90,'https://cdn.slinex.com/Manuals_en/Slinex_CloudCall_User_Manual_eng.pdf',NULL),(29192,151,4,'2',NULL),(29193,151,5,'2',NULL),(29194,151,7,'10” IPS touch screen 16:9',NULL),(29195,151,8,'304×190×24 mm',NULL),(29196,151,9,'• Receiving a call using application on smartphone <br>  • Built-in Wi-Fi <br>   • Ethernet network connection <br>  • Connection of IP and analog video cameras up to 2MP <br>  • Supports doorbells with a resolution up to 2 MP <br>  • DVR with quadrator <br>  • 4 channels software motion detection <br>  • Remote access to on-line video stream and stored archive <br>  • A separate ringtone for each connected panel',NULL),(29197,151,10,'16 polyphonic ringtones',NULL),(29198,151,18,'1024×600 pixels',NULL),(29199,151,21,'SD card, up to 256GB',NULL),(29200,151,22,'AC 100-240V or DC 13.5V',NULL),(29201,151,23,'AC 100-240V',NULL),(29202,151,24,'Up to 4 monitors in the intercom (SL-10IPTHD can only be the main one in the intercom)',NULL),(29203,151,25,'Surface mount',NULL),(29204,151,27,'• Silver + black <br> • Silver + white <br> • Gold + black',NULL),(29205,151,11,'https://cdn.slinex.com/Manuals_en/Slinex_SL-10IPTHD_User_Manual_eng.pdf',NULL),(29206,151,3,'https://cdn.slinex.com/360dm/16004',NULL),(29207,151,90,'https://cdn.slinex.com/Manuals_en/Slinex_CloudCall_User_Manual_eng.pdf',NULL),(29208,152,4,'2',NULL),(29209,152,5,'2',NULL),(29210,152,7,'10” IPS touch screen 16:9',NULL),(29211,152,8,'304×190×24 mm',NULL),(29212,152,9,'• Receiving a call using application on smartphone <br>  • Built-in Wi-Fi <br>   • Ethernet network connection <br>  • Connection of IP and analog video cameras up to 2MP <br>  • Supports doorbells with a resolution up to 2 MP <br>  • DVR with quadrator <br>  • 4 channels software motion detection <br>  • Remote access to on-line video stream and stored archive <br>  • A separate ringtone for each connected panel',NULL),(29213,152,10,'16 polyphonic ringtones',NULL),(29214,152,18,'1024×600 pixels',NULL),(29215,152,21,'SD card, up to 256GB',NULL),(29216,152,22,'AC 100-240V or DC 13.5V',NULL),(29217,152,23,'AC 100-240V',NULL),(29218,152,24,'Up to 4 monitors in the intercom (SL-10IPTHD can only be the main one in the intercom)',NULL),(29219,152,25,'Surface mount',NULL),(29220,152,27,'• Silver + black <br> • Silver + white <br> • Gold + black',NULL),(29221,152,11,'https://cdn.slinex.com/Manuals_en/Slinex_SL-10IPTHD_User_Manual_eng.pdf',NULL),(29222,152,3,'https://cdn.slinex.com/360dm/16004',NULL),(29223,152,90,'https://cdn.slinex.com/Manuals_en/Slinex_CloudCall_User_Manual_eng.pdf',NULL),(29241,154,4,'2',NULL),(29242,154,5,'2',NULL),(29243,154,7,'7” color IPS screen 16:9',NULL),(29244,154,8,'230×165×22 mm',NULL),(29245,154,9,'• Receiving a call on application on smartphone; <br>  • Supports CVBS and AHD up to 2 MP; <br>  • Remote viewing of panels and stored archive; <br>  • Internet connection via Wi-Fi or Ethernet cable.',NULL),(29246,154,10,'• 16 polyphonic ringtones <br> • Software motion detection',NULL),(29248,154,18,'1024×600',NULL),(29249,154,21,'MicroSD card, up to 64GB',NULL),(29250,154,22,'Up to 8W',NULL),(29251,154,23,'DC100-240V or AC13.5V',NULL),(29252,154,24,'Up to 4 monitors in the intercom (SL-07IPHD can only be used as a main monitor in the system)',NULL),(29253,154,25,'Surface mount',NULL),(29254,154,27,'• Silver + white <br> • Silver + black',NULL),(29255,154,66,'https://cdn.slinex.com/Manuals_en/IP_models_web_interface_eng.pdf',NULL),(29256,154,3,'https://cdn.slinex.com/360dm/16001',NULL),(29257,154,90,'https://cdn.slinex.com/Manuals_en/Slinex_CloudCall_User_Manual_eng.pdf',NULL),(29259,154,20,'1080р',NULL),(29260,155,4,'2',NULL),(29261,155,5,'2',NULL),(29262,155,7,'7” color IPS screen 16:9',NULL),(29263,155,8,'230×165×22 mm',NULL),(29264,155,9,'• Receiving a call on application on smartphone; <br>  • Supports CVBS and AHD up to 2 MP; <br>  • Remote viewing of panels and stored archive; <br>  • Internet connection via Wi-Fi or Ethernet cable.',NULL),(29265,155,10,'• 16 polyphonic ringtones <br> • Software motion detection',NULL),(29267,155,18,'1024×600',NULL),(29268,155,21,'MicroSD card, up to 64GB',NULL),(29269,155,22,'Up to 8W',NULL),(29270,155,23,'DC100-240V or AC13.5V',NULL),(29271,155,24,'Up to 4 monitors in the intercom (SL-07IPHD can only be used as a main monitor in the system)',NULL),(29272,155,25,'Surface mount',NULL),(29273,155,27,'• Silver + white <br> • Silver + black',NULL),(29274,155,66,'https://cdn.slinex.com/Manuals_en/IP_models_web_interface_eng.pdf',NULL),(29275,155,3,'https://cdn.slinex.com/360dm/16001',NULL),(29276,155,90,'https://cdn.slinex.com/Manuals_en/Slinex_CloudCall_User_Manual_eng.pdf',NULL),(29278,155,20,'1080р',NULL),(29279,156,4,'2',NULL),(29280,156,5,'2',NULL),(29281,156,7,'7”, IPS screen 16:9',NULL),(29282,156,8,'193×123×18 mm',NULL),(29283,156,9,'• A separate ringtone for each connected panel; <br>  • Motion detection software; <br>  • Ability to turn off the backlight button; <br>  • Enable and disable sound for selecting menu items',NULL),(29284,156,10,'• 12 polyphonic ringtones <br> • Adjustable time of lock opening <br> • Adjustable call and conversation volume',NULL),(29286,156,18,'1024×600',NULL),(29287,156,21,'Support of microSD card up to 32GB',NULL),(29288,156,22,'Up to 8W',NULL),(29289,156,23,'DC100-240V or AC13.5V',NULL),(29290,156,24,'Up to 4 monitors in the intercom',NULL),(29291,156,25,'Surface mount',NULL),(29292,156,27,'• Graphite <br> • White ',NULL),(29293,156,3,'https://cdn.slinex.com/360dm/16002',NULL),(29294,157,4,'2',NULL),(29295,157,5,'2',NULL),(29296,157,7,'7”, IPS screen 16:9',NULL),(29297,157,8,'193×123×18 mm',NULL),(29298,157,9,'• A separate ringtone for each connected panel; <br>  • Motion detection software; <br>  • Ability to turn off the backlight button; <br>  • Enable and disable sound for selecting menu items',NULL),(29299,157,10,'• 12 polyphonic ringtones <br> • Adjustable time of lock opening <br> • Adjustable call and conversation volume',NULL),(29300,157,18,'1024×600',NULL),(29301,157,21,'Support of microSD card up to 32GB',NULL),(29302,157,22,'Up to 8W',NULL),(29303,157,23,'DC100-240V or AC13.5V',NULL),(29304,157,24,'Up to 4 monitors in the intercom',NULL),(29305,157,25,'Surface mount',NULL),(29306,157,27,'• Graphite <br> • White ',NULL),(29307,157,3,'https://cdn.slinex.com/360dm/16002',NULL),(29308,158,4,'2',NULL),(29309,158,5,'2',NULL),(29310,158,7,'10”, IPS screen 16:9',NULL),(29311,158,8,'305×190×23 mm',NULL),(29312,158,9,'• PAL / NTSC / AHD, TVI, CVI (720p, 1080p) support <br> • Software motion detection <br> • “Do not disturb” mode <br> • Three volume modes according to time <br> • Adjustable call and conversation volume <br> • Brightness, contrast, and saturation for each channel',NULL),(29313,158,10,'• MP3 melody as a ring tone <br> • 3 sound modes for different times of day <br> • Adjustable brightness, contrast, and saturation for each channel separately',NULL),(29315,158,18,'1024×600',NULL),(29317,158,21,'Memory cards support up to 128GB',NULL),(29318,158,22,'Up to 8W',NULL),(29319,158,23,'Built-in power supply, ~100–240 V',NULL),(29320,158,24,'Up to 4 monitors in the intercom',NULL),(29321,158,25,'Surface mount',NULL),(29322,158,27,'• Silver + white <br> • Silver + black',NULL),(29323,158,3,'https://cdn.slinex.com/360dm/16003',NULL),(29324,159,4,'2',NULL),(29325,159,5,'2',NULL),(29326,159,7,'10”, IPS screen 16:9',NULL),(29327,159,8,'305×190×23 mm',NULL),(29328,159,9,'• PAL / NTSC / AHD, TVI, CVI (720p, 1080p) support <br> • Software motion detection <br> • “Do not disturb” mode <br> • Three volume modes according to time <br> • Adjustable call and conversation volume <br> • Brightness, contrast, and saturation for each channel',NULL),(29329,159,10,'• MP3 melody as a ring tone <br> • 3 sound modes for different times of day <br> • Adjustable brightness, contrast, and saturation for each channel separately',NULL),(29330,159,11,'https://cdn.slinex.com/Manuals_en/Slinex_SL-10MHD_User_Manual_eng.pdf',NULL),(29331,159,18,'1024×600',NULL),(29333,159,21,'Memory cards support up to 128GB',NULL),(29334,159,22,'Up to 8W',NULL),(29335,159,23,'Built-in power supply, ~100–240V',NULL),(29336,159,24,'Up to 4 monitors in the intercom',NULL),(29337,159,25,'Surface mount',NULL),(29338,159,27,'• Silver + white <br> • Silver + black',NULL),(29339,159,3,'https://cdn.slinex.com/360dm/16003',NULL),(29340,160,4,'2',NULL),(29341,160,5,'2',NULL),(29342,160,7,'7”, IPS screen 16:9',NULL),(29343,160,8,'230×165×22 mm',NULL),(29344,160,9,'• PAL / NTSC / AHD, TVI, CVI (720p, 1080p) support <br> • Software motion detection <br> • “Do not disturb” mode <br> • Individual melody of call for each panel <br> • Adjustable time of opening the door for each panel',NULL),(29345,160,10,'• MP3 melody as a ring tone <br> • 3 sound modes for different times of day <br> • Adjustable brightness, contrast, and saturation for each channel separately',NULL),(29346,160,11,'https://cdn.slinex.com/Manuals_en/Slinex_SL-07MHD_User_Manual_eng.pdf',NULL),(29347,160,18,'1024×600',NULL),(29348,160,21,'Memory cards support up to 128GB',NULL),(29349,160,22,'Up to 7W',NULL),(29350,160,23,'DC100-240V or AC13.5V',NULL),(29351,160,24,'Up to 4 monitors in the intercom',NULL),(29352,160,25,'Surface mount',NULL),(29353,160,27,'• Silver + white <br> • Silver + black',NULL),(29355,161,4,'2',NULL),(29356,161,5,'2',NULL),(29357,161,7,'7”, IPS screen 16:9',NULL),(29358,161,8,'230×165×22 mm',NULL),(29359,161,9,'• PAL / NTSC / AHD, TVI, CVI (720p, 1080p) support <br> • Software motion detection <br> • “Do not disturb” mode <br> • Individual melody of call for each panel <br> • Adjustable time of opening the door for each panel',NULL),(29360,161,10,'• MP3 melody as a ring tone <br> • 3 sound modes for different times of day <br> • Adjustable brightness, contrast, and saturation for each channel separately',NULL),(29361,161,11,'https://cdn.slinex.com/Manuals_en/Slinex_SL-07MHD_User_Manual_eng.pdf',NULL),(29362,161,18,'1024×600',NULL),(29363,161,21,'Memory cards support up to 128GB',NULL),(29364,161,22,'Up to 7W',NULL),(29365,161,23,'DC100-240V or AC13.5V',NULL),(29366,161,24,'Up to 4 monitors in the intercom',NULL),(29367,161,25,'Surface mount',NULL),(29368,161,27,'• Silver + white <br> • Silver + black',NULL),(29370,162,8,'110×185×34 mm',NULL),(29371,162,32,'1/2.9\" CMOS',NULL),(29372,162,35,'IR LED, up to 1.5 m',NULL),(29373,162,36,'0,01 Lux',NULL),(29374,162,37,'Metal alloy',NULL),(29375,162,38,'IP65',NULL),(29376,162,43,'DC 12V',NULL),(29377,162,44,'Silver',NULL),(29378,162,82,'-40 – +65 °С',NULL),(29379,162,83,'115º ',NULL),(29380,162,86,'• 1920×1080 (AHD-H) <br> • 1280×720 (AHD-M) <br> • 960 TVL (CVBS)',NULL),(29381,162,70,'Outdoor panel for 3 subscribers',NULL),(29383,162,88,'EM-Marin, MIFARE',NULL),(29384,162,89,'248 user cards',NULL),(29387,162,3,'https://cdn.slinex.com/360dm/16269',NULL),(29388,162,2,'https://www.youtube.com/watch?v=FSw3uTKPbCM&feature=youtu.be',NULL),(29389,162,96,'https://cdn.slinex.com/Manuals_en/Wiring_diagrams/Slinex_MA-0X_20_users_wiring_diagram_eng.pdf',NULL),(29390,154,11,'https://cdn.slinex.com/Manuals_en/Slinex_SL-07IPHD_User_Manual_eng.pdf',NULL),(29391,155,11,'https://cdn.slinex.com/Manuals_en/Slinex_SL-07IPHD_User_Manual_eng.pdf',NULL),(29392,156,11,'https://cdn.slinex.com/Manuals_en/Slinex_SM-07MN_User_Manual_eng.pdf',NULL),(29393,157,11,'https://cdn.slinex.com/Manuals_en/Slinex_SM-07MN_User_Manual_eng.pdf',NULL),(29394,163,8,'110×185×34 mm',NULL),(29395,163,32,'1/2.9\" CMOS',NULL),(29396,163,35,'IR LED, up to 1.5 m',NULL),(29397,163,36,'0,01 Lux',NULL),(29398,163,37,'Metal alloy',NULL),(29399,163,38,'IP65',NULL),(29400,163,43,'DC 12V',NULL),(29401,163,44,'Silver',NULL),(29402,163,82,'-40 – +65 °С',NULL),(29403,163,83,'115º ',NULL),(29404,163,86,'• 1920×1080 (AHD-H) <br> • 1280×720 (AHD-M) <br> • 960 TVL (CVBS)',NULL),(29405,163,70,'Outdoor panel for 2 subscribers',NULL),(29406,163,11,'https://cdn.slinex.com/Manuals_en/Slinex_MA-01_02_03_04_08_v2_User_Manual.pdf',NULL),(29407,163,88,'EM-Marin, MIFARE',NULL),(29408,163,89,'248 user cards',NULL),(29411,163,3,'https://cdn.slinex.com/360dm/16269',NULL),(29412,163,2,'https://www.youtube.com/watch?v=FSw3uTKPbCM&feature=youtu.be',NULL),(29413,163,96,'https://cdn.slinex.com/Manuals_en/Wiring_diagrams/Slinex_MA-0X_20_users_wiring_diagram_eng.pdf',NULL),(29414,164,8,'110×185×34 mm',NULL),(29415,164,32,'1/2.9\" CMOS',NULL),(29416,164,35,'IR LED, up to 1.5 m',NULL),(29417,164,36,'0,01 Lux',NULL),(29418,164,37,'Metal alloy',NULL),(29419,164,38,'IP65',NULL),(29420,164,43,'DC 12V',NULL),(29421,164,44,'Silver',NULL),(29422,164,82,'-40 – +65 °С',NULL),(29423,164,83,'115º ',NULL),(29424,164,86,'• 1920×1080 (AHD-H) <br> • 1280×720 (AHD-M) <br> • 960 TVL (CVBS)',NULL),(29425,164,70,'Outdoor panel for 4 subscribers',NULL),(29426,164,11,'https://cdn.slinex.com/Manuals_en/Slinex_MA-01_02_03_04_08_v2_User_Manual.pdf',NULL),(29427,164,88,'EM-Marin, MIFARE',NULL),(29428,164,89,'248 user cards',NULL),(29431,164,3,'https://cdn.slinex.com/360dm/16269',NULL),(29432,164,2,'https://www.youtube.com/watch?v=FSw3uTKPbCM&feature=youtu.be',NULL),(29433,164,96,'https://cdn.slinex.com/Manuals_en/Wiring_diagrams/Slinex_MA-0X_20_users_wiring_diagram_eng.pdf',NULL),(29434,165,8,'110×185×34 mm',NULL),(29435,165,32,'1/2.9\" CMOS',NULL),(29436,165,35,'IR LED, up to 1.5 m',NULL),(29437,165,36,'0,01 Lux',NULL),(29438,165,37,'Metal alloy',NULL),(29439,165,38,'IP65',NULL),(29440,165,43,'DC 12V',NULL),(29441,165,44,'Silver',NULL),(29442,165,82,'-40 – +65 °С',NULL),(29443,165,83,'115º ',NULL),(29444,165,86,'• 1920×1080 (AHD-H) <br> • 1280×720 (AHD-M) <br> • 960 TVL (CVBS)',NULL),(29445,165,70,'Individual outdoor panel',NULL),(29446,165,88,'EM-Marin, MIFARE',NULL),(29447,165,89,'248 user cards',NULL),(29450,165,3,'https://cdn.slinex.com/360dm/16269',NULL),(29451,165,2,'https://www.youtube.com/watch?v=FSw3uTKPbCM&feature=youtu.be',NULL),(29452,165,96,'https://cdn.slinex.com/Manuals_en/Wiring_diagrams/Slinex_MA-0X_20_users_wiring_diagram_eng.pdf',NULL),(29453,166,4,'2',NULL),(29454,166,5,'2',NULL),(29455,166,7,'7”, TFT screen 16:9',NULL),(29456,166,8,'193×123×18 mm',NULL),(29457,166,9,'• Support for call panels and high-resolution cameras of standards AHD, CVBS, TVI, CVI, with a resolution of up to 1080p (2 megapixel) <br> • Motion detection software <br> • Ability to turn off the backlight button <br> • Enable and disable sound for selecting menu items',NULL),(29458,166,10,'• MP3 ringing tones <br> • Mode “Do not disturb” <br> • Three volume modes according to time',NULL),(29459,166,18,'1024×600',NULL),(29460,166,21,'Memory cards support up to 128GB',NULL),(29461,166,22,'Up to 8W',NULL),(29462,166,23,'AC 100-240V or DC 13.5V',NULL),(29463,166,24,'Up to 3 monitors in the intercom',NULL),(29464,166,25,'Surface mount',NULL),(29465,166,27,'• Graphite <br> • White ',NULL),(29466,166,3,'https://cdn.slinex.com/360dm/16002',NULL),(29467,166,11,'https://cdn.slinex.com/Manuals_en/Slinex_SM-07MHD_User_Manual_eng.pdf',NULL),(29468,167,4,'2',NULL),(29469,167,5,'2',NULL),(29470,167,7,'7”, TFT screen 16:9',NULL),(29471,167,8,'193×123×18 mm',NULL),(29472,167,9,'• Support for call panels and high-resolution cameras of standards AHD, CVBS, TVI, CVI, with a resolution of up to 1080p (2 megapixel) <br> • Motion detection software <br> • Ability to turn off the backlight button <br> • Enable and disable sound for selecting menu items',NULL),(29473,167,10,'• MP3 ringing tones <br> • Mode “Do not disturb” <br> • Three volume modes according to time',NULL),(29474,167,18,'1024×600',NULL),(29475,167,21,'Memory cards support up to 128GB',NULL),(29476,167,22,'Up to 8W',NULL),(29477,167,23,'AC 100-240V or DC 13.5V',NULL),(29478,167,24,'Up to 3 monitors in the intercom',NULL),(29479,167,25,'Surface mount',NULL),(29480,167,27,'• Graphite <br> • White ',NULL),(29481,167,3,'https://cdn.slinex.com/360dm/16002',NULL),(29482,167,11,'https://cdn.slinex.com/Manuals_en/Slinex_SM-07MHD_User_Manual_eng.pdf',NULL),(29483,168,4,'2',NULL),(29484,168,5,'2',NULL),(29485,168,18,'1024×600',NULL),(29486,168,21,'Memory cards support up to 128GB',NULL),(29487,168,22,'Up to 8W',NULL),(29488,168,23,'• Built-in power supply – ~100-240V <br> • External power supply – +12-14V',NULL),(29489,168,24,'Up to 3 video intercoms in the video intercom',NULL),(29490,168,25,'Surface mount',NULL),(29491,168,27,'• White + Silver <br> • White + White <br> • Black + Marsala <br> • Black + Black',NULL),(29492,168,7,'10”, IPS touch screen 16:9',NULL),(29493,168,8,'248×177×21 mm',NULL),(29494,168,9,'• Two speakers in front <br>  • Separate acoustic cameras for the speakers <br> • The option to independently change the color of the cover <br> • Ultra-thin bezels around the screen <br> • Works with AHD, TVI, CVI, and CVBS doorbells / cameras up to 2MP <br> • Ability to turn off the backlight button <br> • Turn the smart photo frame on or off <br> • Set MP3 melody as a ring tone',NULL),(29495,168,10,'• Picture-in-picture function <br> • Separate relay on the monitor <br> • Address intercom <br>  • Voice mail  <br> • Voice guidance for opening the door <br> • Software motion detection <br> • Enable and disable sound for selecting menu items <br> • 3 sound modes for different times of day <br> • 3-color LED event indicator',NULL),(29496,168,95,'16 million',NULL),(29497,168,2,'https://www.youtube.com/watch?v=cgAarkaaTww',NULL),(29498,168,97,'https://cdn.slinex.com/Firmwares/Sonik%2010/latest?lang=en',NULL),(29499,169,4,'2',NULL),(29500,169,5,'2',NULL),(29501,169,18,'1024×600',NULL),(29502,169,21,'Memory cards support up to 128GB',NULL),(29503,169,22,'Up to 8W',NULL),(29504,169,23,'• Built-in power supply – ~100-240V <br> • External power supply – +12-14V',NULL),(29505,169,24,'Up to 3 video intercoms in the video intercom',NULL),(29506,169,25,'Surface mount',NULL),(29507,169,27,'• White + Silver <br> • White + White <br> • Black + Marsala <br> • Black + Black',NULL),(29508,169,7,'10”, IPS touch screen 16:9',NULL),(29509,169,8,'248×177×21 mm',NULL),(29510,169,9,'• Two speakers in front <br>  • Separate acoustic cameras for the speakers <br> • The option to independently change the color of the cover <br> • Ultra-thin bezels around the screen <br> • Works with AHD, TVI, CVI, and CVBS doorbells / cameras up to 2MP <br> • Ability to turn off the backlight button <br> • Turn the smart photo frame on or off <br> • Set MP3 melody as a ring tone',NULL),(29511,169,10,'• Picture-in-picture function <br> • Separate relay on the monitor <br> • Address intercom <br>  • Voice mail  <br> • Voice guidance for opening the door <br> • Software motion detection <br> • Enable and disable sound for selecting menu items <br> • 3 sound modes for different times of day <br> • 3-color LED event indicator',NULL),(29512,169,95,'16 million',NULL),(29513,169,2,'https://www.youtube.com/watch?v=cgAarkaaTww',NULL),(29514,169,97,'https://cdn.slinex.com/Firmwares/Sonik%2010/latest?lang=en',NULL),(29515,170,4,'2',NULL),(29516,170,5,'2',NULL),(29517,170,18,'1024×600',NULL),(29518,170,21,'Memory cards support up to 128GB',NULL),(29519,170,22,'Up to 8W',NULL),(29520,170,23,'• Built-in power supply – ~100-240V <br> • External power supply – +12-14V',NULL),(29521,170,24,'Up to 3 video intercoms in the video intercom',NULL),(29522,170,25,'Surface mount',NULL),(29523,170,27,'• White + Silver <br> • White + White <br> • Black + Marsala <br> • Black + Black',NULL),(29524,170,7,'10”, IPS touch screen 16:9',NULL),(29525,170,8,'248×177×21 mm',NULL),(29526,170,9,'• Two speakers in front <br>  • Separate acoustic cameras for the speakers <br> • The option to independently change the color of the cover <br> • Ultra-thin bezels around the screen <br> • Works with AHD, TVI, CVI, and CVBS doorbells / cameras up to 2MP <br> • Ability to turn off the backlight button <br> • Turn the smart photo frame on or off <br> • Set MP3 melody as a ring tone',NULL),(29527,170,10,'• Picture-in-picture function <br> • Separate relay on the monitor <br> • Address intercom <br>  • Voice mail  <br> • Voice guidance for opening the door <br> • Software motion detection <br> • Enable and disable sound for selecting menu items <br> • 3 sound modes for different times of day <br> • 3-color LED event indicator',NULL),(29528,170,95,'16 million',NULL),(29529,170,11,'https://cdn.slinex.com/Manuals_en/Slinex_Sonik-10_User_Manual_eng.pdf',NULL),(29530,170,2,'https://www.youtube.com/watch?v=cgAarkaaTww',NULL),(29531,170,97,'https://cdn.slinex.com/Firmwares/Sonik%2010/latest?lang=en',NULL),(29532,171,4,'2',NULL),(29533,171,5,'2',NULL),(29534,171,18,'1024×600',NULL),(29535,171,21,'Memory cards support up to 128GB',NULL),(29536,171,22,'Up to 7W',NULL),(29537,171,23,'• Built-in power supply – ~100-240V <br> • External power supply – +12-14V',NULL),(29538,171,24,'Up to 3 monitors in the intercom',NULL),(29539,171,25,'Surface mount',NULL),(29540,171,27,'• White + Silver <br> • White + White <br> • Black + Marsala <br> • Black + Black',NULL),(29541,171,7,'7”, IPS touch screen 16:9',NULL),(29542,171,8,'176×133×20 mm',NULL),(29543,171,9,'• Two speakers in front <br>  • Separate acoustic cameras for the speakers <br> • The option to independently change the color of the cover <br> • Ultra-thin bezels around the screen <br> • Works with AHD, TVI, CVI, and CVBS doorbells / cameras up to 2MP <br> • Ability to turn off the backlight button <br> • Turn the smart photo frame on or off <br> • Set MP3 melody as a ring tone',NULL),(29544,171,10,'• Picture-in-picture function <br> • Motion detection software <br>  • Turn the sound on or off when selecting menu items <br> • 3 sound modes for different periods of the day <br> • 3-color LED event indicator',NULL),(29545,171,95,'16 million',NULL),(29546,171,11,'https://cdn.slinex.com/Manuals_en/Slinex_Sonik-7_User_Manual_eng.pdf',NULL),(29547,171,2,'https://www.youtube.com/watch?v=cXbqpqobBNI',NULL),(29548,171,97,'http://cdn.slinex.com/Firmwares/Sonik%207/latest',NULL),(29549,172,4,'2',NULL),(29550,172,5,'2',NULL),(29551,172,18,'1024×600',NULL),(29552,172,21,'Memory cards support up to 128GB',NULL),(29553,172,22,'Up to 10W',NULL),(29554,172,23,'• Built-in power supply – ~100-240 V <br> • External power supply – +12-14V',NULL),(29555,172,24,'Up to 3 video intercoms in the video intercom. Only SL-10IPT and SL-07IP monitors can be the main monitors when connecting in an intercom.',NULL),(29556,172,25,'Wall mount',NULL),(29557,172,27,'• White + Silver <br> • White + Golden Sand <br> • Black + Marsala <br> • Black + Rose Gold <br>  • Black + Black',NULL),(29558,172,7,'7”, IPS touch screen 16:9',NULL),(29559,172,8,'176×133×20 mm',NULL),(29560,172,9,'• Two speakers in front <br>  • Separate acoustic cameras for the speakers <br> • The option to independently change the color of the cover <br> • Ultra-thin bezels around the screen <br> • Works with AHD, TVI, CVI, and CVBS doorbells / cameras up to 2MP <br> • Ability to turn off the backlight button <br> • Turn the smart photo frame on or off <br> • Set MP3 melody as a ring tone',NULL),(29561,172,10,'• Motion detection software <br>  • Turn the sound on or off when selecting menu items <br> • 3 sound modes for different periods of the day <br> • 3-color LED event indicator',NULL),(29562,172,95,'16 million',NULL),(29563,172,11,'https://cdn.slinex.com/Manuals_en/Slinex_Sonik-7_User_Manual_eng.pdf',NULL),(29564,172,2,'https://www.youtube.com/watch?v=cXbqpqobBNI',NULL),(29565,172,97,'http://cdn.slinex.com/Firmwares/Sonik%207/latest',NULL),(29566,173,4,'2',NULL),(29567,173,5,'2',NULL),(29568,173,7,'7”, IPS touch screen 16:9',NULL),(29569,173,8,'176×133×20 mm',NULL),(29570,173,9,'• Two speakers in front <br>  • Separate acoustic cameras for the speakers <br> • The option to independently change the color of the cover <br> • Ultra-thin bezels around the screen <br> • Works with AHD, TVI, CVI, and CVBS doorbells / cameras up to 2MP <br> • Ability to turn off the backlight button <br> • Turn the smart photo frame on or off <br> • Set MP3 melody as a ring tone',NULL),(29571,173,10,'• Picture-in-picture function <br> • Motion detection software <br>  • Turn the sound on or off when selecting menu items <br> • 3 sound modes for different periods of the day <br> • 3-color LED event indicator',NULL),(29572,173,18,'1024×600',NULL),(29573,173,21,'Memory cards support up to 128GB',NULL),(29574,173,22,'Up to 7W',NULL),(29575,173,23,'• Built-in power supply – ~100-240V <br> • External power supply – +12-14V',NULL),(29576,173,24,'Up to 3 monitors in the intercom',NULL),(29577,173,25,'Surface mount',NULL),(29578,173,27,'• White + Silver <br> • White + White <br> • Black + Marsala <br> • Black + Black',NULL),(29579,173,95,'16 million',NULL),(29580,173,11,'https://cdn.slinex.com/Manuals_en/Slinex_Sonik-7_User_Manual_eng.pdf',NULL),(29581,173,2,'https://www.youtube.com/watch?v=cXbqpqobBNI',NULL),(29582,173,97,'http://cdn.slinex.com/Firmwares/Sonik%207/latest',NULL),(29584,174,8,'48×133×21 mm',NULL),(29586,174,32,'1/2.9” CMOS',NULL),(29587,174,35,'IR LED, up to 1.5 m',NULL),(29588,174,36,'0,01 Lux',NULL),(29589,174,37,'Metal alloy',NULL),(29590,174,38,'IP65',NULL),(29592,174,43,'12 V from the monitor',NULL),(29593,174,44,'Graphite',NULL),(29595,174,70,'Individual outdoor panel',NULL),(29596,174,74,'• Camera operation modes switcher (AHD-H, AHD-M, CVBS) <br>   • Mechanical and magnetic type of locks support <br>  • Increased relay power (Up to 6 A) <br>  • Mechanical IR cut filter <br>   • Backlight of the button <br>   • Output of signal on the DVR for recording on motion',NULL),(29597,174,82,'-40 – +50°С',NULL),(29598,174,83,'130º',NULL),(29599,174,86,'• 1920×1080 (AHD-H) <br> • 1280×720 (AHD-M) <br> • 960 TVL (CVBS)',NULL),(29601,175,8,'45×130×24 mm',NULL),(29603,175,32,'1/2,9” CMOS',NULL),(29604,175,35,'IR LED, up to 1.5 m',NULL),(29605,175,36,'0,01 Lux',NULL),(29606,175,37,'Metal alloy + acrylic glass',NULL),(29607,175,38,'IP65',NULL),(29608,175,43,'• 12V in working mode <br> • 5V in standby mode',NULL),(29609,175,44,'Black',NULL),(29610,175,74,'• Touchless call system <br> • Camera operation modes switcher (AHD-H, AHD-M, CVBS) <br>  • Wide-angle lens <br>  • Mechanical IR cut filter <br>  • Mechanical locks support, up to 1A <br>  • Separate video camera power wire to use it as a source of video for DVR or motion detection recording',NULL),(29611,175,82,'-40 – +50 °С',NULL),(29612,175,83,'115° ',NULL),(29613,175,86,'• 1920×1080 (AHD-H) <br> • 1280×720 (AHD-M) <br> • 960 TVL (CVBS)',NULL),(29614,176,4,'2',NULL),(29615,176,5,'2',NULL),(29616,176,18,'1024×600',NULL),(29617,176,21,'External memory – microSD card up to 256GB',NULL),(29618,176,22,'Up to 11W',NULL),(29619,176,23,'• Built-in power supply – ~100-240V <br> • External power supply – +12-14V',NULL),(29620,176,24,'Up to 3 monitors in the intercom',NULL),(29621,176,25,'Surface mount',NULL),(29622,176,27,'• White + Silver <br> • White + White <br> • Black + Marsala <br> • Black + Black',NULL),(29623,176,7,'7”, IPS touch screen 16:9',NULL),(29624,176,8,'176×133×20 mm',NULL),(29625,176,9,'• Call redirection to the Slinex Smart Call App <br> • Two speakers in front <br>  • Separate acoustic cameras for the speakers <br> • The option to independently change the color of the cover <br> • Ultra-thin bezels around the screen <br> • Works with AHD, TVI, CVI, and CVBS doorbells / cameras up to 2MP <br> • Ability to turn off the backlight button <br> • Turn the smart photo frame on or off <br> • Set MP3 melody as a ring tone',NULL),(29626,176,10,'• Motion detection software <br>  • Turn the sound on or off when selecting menu items <br> • 3 sound modes for different periods of the day <br> • 3-color LED event indicator',NULL),(29627,176,95,'16 million',NULL),(29629,176,2,'https://www.youtube.com/watch?v=cXbqpqobBNI',NULL),(29631,177,4,'2',NULL),(29632,177,5,'2',NULL),(29633,177,18,'1024×600',NULL),(29634,177,21,'External memory – microSD card up to 256GB',NULL),(29635,177,22,'Up to 11W',NULL),(29636,177,23,'• Built-in power supply – ~100-240V <br> • External power supply – +12-14V',NULL),(29637,177,24,'Up to 3 monitors in the intercom',NULL),(29638,177,25,'Surface mount',NULL),(29639,177,27,'• White + Silver <br> • White + White <br> • Black + Marsala <br> • Black + Black',NULL),(29640,177,7,'7”, IPS touch screen 16:9',NULL),(29641,177,8,'176×133×20 mm',NULL),(29642,177,9,'• Call redirection to the Slinex Smart Call App <br> • Two speakers in front <br>  • Separate acoustic cameras for the speakers <br> • The option to independently change the color of the cover <br> • Ultra-thin bezels around the screen <br> • Works with AHD, TVI, CVI, and CVBS doorbells / cameras up to 2MP <br> • Ability to turn off the backlight button <br> • Turn the smart photo frame on or off <br> • Set MP3 melody as a ring tone',NULL),(29643,177,10,'• Motion detection software <br>  • Turn the sound on or off when selecting menu items <br> • 3 sound modes for different periods of the day <br> • 3-color LED event indicator',NULL),(29644,177,95,'16 million',NULL),(29645,177,2,'https://www.youtube.com/watch?v=cXbqpqobBNI',NULL),(29647,174,11,'https://cdn.slinex.com/Manuals_en/Slinex_ML-17HD_User_Manual_eng.pdf',NULL),(29648,175,11,'https://cdn.slinex.com/Manuals_en/Slinex_ML-20TLHD_User_Manual_eng.pdf',NULL),(29649,176,11,'https://cdn.slinex.com/Manuals_en/Slinex_Sonik-7_Cloud_User_Manual_eng.pdf',NULL),(29650,177,11,'https://cdn.slinex.com/Manuals_en/Slinex_Sonik-7_Cloud_User_Manual_eng.pdf',NULL),(29651,178,8,'130×253×55 mm',NULL),(29652,178,32,'1/3\" CMOS',NULL),(29653,178,35,'IR LED, up to 1.5 m',NULL),(29654,178,36,'0,01 Lux',NULL),(29655,178,37,'Metal alloy',NULL),(29656,178,38,'IP65',NULL),(29657,178,43,'DC 12V',NULL),(29658,178,44,'Grey (aluminum)',NULL),(29659,178,82,'-40 – +50 °С',NULL),(29660,178,83,'140º ',NULL),(29661,178,86,'1920×1080 (AHD-H)',NULL),(29662,178,70,'Outdoor panel for 6 subscribers',NULL),(29663,178,88,'EM-Marin',NULL),(29664,178,89,'1000 ID cards ',NULL),(29670,179,8,'130×253×55 mm',NULL),(29671,179,32,'1/3\" CMOS',NULL),(29672,179,35,'IR LED, up to 1.5 m',NULL),(29673,179,36,'0,01 Lux',NULL),(29674,179,37,'Metal alloy',NULL),(29675,179,38,'IP65',NULL),(29676,179,43,'DC 12V',NULL),(29677,179,44,'Grey (aluminum)',NULL),(29678,179,82,'-40 – +50 °С',NULL),(29679,179,83,'140º ',NULL),(29680,179,86,'1920×1080 (AHD-H)',NULL),(29681,179,70,'Outdoor panel for 8 subscribers',NULL),(29682,179,88,'EM-Marin',NULL),(29683,179,89,'1000 ID cards ',NULL),(29686,178,11,'https://cdn.slinex.com/Manuals_en/Slinex_MB_Series_User_Manual_AHD_only.pdf',NULL),(29687,179,11,'https://cdn.slinex.com/Manuals_en/Slinex_MB_Series_User_Manual_AHD_only.pdf',NULL),(29688,180,8,'130×376×55 mm',NULL),(29689,180,32,'1/3\" CMOS',NULL),(29690,180,35,'IR LED, up to 1.5 m',NULL),(29691,180,36,'0,01 Lux',NULL),(29692,180,37,'Metal alloy',NULL),(29693,180,38,'IP65',NULL),(29694,180,43,'DC 12V',NULL),(29695,180,44,'Grey (aluminum)',NULL),(29696,180,82,'-40 – +50 °С',NULL),(29697,180,83,'140º ',NULL),(29698,180,86,'1920×1080 (AHD-H)',NULL),(29699,180,70,'Outdoor panel for 16 subscribers',NULL),(29700,180,88,'EM-Marin',NULL),(29701,180,89,'1000 ID cards ',NULL),(29704,180,11,'https://cdn.slinex.com/Manuals_en/Slinex_MB_Series_User_Manual_AHD_only.pdf',NULL),(29705,181,8,'260×253×55 mm',NULL),(29706,181,32,'1/3\" CMOS',NULL),(29707,181,35,'IR LED, up to 1.5 m',NULL),(29708,181,36,'0,01 Lux',NULL),(29709,181,37,'Metal alloy',NULL),(29710,181,38,'IP65',NULL),(29711,181,43,'DC 12V',NULL),(29712,181,44,'Grey (aluminum)',NULL),(29713,181,82,'-40 – +50 °С',NULL),(29714,181,83,'140º ',NULL),(29715,181,86,'1920×1080 (AHD-H)',NULL),(29716,181,70,'Outdoor panel for 24 subscribers',NULL),(29717,181,88,'EM-Marin',NULL),(29718,181,89,'1000 ID cards ',NULL),(29721,181,11,'https://cdn.slinex.com/Manuals_en/Slinex_MB_Series_User_Manual_AHD_only.pdf',NULL),(29722,182,8,'260×376×55 mm ',NULL),(29723,182,32,'1/3\" CMOS',NULL),(29724,182,35,'IR LED, up to 1.5 m',NULL),(29725,182,36,'0,01 Lux',NULL),(29726,182,37,'Metal alloy',NULL),(29727,182,38,'IP65',NULL),(29728,182,43,'DC 12V',NULL),(29729,182,44,'Grey (aluminum)',NULL),(29730,182,82,'-40 – +50 °С',NULL),(29731,182,83,'140º ',NULL),(29732,182,86,'1920×1080 (AHD-H)',NULL),(29733,182,70,'Outdoor panel for 32 subscribers',NULL),(29734,182,88,'EM-Marin',NULL),(29735,182,89,'1000 ID cards ',NULL),(29738,182,11,'https://cdn.slinex.com/Manuals_en/Slinex_MB_Series_User_Manual_AHD_only.pdf',NULL),(29739,183,4,'2',NULL),(29740,183,5,'2',NULL),(29741,183,18,'1024×600',NULL),(29742,183,21,'External memory – microSD card up to 256GB',NULL),(29743,183,22,'Up to 11W',NULL),(29744,183,23,'• Built-in power supply – ~100-240V <br> • External power supply – +12-14V',NULL),(29745,183,24,'Up to 3 monitors in the intercom',NULL),(29746,183,25,'Surface mount',NULL),(29747,183,27,'• White + Silver <br> • White + White <br> • Black + Marsala <br> • Black + Black',NULL),(29748,183,7,'7”, IPS touch screen 16:9',NULL),(29749,183,8,'176×133×20 mm',NULL),(29750,183,9,'• Call redirection to the Slinex Smart Call App <br> • Two speakers in front <br>  • Separate acoustic cameras for the speakers <br> • The option to independently change the color of the cover <br> • Ultra-thin bezels around the screen <br> • Works with AHD, TVI, CVI, and CVBS doorbells / cameras up to 2MP <br> • Ability to turn off the backlight button <br> • Turn the smart photo frame on or off <br> • Set MP3 melody as a ring tone',NULL),(29751,183,10,'• Motion detection software <br>  • Turn the sound on or off when selecting menu items <br> • 3 sound modes for different periods of the day <br> • 3-color LED event indicator',NULL),(29752,183,95,'16 million',NULL),(29753,183,2,'https://www.youtube.com/watch?v=cXbqpqobBNI',NULL),(29754,183,11,'https://cdn.slinex.com/Manuals_en/Slinex_Sonik-7_Cloud_User_Manual_eng.pdf',NULL),(29755,184,4,'2',NULL),(29756,184,5,'2',NULL),(29757,184,18,'1024×600',NULL),(29758,184,21,'External memory – microSD card up to 256GB',NULL),(29759,184,22,'Up to 11W',NULL),(29760,184,23,'• Built-in power supply – ~100-240V <br> • External power supply – +12-14V',NULL),(29761,184,24,'Up to 3 monitors in the intercom',NULL),(29762,184,25,'Surface mount',NULL),(29763,184,27,'• White + Silver <br> • White + White <br> • Black + Marsala <br> • Black + Black',NULL),(29764,184,7,'7”, IPS touch screen 16:9',NULL),(29765,184,8,'176×133×20 mm',NULL),(29766,184,9,'• Call redirection to the Slinex Smart Call App <br> • Two speakers in front <br>  • Separate acoustic cameras for the speakers <br> • The option to independently change the color of the cover <br> • Ultra-thin bezels around the screen <br> • Works with AHD, TVI, CVI, and CVBS doorbells / cameras up to 2MP <br> • Ability to turn off the backlight button <br> • Turn the smart photo frame on or off <br> • Set MP3 melody as a ring tone',NULL),(29767,184,10,'• Motion detection software <br>  • Turn the sound on or off when selecting menu items <br> • 3 sound modes for different periods of the day <br> • 3-color LED event indicator',NULL),(29768,184,95,'16 million',NULL),(29769,184,2,'https://www.youtube.com/watch?v=cXbqpqobBNI',NULL),(29770,184,11,'https://cdn.slinex.com/Manuals_en/Slinex_Sonik-7_Cloud_User_Manual_eng.pdf',NULL),(29771,147,74,'• Camera operation modes switcher (AHD-H, AHD-M, CVBS) <br>  • Mechanical IR cut filter <br> • Wide-angle lens <br> • Nameplates backlight',NULL),(29772,162,74,'• Combined EM-Marin / MIFARE reader <br> • Camera operation modes switcher (AHD-H, AHD-M, CVBS) <br> • Mechanical IR cut filter <br> • Wide-angle lens <br> • Nameplates backlight <br> • Support up to 2 MA-08 extensions (19 subscribers)',NULL),(29773,163,74,'• Combined EM-Marin / MIFARE reader <br> • Camera operation modes switcher (AHD-H, AHD-M, CVBS) <br> • Mechanical IR cut filter <br> • Wide-angle lens <br> • Nameplates backlight <br> • Support up to 2 MA-08 extensions (18 subscribers)',NULL),(29774,165,74,'• Combined EM-Marin / MIFARE reader <br> • Camera operation modes switcher (AHD-H, AHD-M, CVBS) <br> • Mechanical IR cut filter <br> • Wide-angle lens <br> • Nameplates backlight <br> • Support up to 2 MA-08 extensions (17 subscribers)',NULL),(29775,164,74,'• Combined EM-Marin / MIFARE reader <br> • Camera operation modes switcher (AHD-H, AHD-M, CVBS) <br> • Mechanical IR cut filter <br> • Wide-angle lens <br> • Nameplates backlight <br> • Support up to 2 MA-08 extensions (20 subscribers)',NULL),(29776,178,74,'• Mechanical or magnetic locks, up to 2 A current <br> • Mechanical IR cut filter <br> • Wide-angle lens <br> • Nameplate backlight',NULL),(29777,179,74,'• Mechanical or magnetic locks, up to 2 A current <br> • Mechanical IR cut filter <br> • Wide-angle lens <br> • Nameplate backlight',NULL),(29778,180,74,'• Mechanical or magnetic locks, up to 2 A current <br> • Mechanical IR cut filter <br> • Wide-angle lens <br> • Nameplate backlight',NULL),(29779,181,74,'• Mechanical or magnetic locks, up to 2 A current <br> • Mechanical IR cut filter <br> • Wide-angle lens <br> • Nameplate backlight',NULL),(29780,182,74,'• Mechanical or magnetic locks, up to 2 A current <br> • Mechanical IR cut filter <br> • Wide-angle lens <br> • Nameplate backlight',NULL),(29781,185,4,'2',NULL),(29782,185,5,'2',NULL),(29783,185,18,'1024×600',NULL),(29784,185,21,'Memory cards support up to 128GB',NULL),(29785,185,22,'Up to 7W',NULL),(29786,185,23,'• Built-in power supply – ~100-240V <br> • External power supply – +12-14V',NULL),(29787,185,24,'Up to 3 monitors in the intercom',NULL),(29788,185,25,'Surface mount',NULL),(29789,185,27,'• White + Silver <br> • White + White <br> • Black + Marsala <br> • Black + Black',NULL),(29790,185,7,'7”, IPS touch screen 16:9',NULL),(29791,185,8,'176×133×20 mm',NULL),(29792,185,9,'• Two speakers in front <br>  • Separate acoustic cameras for the speakers <br> • The option to independently change the color of the cover <br> • Ultra-thin bezels around the screen <br> • Works with AHD, TVI, CVI, and CVBS doorbells / cameras up to 2MP <br> • Ability to turn off the backlight button <br> • Turn the smart photo frame on or off <br> • Set MP3 melody as a ring tone',NULL),(29793,185,10,'• Picture-in-picture function <br> • Motion detection software <br>  • Turn the sound on or off when selecting menu items <br> • 3 sound modes for different periods of the day <br> • 3-color LED event indicator',NULL),(29794,185,95,'16 million',NULL),(29795,185,11,'https://cdn.slinex.com/Manuals_en/Slinex_Sonik-7_User_Manual_eng.pdf',NULL),(29796,185,2,'https://www.youtube.com/watch?v=cXbqpqobBNI',NULL),(29797,185,97,'http://cdn.slinex.com/Firmwares/Sonik%207/latest',NULL),(29798,149,11,'https://cdn.slinex.com/Manuals_en/Slinex_Sonik-10_User_Manual_eng.pdf',NULL),(29799,168,11,'https://cdn.slinex.com/Manuals_en/Slinex_Sonik-10_User_Manual_eng.pdf',NULL),(29800,169,11,'https://cdn.slinex.com/Manuals_en/Slinex_Sonik-10_User_Manual_eng.pdf',NULL),(29801,165,11,'https://cdn.slinex.com/Manuals_en/Slinex_MA-01_02_03_04_08_v2_User_Manual.pdf',NULL),(29802,162,11,'https://cdn.slinex.com/Manuals_en/Slinex_MA-01_02_03_04_08_v2_User_Manual.pdf',NULL),(29803,175,2,'https://www.youtube.com/watch?v=yRE2h48tI3A',NULL),(29804,186,4,'2',NULL),(29806,186,7,'7” color TFT screen 16:9',NULL),(29807,186,8,'193×123×18 mm',NULL),(29808,186,9,'Ultra-thin body',NULL),(29809,186,10,'• 16 polyphonic ringtones <br> • Adjustable time of lock opening <br> • Adjustable call and conversation volume',NULL),(29810,186,11,'https://cdn.slinex.com/Manuals_en/Slinex_SM-07_User_Manual_eng.pdf',NULL),(29811,186,18,'1024×600',NULL),(29813,186,22,'Up to 6W',NULL),(29814,186,23,'DC100-240V or AC13.5V',NULL),(29816,186,25,'Surface mount',NULL),(29817,186,27,'• Graphite <br> • White',NULL),(29818,186,3,'https://cdn.slinex.com/360dm/16002',NULL),(29834,188,4,'2',NULL),(29835,188,7,'7” color TFT screen 16:9',NULL),(29836,188,8,'193×123×18 mm',NULL),(29837,188,9,'Ultra-thin body',NULL),(29838,188,10,'• 16 polyphonic ringtones <br> • Adjustable time of lock opening <br> • Adjustable call and conversation volume',NULL),(29839,188,11,'https://cdn.slinex.com/Manuals_en/Slinex_SM-07_User_Manual_eng.pdf',NULL),(29840,188,18,'1024×600',NULL),(29841,188,22,'Up to 6W',NULL),(29842,188,23,'DC100-240V or AC13.5V',NULL),(29843,188,25,'Surface mount',NULL),(29844,188,27,'• Graphite <br> • White',NULL),(29845,188,3,'https://cdn.slinex.com/360dm/16002',NULL),(29846,189,4,'2',NULL),(29847,189,5,'2',NULL),(29848,189,7,'10” IPS touch screen 16:9',NULL),(29849,189,8,'304×190×24 mm',NULL),(29850,189,9,'• Call redirection to the Slinex Smart Call App <br>  • Built-in Wi-Fi <br>   • Ethernet network connection <br>  • Connection of IP and analog video cameras up to 2MP <br>  • Supports doorbells with a resolution up to 2MP <br>  • DVR with quadrator <br>  • 4 channels software motion detection <br>  • Remote access to on-line video stream and stored archive <br>  • A separate ringtone for each connected panel',NULL),(29851,189,10,'• MP3 melody as a ring tone <br> • 3 sound modes for different times of day',NULL),(29852,189,18,'1024×600 pixels',NULL),(29853,189,21,'SD card, up to 256GB',NULL),(29854,189,22,'Up to 21W',NULL),(29855,189,23,'Built-in power supply, ~100–240 V',NULL),(29856,189,24,'Up to 4 monitors in the intercom',NULL),(29857,189,25,'Surface mount',NULL),(29858,189,27,'• Silver + black <br> • Silver + white',NULL),(29860,189,3,'https://cdn.slinex.com/360dm/16004',NULL),(29862,190,4,'2',NULL),(29863,190,5,'2',NULL),(29864,190,7,'10” IPS touch screen 16:9',NULL),(29865,190,8,'304×190×24 mm',NULL),(29866,190,9,'• Call redirection to the Slinex Smart Call App <br>  • Built-in Wi-Fi <br>   • Ethernet network connection <br>  • Connection of IP and analog video cameras up to 2MP <br>  • Supports doorbells with a resolution up to 2MP <br>  • DVR with quadrator <br>  • 4 channels software motion detection <br>  • Remote access to on-line video stream and stored archive <br>  • A separate ringtone for each connected panel',NULL),(29867,190,10,'• MP3 melody as a ring tone <br> • 3 sound modes for different times of day',NULL),(29868,190,18,'1024×600 pixels',NULL),(29869,190,21,'SD card, up to 256GB',NULL),(29870,190,22,'Up to 21W',NULL),(29871,190,23,'Built-in power supply, ~100–240 V',NULL),(29872,190,24,'Up to 4 monitors in the intercom ',NULL),(29873,190,25,'Surface mount',NULL),(29874,190,27,'• Silver + black <br> • Silver + white',NULL),(29875,190,3,'https://cdn.slinex.com/360dm/16004',NULL),(29876,191,4,'2',NULL),(29877,191,5,'2',NULL),(29878,191,7,'7”, TFT screen 16:9',NULL),(29879,191,8,'193×123×18 mm',NULL),(29880,191,9,'• Call redirection to the Slinex Smart Call App <br> • Support for call panels and high-resolution cameras of standards AHD, CVBS, TVI, CVI, with a resolution of up to 1080p (2 megapixel) <br> • Motion detection software <br> • Ability to turn off the backlight button <br> • Enable and disable sound for selecting menu items',NULL),(29881,191,10,'• MP3 melody as a ring tone <br> • Mode “Do not disturb” <br> • Three volume modes according to time',NULL),(29882,191,18,'1024×600',NULL),(29883,191,21,'Support of microSD card up to 256GB',NULL),(29884,191,22,'Up to 8W',NULL),(29885,191,23,'Built-in power supply, ~100–240 V',NULL),(29886,191,24,'Up to 3 monitors in the intercom',NULL),(29887,191,25,'Surface mount',NULL),(29888,191,27,'• Graphite <br> • White ',NULL),(29889,191,3,'https://cdn.slinex.com/360dm/16002',NULL),(29890,191,11,'https://cdn.slinex.com/Manuals_en/Slinex_SM-07N_Cloud_User_Manual_eng.pdf',NULL),(29891,192,4,'2',NULL),(29892,192,5,'2',NULL),(29893,192,7,'7”, TFT screen 16:9',NULL),(29894,192,8,'193×123×18 mm',NULL),(29895,192,9,'• Call redirection to the Slinex Smart Call App <br> • Support for call panels and high-resolution cameras of standards AHD, CVBS, TVI, CVI, with a resolution of up to 1080p (2 megapixel) <br> • Motion detection software <br> • Ability to turn off the backlight button <br> • Enable and disable sound for selecting menu items',NULL),(29896,192,10,'• MP3 melody as a ring tone <br> • Mode “Do not disturb” <br> • Three volume modes according to time',NULL),(29897,192,18,'1024×600',NULL),(29898,192,21,'Support of microSD card up to 256GB',NULL),(29899,192,22,'Up to 8W',NULL),(29900,192,23,'Built-in power supply, ~100–240 V',NULL),(29901,192,24,'Up to 3 monitors in the intercom',NULL),(29902,192,25,'Surface mount',NULL),(29903,192,27,'• Graphite <br> • White ',NULL),(29904,192,3,'https://cdn.slinex.com/360dm/16002',NULL),(29905,192,11,'https://cdn.slinex.com/Manuals_en/Slinex_SM-07N_Cloud_User_Manual_eng.pdf',NULL),(29906,190,11,'https://cdn.slinex.com/Manuals_en/Slinex_SL-10N_Cloud_User_Manual.pdf',NULL),(29907,189,11,'https://cdn.slinex.com/Manuals_en/Slinex_SL-10N_Cloud_User_Manual.pdf',NULL),(29908,193,4,'2',NULL),(29909,193,5,'2',NULL),(29910,193,7,'7” color IPS screen 16:9',NULL),(29911,193,8,'230×165×22 mm',NULL),(29912,193,9,'• Call redirection to the Slinex Smart Call App <br> • Works with AHD, TVI, CVI, and CVBS doorbells / cameras up to 2MP <br> • Built-in Wi-Fi <br>  • Ethernet network connection <br>   • A separate ringtone for each connected outdoor panel',NULL),(29913,193,10,'• Software motion detection <br>   • MP3 melody as a ring tone <br>  • Mode “Do not disturb” <br>  • 3 sound modes for different times of day <br> • Turn the sound on or off when selecting menu items',NULL),(29914,193,18,'1024×600',NULL),(29915,193,21,'MicroSD card, up to 256GB',NULL),(29916,193,22,'Up to 8W',NULL),(29917,193,23,'Built-in power supply, ~100–240V',NULL),(29918,193,24,'Up to 3 monitors in the intercom',NULL),(29919,193,25,'Surface mount',NULL),(29920,193,27,'• Silver + black <br> • Silver + white',NULL),(29922,193,3,'https://cdn.slinex.com/360dm/16001',NULL),(29926,193,11,'https://cdn.slinex.com/Manuals_en/Slinex_SL-07N_Cloud_User_Manual_eng.pdf',NULL),(29927,194,4,'2',NULL),(29928,194,5,'2',NULL),(29929,194,7,'7” color IPS screen 16:9',NULL),(29930,194,8,'230×165×22 mm',NULL),(29931,194,9,'• Call redirection to the Slinex Smart Call App <br> • Works with AHD, TVI, CVI, and CVBS doorbells / cameras up to 2MP <br> • Built-in Wi-Fi <br>  • Ethernet network connection <br>   • A separate ringtone for each connected outdoor panel',NULL),(29932,194,10,'• Software motion detection <br>   • MP3 melody as a ring tone <br>  • Mode “Do not disturb” <br>  • 3 sound modes for different times of day <br> • Turn the sound on or off when selecting menu items',NULL),(29933,194,18,'1024×600',NULL),(29934,194,21,'MicroSD card, up to 256GB',NULL),(29935,194,22,'Up to 8W',NULL),(29936,194,23,'Built-in power supply, ~100–240V',NULL),(29937,194,24,'Up to 3 monitors in the intercom',NULL),(29938,194,25,'Surface mount',NULL),(29939,194,27,'• Silver + black <br> • Silver + white',NULL),(29940,194,3,'https://cdn.slinex.com/360dm/16001',NULL),(29941,194,11,'https://cdn.slinex.com/Manuals_en/Slinex_SL-07N_Cloud_User_Manual_eng.pdf',NULL),(29942,195,11,'https://cdn.slinex.com/Manuals_en/Slinex_XR-40IPHD_User_Manual.pdf',NULL),(29943,195,21,'MicroSD card slot, up to 128GB',NULL),(29944,195,22,'Up to 6W',NULL),(29945,195,23,'Built-in power supply, ~100 -240V',NULL),(29946,195,25,'Surface mount',NULL),(29947,195,42,'181×111×16 mm',NULL),(29948,195,60,'Wi-Fi',NULL),(29949,195,61,'2',NULL),(29950,195,62,'AHD, TVI, CVI (720p, 1080p), PAL/NTSC',NULL),(29951,195,63,'4-wire outdoor panels and intercoms',NULL),(29956,195,5,'2',NULL),(29957,195,64,'• XR-40IPHD converter <br> • Wall mounting bracket <br> • Connection wires set <br> • Installation kit <br> • User manual',NULL),(29958,178,2,'https://www.youtube.com/watch?v=hEE9EvhdgRQ&',NULL),(29959,179,2,'https://www.youtube.com/watch?v=hEE9EvhdgRQ&',NULL),(29960,180,2,'https://www.youtube.com/watch?v=hEE9EvhdgRQ&',NULL),(29961,181,2,'https://www.youtube.com/watch?v=hEE9EvhdgRQ&',NULL),(29962,182,2,'https://www.youtube.com/watch?v=hEE9EvhdgRQ&',NULL),(29963,146,2,'https://www.youtube.com/watch?v=5BFvjDfqnYc&',NULL),(29964,196,8,'130×376×55 mm',NULL),(29965,196,32,'1/3\" CMOS',NULL),(29966,196,35,'IR LED, up to 1.5 m',NULL),(29967,196,36,'0,01 Lux',NULL),(29968,196,37,'Metal alloy',NULL),(29969,196,38,'IP65',NULL),(29970,196,43,'DC 12V',NULL),(29971,196,44,'Grey (aluminum)',NULL),(29972,196,82,'-40 – +50 °С',NULL),(29973,196,83,'140º ',NULL),(29974,196,86,'1920×1080 (AHD-H)',NULL),(29975,196,70,'Outdoor panel for 12 subscribers',NULL),(29976,196,88,'EM-Marin',NULL),(29977,196,89,'1000 ID cards ',NULL),(29978,196,11,'https://cdn.slinex.com/Manuals_en/Slinex_MB_Series_User_Manual_AHD_only.pdf',NULL),(29979,196,74,'• Mechanical or magnetic locks, up to 2 A current <br> • Mechanical IR cut filter <br> • Wide-angle lens <br> • Nameplate backlight',NULL),(29980,196,2,'https://www.youtube.com/watch?v=hEE9EvhdgRQ&',NULL),(29981,174,2,'https://www.youtube.com/watch?v=NJFn_pl2QU0&',NULL),(29982,197,4,'2',NULL),(29983,197,5,'2',NULL),(29984,197,18,'1024×600',NULL),(29985,197,21,'Memory cards support up to 128GB',NULL),(29986,197,22,'Up to 8W',NULL),(29987,197,23,'• Built-in power supply – ~100-240V <br> • External power supply – +12-14V',NULL),(29988,197,24,'Up to 3 video intercoms in the video intercom',NULL),(29989,197,25,'Surface mount',NULL),(29990,197,27,'• White + Silver <br> • White + White <br> • Black + Marsala <br> • Black + Black',NULL),(29991,197,7,'10”, IPS touch screen 16:9',NULL),(29992,197,8,'248×177×21 mm',NULL),(29993,197,9,'• Two speakers in front <br>  • Separate acoustic cameras for the speakers <br> • The option to independently change the color of the cover <br> • Ultra-thin bezels around the screen <br> • Works with AHD, TVI, CVI, and CVBS doorbells / cameras up to 2MP <br> • Ability to turn off the backlight button <br> • Turn the smart photo frame on or off <br> • Set MP3 melody as a ring tone',NULL),(29994,197,10,'• Picture-in-picture function <br> • Separate relay on the monitor <br> • Address intercom <br>  • Voice mail  <br> • Voice guidance for opening the door <br> • Software motion detection <br> • Enable and disable sound for selecting menu items <br> • 3 sound modes for different times of day <br> • 3-color LED event indicator',NULL),(29995,197,95,'16 million',NULL),(29996,197,11,'https://cdn.slinex.com/Manuals_en/Slinex_Sonik-10_User_Manual_eng.pdf',NULL),(29997,197,2,'https://www.youtube.com/watch?v=cgAarkaaTww',NULL),(29998,197,97,'https://cdn.slinex.com/Firmwares/Sonik%2010/latest?lang=en',NULL),(29999,198,7,'• Video intercom: 4.3” color TFT screen 16:9',NULL),(30000,198,8,'• Video intercom: 119×175×21 mm <br> • Outdoor panel: 41×122×23 mm',NULL),(30001,198,18,'480×272',NULL),(30003,198,83,'• Outdoor panel: 65˚',NULL),(30004,198,86,'800 TVL',NULL),(30005,198,95,'• Video intercom: White <br> • Outdoor panel: Black',NULL),(30006,199,7,'• Video intercom: 4.3” color TFT screen 16:9',NULL),(30007,199,8,'• Video intercom: 119×175×21 mm <br> • Outdoor panel: 41×122×23 mm',NULL),(30008,199,18,'480×272',NULL),(30009,199,21,'MicroSD, up to 32GB',NULL),(30010,199,83,'• Outdoor panel: 76˚',NULL),(30011,199,86,'2 Mp (AHD) / 1 Mp (AHD) / 960 TVL (CVBS)',NULL),(30012,199,95,'• Video intercom: White <br> • Outdoor panel: Black',NULL),(30013,199,98,'https://cdn.slinex.com/Manuals_en/Slinex_SQ-04M_User_Manual_eng.pdf',NULL),(30014,199,99,'https://cdn.slinex.com/Manuals_en/Slinex_ML-16HD_v2_User_Manual_eng.pdf',NULL),(30015,198,98,'https://cdn.slinex.com/Manuals_en/Slinex_SQ-04_User_Manual_eng.pdf',NULL),(30016,198,99,'https://cdn.slinex.com/Manuals_en/Slinex_ML-16HR_User_Manual_eng.pdf',NULL),(30017,200,7,'• Video intercom: 4.3” color TFT screen 16:9',NULL),(30018,200,8,'• Video intercom: 119×175×21 mm <br> • Outdoor panel: 41×122×23 mm',NULL),(30019,200,18,'480×272',NULL),(30020,200,21,'MicroSD, up to 32GB',NULL),(30021,200,83,'• Outdoor panel: 65˚',NULL),(30022,200,86,'800 TVL',NULL),(30023,200,95,'• Video intercom: White <br> • Outdoor panel: Black',NULL),(30024,200,98,'https://cdn.slinex.com/Manuals_en/Slinex_SQ-04M_User_Manual_eng.pdf',NULL),(30025,200,99,'https://cdn.slinex.com/Manuals_en/Slinex_ML-16HR_User_Manual_eng.pdf',NULL),(30026,201,7,'• 7” color TFT screen 16:9',NULL),(30027,201,8,'• Video intercom: 193×123×18 mm <br> • Outdoor panel: 41×122×23 mm',NULL),(30028,201,18,'1024×600',NULL),(30030,201,83,'• Outdoor panel: 65˚',NULL),(30031,201,86,'800 TVL',NULL),(30032,201,95,'• Video intercom: White <br> • Outdoor panel: Black',NULL),(30033,201,98,'https://cdn.slinex.com/Manuals_en/Slinex_SM-07_User_Manual_eng.pdf',NULL),(30034,201,99,'https://cdn.slinex.com/Manuals_en/Slinex_ML-16HR_User_Manual_eng.pdf',NULL),(30035,202,7,'• Video intercom: 7”, TFT screen 16:9',NULL),(30036,202,8,'• Video intercom: 193×123×18 mm <br> • Outdoor panel: 41×122×23 mm',NULL),(30037,202,18,'1024×600',NULL),(30038,202,21,'MicroSD, up to 128GB',NULL),(30039,202,83,'• Outdoor panel: 76˚',NULL),(30040,202,86,'2 Mp (AHD) / 1 Mp (AHD) / 960 TVL (CVBS)',NULL),(30041,202,95,'• Video intercom: White <br> • Outdoor panel: Black',NULL),(30042,202,98,'https://cdn.slinex.com/Manuals_en/Slinex_SM-07MHD_User_Manual_eng.pdf',NULL),(30043,202,99,'https://cdn.slinex.com/Manuals_en/Slinex_ML-16HD_v2_User_Manual_eng.pdf',NULL),(30044,203,7,'• Video intercom: 7”, TFT screen 16:9',NULL),(30045,203,8,'• Video intercom: 193×123×18 mm <br> • Outdoor panel: 48×133×21 mm',NULL),(30046,203,18,'1024×600',NULL),(30047,203,21,'MicroSD, up to 128GB',NULL),(30048,203,83,'• Outdoor panel: 130˚',NULL),(30049,203,86,'2 Mp (AHD) / 1 Mp (AHD) / 960 TVL (CVBS)',NULL),(30050,203,95,'• Video intercom: White <br> • Outdoor panel: Black',NULL),(30051,203,98,'https://cdn.slinex.com/Manuals_en/Slinex_SM-07MHD_User_Manual_eng.pdf',NULL),(30052,203,99,'https://cdn.slinex.com/Manuals_en/Slinex_ML-17HD_User_Manual_eng.pdf',NULL),(30053,204,7,'• Video intercom: 7”, TFT screen 16:9',NULL),(30054,204,8,'• Video intercom: 193×123×18 mm <br> • Outdoor panel: 45×130×24 mm',NULL),(30055,204,18,'1024×600',NULL),(30056,204,21,'MicroSD, up to 128GB',NULL),(30057,204,83,'• Outdoor panel: 115˚',NULL),(30058,204,86,'2 Mp (AHD) / 1 Mp (AHD) / 960 TVL (CVBS)',NULL),(30059,204,95,'• Video intercom: White <br> • Outdoor panel: Silver + black',NULL),(30060,204,98,'https://cdn.slinex.com/Manuals_en/Slinex_SM-07MHD_User_Manual_eng.pdf',NULL),(30061,204,99,'https://cdn.slinex.com/Manuals_en/Slinex_ML-20HD_v2_User_Manual_eng.pdf',NULL),(30062,205,7,'• Video intercom: 7”, color IPS with touch screen',NULL),(30063,205,8,'• Video intercom: 197×127×20 mm <br> • Outdoor panel: 45×130×24 mm',NULL),(30064,205,18,'1024×600',NULL),(30065,205,21,'Memory cards support up to 128GB',NULL),(30066,205,83,'• Outdoor panel: 115˚',NULL),(30067,205,86,'2 Mp (AHD) / 1 Mp (AHD) / 960 TVL (CVBS)',NULL),(30068,205,95,'• Video intercom: White <br> • Outdoor panel: Silver + black',NULL),(30069,205,98,'https://cdn.slinex.com/Manuals_en/Slinex_SQ-07MT_HD_User_Manual.pdf',NULL),(30070,205,99,'https://cdn.slinex.com/Manuals_en/Slinex_ML-20HD_v2_User_Manual_eng.pdf',NULL),(30071,206,8,'48×133×21 mm',NULL),(30072,206,32,'1/4” CMOS',NULL),(30073,206,35,'IR LED, up to 1.5 m',NULL),(30074,206,36,'0,01 Lux',NULL),(30075,206,37,'Metal alloy',NULL),(30076,206,38,'IP65',NULL),(30077,206,43,'12V from the monitor',NULL),(30078,206,44,'Black',NULL),(30079,206,70,'Individual outdoor panel',NULL),(30080,206,74,'• Mechanical and magnetic type of locks support <br>  • Increased relay power (Up to 6 A) <br>  • Mechanical IR cut filter <br>   • Backlight of the button <br>   • Output of signal on the DVR for recording on motion',NULL),(30081,206,82,'-40 – +50°С',NULL),(30082,206,83,'110º',NULL),(30083,206,86,'800TVL (CVBS)',NULL),(30084,206,11,'https://cdn.slinex.com/Manuals_en/Slinex_ML-17HR_User_Manual_eng.pdf',NULL),(30085,206,2,'https://www.youtube.com/watch?v=NJFn_pl2QU0&',NULL),(30086,158,11,'https://cdn.slinex.com/Manuals_en/Slinex_SL-10MHD_User_Manual_eng.pdf',NULL),(30087,207,4,'2',NULL),(30088,207,5,'2',NULL),(30089,207,7,'4.3” color IPS screen 16:9',NULL),(30090,207,8,'119×175×21 mm',NULL),(30091,207,9,'• Call redirection to the Slinex Smart Call App <br> • Support for call panels and high-resolution cameras of standards AHD, CVBS, TVI, CVI, with a resolution of up to 1080p (2 megapixel) <br> • MP3 melody as a ring tone <br> • Call melody duration setting <br>  • Time display in standby mode',NULL),(30092,207,10,'• Motion detection software <br> • Mode “Do not disturb” <br> • Three volume modes according to time',NULL),(30093,207,11,'https://cdn.slinex.com/Manuals_en/Specifications/SQ-04N_Cloud_en.pdf',NULL),(30094,207,18,'480×272',NULL),(30095,207,21,'MicroSD, up to 256GB',NULL),(30096,207,22,'Up to 6W',NULL),(30097,207,23,'Built-in power supply, ~100–240V',NULL),(30098,207,24,'Up to 4 monitors in the intercom',NULL),(30099,207,25,'Surface mount',NULL),(30100,207,27,'• White <br> • Black',NULL),(30117,209,4,'2',NULL),(30118,209,5,'2',NULL),(30119,209,7,'4.3” color IPS screen 16:9',NULL),(30120,209,8,'119×175×21 mm',NULL),(30121,209,9,'• Call redirection to the Slinex Smart Call App <br> • Support for call panels and high-resolution cameras of standards AHD, CVBS, TVI, CVI, with a resolution of up to 1080p (2 megapixel) <br> • MP3 melody as a ring tone <br> • Call melody duration setting <br>  • Time display in standby mode',NULL),(30122,209,10,'• Motion detection software <br> • Mode “Do not disturb” <br> • Three volume modes according to time',NULL),(30123,209,11,'https://cdn.slinex.com/Manuals_en/Specifications/SQ-04N_Cloud_en.pdf',NULL),(30124,209,18,'480×272',NULL),(30125,209,21,'MicroSD, up to 256GB',NULL),(30126,209,22,'Up to 6W',NULL),(30127,209,23,'Built-in power supply, ~100–240V',NULL),(30128,209,24,'Up to 4 monitors in the intercom',NULL),(30129,209,25,'Surface mount',NULL),(30130,209,27,'• White <br> • Black',NULL),(30131,211,11,'https://cdn.slinex.com/Manuals_en/Specifications/IP_Direct/Imani_datasheet_en.pdf',NULL),(30132,211,18,'1024×600',NULL),(30133,211,95,'16 million',NULL),(30134,211,7,'7” IPS touch screen ',NULL),(30135,211,8,'226×151×23 mm',NULL),(30136,211,21,'External memory – microSD card up to 32GB',NULL),(30137,211,22,'Up to 5W',NULL),(30138,211,23,'• 12V from external power supply <br> • POE',NULL),(30139,211,25,'Wall mount',NULL),(30140,211,27,'• White <br> • Black',NULL),(30141,211,62,'Full HD 1080p (2 MP)',NULL),(30143,211,100,'8 security zones',NULL),(30144,211,101,'Acrylic',NULL),(30145,211,102,'Up to 6 monitors',NULL),(30147,211,104,'Up to 4 cameras',NULL),(30148,211,105,'Up to 4 panels',NULL),(30149,211,106,'Up to 4 panels',NULL),(30150,211,9,'• Compatible with the Slinex Smart Call App <br> • Motion detection <br> • Support of MP3 <br> • A dual network connection: Ethernet and Wi-Fi simultaneously <br> • Wi-Fi with direct connection via the menu <br> • Customers wallpapers <br> • Photo frame',NULL),(30151,211,10,'• 9 built-in call ringtones <br> • Audio Intercom <br> • Scene <br> • Standby / Do Not Disturb / Silent modes customizable by time <br> • Time or Photo-frame as screensaver in Standby mode <br> • ONVIF protocol support <br> • 20 preset languages <br> • Home defence sub-system <br> • Software update: OTA, automatically from Slinex Cloud platform <br> • Dual powering (PoE + DC12V)',NULL),(30152,212,11,'https://cdn.slinex.com/Manuals_en/Specifications/IP_Direct/Tabo_datasheet_en.pdf',NULL),(30153,212,8,'116×210×33 mm',NULL),(30154,212,22,'Up to 2,5W',NULL),(30155,212,25,'• Flush (default) <br> • Wall mount',NULL),(30156,212,32,'1/3\" CMOS',NULL),(30157,212,35,'IR LED, up to 1.5 m',NULL),(30158,212,38,'IP65',NULL),(30159,212,39,'Mechanical and magnetic type of locks support, up to 1A current',NULL),(30160,212,43,'Dual powering: <br> • 12V from external power supply <br> • POE',NULL),(30161,212,70,'Individual IP outdoor station',NULL),(30162,212,101,'Aluminum + acrylic glass',NULL),(30163,212,107,'Mechanical',NULL),(30164,212,27,'Silver + black',NULL),(30165,212,82,'-40 – +50°С',NULL),(30166,212,88,'Mifare IC ',NULL),(30167,212,83,'115º ',NULL),(30168,212,86,'• 1920×1080 (AHD-H) <br> • 1280×720 (AHD-M) <br> • 960 TVL (CVBS)',NULL),(30170,212,89,'1000 cards',NULL),(30171,213,11,'https://cdn.slinex.com/Manuals_en/Specifications/IP_Direct/Uma_datasheet_en.pdf',NULL),(30172,213,8,'52×130×23 mm',NULL),(30173,213,22,'Up to 7W',NULL),(30174,213,25,'Flush mount',NULL),(30175,213,32,'1/2.9\" CMOS',NULL),(30176,213,35,'IR LED, up to 1.5 m',NULL),(30177,213,38,'IP65',NULL),(30178,213,39,'Mechanical and magnetic type of locks support, up to 2A current',NULL),(30179,213,43,'Dual powering: <br> • 15V from external power supply <br> • POE',NULL),(30180,213,70,'Individual IP outdoor station',NULL),(30181,213,101,'Aluminum + acrylic glass',NULL),(30182,213,107,'Mechanical',NULL),(30183,213,27,' • Silver + black',NULL),(30184,213,82,'-40 – +50°С',NULL),(30186,213,83,'150º ',NULL),(30187,213,86,'• 1920×1080 (AHD-H) <br> • 1280×720 (AHD-M) <br> • 960 TVL (CVBS)',NULL),(30189,214,7,'4.3” color TFT',NULL),(30190,214,8,'140×365×50 mm',NULL),(30191,214,11,'https://cdn.slinex.com/Manuals_en/Specifications/IP_Direct/Shan_datasheet_en.pdf',NULL),(30192,214,18,'480×272',NULL),(30193,214,22,'Up to 5W',NULL),(30194,214,23,'Dual powering: <br> • 15V from external power supply <br> • POE',NULL),(30195,214,25,'Flush mount',NULL),(30196,214,27,'Silver + black',NULL),(30197,214,32,'1/3\" CMOS',NULL),(30198,214,35,'IR LED, up to 1.5 m',NULL),(30199,214,38,'IP65',NULL),(30200,214,39,'Mechanical and magnetic type of locks support, up to 1A current',NULL),(30201,214,70,'Multi-apartment IP outdoor station',NULL),(30202,214,72,'4.3” color TFT',NULL),(30203,214,82,'-40 – +50°С',NULL),(30204,214,83,'90º ',NULL),(30205,214,86,'• 1920×1080 (AHD-H) <br> • 1280×720 (AHD-M) <br> • 960 TVL (CVBS)',NULL),(30206,214,88,'Mifare IC ',NULL),(30207,214,101,'Aluminum + acrylic glass',NULL),(30208,214,108,'Mechanical, with backlight',NULL),(30209,214,109,'• MIFARE IC cards <br> • User codes',NULL),(30210,215,11,'https://cdn.slinex.com/Manuals_en/Specifications/IP_Direct/Kiara_datasheet_en.pdf',NULL),(30211,215,18,'1024×600',NULL),(30212,215,95,'16 million',NULL),(30213,215,7,'7” TFT touch screen ',NULL),(30214,215,8,'217×121×25 mm',NULL),(30215,215,21,'External memory – microSD card up to 128GB',NULL),(30216,215,22,'Up to 10W',NULL),(30217,215,23,'• 15V from external power supply <br> • POE',NULL),(30218,215,25,'Wall mount',NULL),(30219,215,27,'• White <br> • Black',NULL),(30220,215,62,'Full HD 1080p (2 MP)',NULL),(30221,215,100,'8 security zones',NULL),(30222,215,101,'Acrylic + plastic',NULL),(30223,215,102,'Up to 6 monitors',NULL),(30224,215,104,'Up to 4 cameras',NULL),(30225,215,105,'Up to 4 panels',NULL),(30226,215,106,'Up to 4 panels',NULL),(30227,215,9,'• Compatible with the Slinex Smart Call App <br> • Motion detection <br> • Support of MP3 <br> • A dual network connection: Ethernet and Wi-Fi simultaneously <br> • Wi-Fi with direct connection via the menu <br> • Customers wallpapers <br> • Photo frame',NULL),(30228,215,10,'• 9 built-in call ringtones <br> • Audio Intercom <br> • Scene <br> • Standby / Do Not Disturb / Silent modes customizable by time <br> • Time or Photo-frame as screensaver in Standby mode <br> • ONVIF protocol support <br> • 20 preset languages <br> • Home defence sub-system <br> • Software update: OTA, automatically from Slinex Cloud platform <br> • Dual powering (PoE + DC15V)',NULL),(30229,216,11,'https://cdn.slinex.com/Manuals_en/Specifications/IP_Direct/Kiara_datasheet_en.pdf',NULL),(30230,216,18,'1024×600',NULL),(30231,216,95,'16 million',NULL),(30232,216,7,'7” TFT touch screen ',NULL),(30233,216,8,'217×121×25 mm',NULL),(30234,216,21,'External memory – microSD card up to 128GB',NULL),(30235,216,22,'Up to 10W',NULL),(30236,216,23,'• 15V from external power supply <br> • POE',NULL),(30237,216,25,'Wall mount',NULL),(30238,216,27,'• White <br> • Black',NULL),(30239,216,62,'Full HD 1080p (2 MP)',NULL),(30240,216,100,'8 security zones',NULL),(30241,216,101,'Acrylic + plastic',NULL),(30242,216,102,'Up to 6 monitors',NULL),(30243,216,104,'Up to 4 cameras',NULL),(30244,216,105,'Up to 4 panels',NULL),(30245,216,106,'Up to 4 panels',NULL),(30246,216,9,'• Compatible with the Slinex Smart Call App <br> • Motion detection <br> • Support of MP3 <br> • A dual network connection: Ethernet and Wi-Fi simultaneously <br> • Wi-Fi with direct connection via the menu <br> • Customers wallpapers <br> • Photo frame',NULL),(30247,216,10,'• 9 built-in call ringtones <br> • Audio Intercom <br> • Scene <br> • Standby / Do Not Disturb / Silent modes customizable by time <br> • Time or Photo-frame as screensaver in Standby mode <br> • ONVIF protocol support <br> • 20 preset languages <br> • Home defence sub-system <br> • Software update: OTA, automatically from Slinex Cloud platform <br> • Dual powering (PoE + DC15V)',NULL);

--
